NOAA Reports


Report for 2021 01






                            MONTHLY CLIMATOLOGICAL SUMMARY for JAN. 2021

NAME: THE FARM   CITY: Calabash STATE: North Carolina
ELEV: 44 Feet LAT: 033:55:28.7554 LONG: -0078:34:10.7426

                            TEMPERATURE ( F), RAIN (in.), WIND SPEED (mph)

                                               HEAT     COOL           AVG
      MEAN                                     DEG      DEG            WIND                      DOM
DAY   TEMP    HIGH   TIME     LOW    TIME      DAYS     DAYS    RAIN   SPEED   HIGH    TIME      DIR
--------------------------------------------------------------------------------------------------------
01    61.6   068.5   22:44    55.6   11:17     03.3     00.0   01.50   003     023    22:37      E 
02    64.6   068.2   13:31    60.6   23:13     00.4     00.0   00.06   002     020    00:31      S 
03    61.2   070.3   14:04    47.9   23:34     03.7     00.0   00.18   002     016    04:33      SW
04    48.6   055.0   14:52    39.4   00:00     16.4     00.0   00.00   002     016    10:13     NNE
05    43.1   051.7   13:45    36.5   05:09     21.9     00.0   00.10   000     008    15:01     NNW
06    41.1   052.3   14:42    33.2   07:26     23.8     00.0   00.00   001     012    15:35     NNW
07    42.2   055.8   13:28    29.7   06:58     22.7     00.0   00.09   002     016    21:47      NE
08    44.1   050.9   12:53    39.0   23:54     20.8     00.0   00.55   005     030    04:59     ENE
09    40.9   051.4   14:52    32.5   23:56     24.1     00.0   00.00   002     015    14:20     NNE
10    38.2   052.7   14:33    28.6   07:33     26.8     00.0   00.00   001     015    11:03     ENE
11    40.2   050.3   12:58    29.2   04:27     24.7     00.0   00.16   002     012    20:50      E 
12    45.5   050.9   14:35    36.7   00:00     19.4     00.0   00.13   002     016    11:39     ENE
13    42.9   052.1   15:17    35.0   05:04     22.0     00.0   00.03   000     009    14:15     NNE
14    46.2   059.0   14:57    37.7   06:24     18.8     00.0   00.07   001     015    04:32     WNW
15    47.8   061.1   13:30    33.2   07:45     17.1     00.0   00.18   002     018    13:15     WSW
16    43.9   052.2   13:20    38.5   20:50     21.0     00.0   00.01   002     024    16:35     WNW
17    40.3   052.4   14:25    29.2   06:50     24.6     00.0   00.00   001     017    14:12      W 
18    44.4   057.3   12:24    32.8   00:00     20.6     00.0   00.00   002     023    12:48      W 
19    43.7   057.8   13:39    28.5   07:41     21.2     00.0   00.00   002     015    16:02      S 
20    50.3   063.0   13:42    34.8   00:00     14.6     00.0   00.00   002     017    12:51     WNW
21    47.3   054.2   21:03    34.5   00:36     17.6     00.0   00.01   001     015    13:09     WSW
22    48.3   058.4   13:06    35.2   00:00     16.6     00.0   00.00   000     009    15:43     WSW
23    41.0   055.3   14:44    28.6   23:34     24.0     00.0   00.00   002     020    14:32      N 
24    40.8   053.8   14:19    27.1   04:11     24.1     00.0   00.00   002     016    06:25      E 
--------------------------------------------------------------------------------------------------------
46.2 (46.2)   70.3  day 03     27.1  day 24   450.2    000.0   03.07   01.7     030   day 08     NNE
Min <=  86: 24
Max Rain: 1.50 ON 1-01-21
Days of Rain: 13 (> .008in) 8 (> .08in) 1 (> 0.8in)