NOAA Reports


Report for 2000 Apr
MONTHLY CLIMATOLOGICAL SUMMARY for APR. 2000

NAME: Sunset Beach   CITY: Sunset Beach (Mainland) STATE: North Carolina
ELEV: 52 LAT: 033:54:59 LONG: 0078:29:50

                            TEMPERATURE ( F), RAIN (in.), WIND SPEED (mph)

                                               HEAT     COOL           AVG
      MEAN                                     DEG      DEG            WIND                       DOM
DAY   TEMP    HIGH   TIME     LOW    TIME      DAYS     DAYS    RAIN   SPEED    HIGH    TIME      DIR
----------------------------------------------------------------------------------------------------------------------------------------------------------
01    59.1    63.5   18:00    55.7   06:30     05.8     00.0   00.01   01.9     18.4    20:00     SSE
02    53.8    60.7   01:00    47.1   23:30     11.2     00.0   00.08   06.7     31.1    17:00      NW
03    57.2    67.4   18:30    46.3   06:00     07.8     00.0   00.00   08.5     32.2    00:30      NW
04    63.2    76.9   19:00    44.9   08:30     01.7     00.0   00.00   02.7     17.3    13:40     WNW
05    65.7    84.0   18:00    43.4   07:10     00.0     00.8   00.00   05.2     17.3    15:30      SW
06    65.7    80.9   16:30    49.2   08:30     00.0     00.8   00.00   05.1     19.6    17:00      S 
07    64.4    68.5   17:30    59.8   02:30     00.5     00.0   00.09   02.9     18.4    15:30     SSE
08    62.8    68.8   13:30    59.0   07:00     02.2     00.0   00.28   01.9     18.4    23:00      NE
09    63.8    74.9   17:30    55.8   23:00     01.2     00.0   00.06   02.9     26.4    10:00      N 
10    59.7    78.8   18:00    40.7   07:30     05.2     00.0   00.00   00.6     10.3    14:00     SSE
11    66.4    83.3   16:00    47.0   08:00     00.0     01.5   00.00   01.4     10.3    17:30      S 
12    60.0    71.0   15:30    51.6   00:00     05.0     00.0   01.98   01.6     19.6    20:30     ESE
13    47.8    60.0   16:00    45.3   23:00     17.1     00.0   00.48   02.6     18.4    08:00      N 
14    52.6    65.7   19:00    43.5   08:30     12.3     00.0   00.11   02.3     20.7    14:00      N 
15    54.4    66.8   18:00    41.9   07:00     10.6     00.0   00.00   03.5     31.1    13:30      N 
16    53.4    68.9   18:30    37.3   08:00     11.5     00.0   00.00   03.1     27.6    10:30      N 
17    54.6    76.0   17:30    33.0   07:30     10.4     00.0   00.00   00.8     11.5    14:00      NE
18    62.1    82.9   19:00    40.0   07:30     02.8     00.0   00.00   01.1     11.5    15:00     ESE
19    70.9    85.4   18:00    48.7   08:00     00.0     06.0   00.00   01.2     11.5    14:00     SSW
20    70.6    84.7   17:00    55.2   08:30     00.0     05.7   00.00   01.5     19.6    14:30     WNW
21    71.3    85.8   18:00    51.0   08:00     00.0     06.3   00.00   01.0     16.1    17:00      S 
22    65.6    81.9   16:30    55.6   08:00     00.0     00.6   00.15   02.0     21.9    15:00     SSW
23    60.1    71.1   14:00    48.8   00:00     04.9     00.0   00.05   05.1     32.2    17:00      NW
24    46.1    51.9   18:30    40.0   08:00     18.8     00.0   00.00   04.5     27.6    15:30     NNW
25    52.9    68.1   18:00    37.7   08:00     12.0     00.0   00.00   01.7     18.4    15:00      W 
26    57.2    61.0   15:30    50.7   12:24     07.7     00.0   00.81   08.0     16.1    16:00     WSW
27    58.0    67.7   16:30    49.2   07:30     07.0     00.0   00.00   02.5     19.6    17:30     NNW
28    54.6    69.6   17:00    35.7   07:30     10.4     00.0   00.00   01.2     17.3    16:00     NNW
29    62.4    78.1   16:30    50.5   01:30     02.5     00.0   00.23   01.1     17.3    16:30     SSE
30    64.5    69.1   18:30    58.9   01:29     00.5     00.0   00.14   02.8     28.8    13:00      S 
----------------------------------------------------------------------------------------------------------------------------------------------------------
60.0 (59.9)   85.8  day 21     33.0  day 17   169.0    021.6   04.48   02.9     32.2   day 05     WNW
Min <=  86: 30
Max Rain: 0.98 ON 12-04-10
Days of Rain: 67 (> .008in) 62 (> .08in) 1 (> 0.8in)