NOAA Reports


Report for 2000 May
MONTHLY CLIMATOLOGICAL SUMMARY for MAY. 2000

NAME: Sunset Beach   CITY: Sunset Beach (Mainland) STATE: North Carolina
ELEV: 52 LAT: 033:54:59 LONG: 0078:29:50

                            TEMPERATURE ( F), RAIN (in.), WIND SPEED (mph)

                                               HEAT     COOL           AVG
      MEAN                                     DEG      DEG            WIND                       DOM
DAY   TEMP    HIGH   TIME     LOW    TIME      DAYS     DAYS    RAIN   SPEED    HIGH    TIME      DIR
----------------------------------------------------------------------------------------------------------------------------------------------------------
01    61.8    73.0   18:30    50.9   00:00     03.2     00.0   00.00   03.1     21.9    10:00      N 
02    59.1    73.0   18:00    45.0   05:00     05.8     00.0   01.01   01.3     18.4    18:30      N 
03    56.1    69.6   18:30    43.0   07:30     08.9     00.0   00.00   01.1     11.5    15:00      N 
04    59.4    71.2   18:00    45.6   02:00     05.6     00.0   00.00   02.0     18.4    13:30      N 
05    57.1    63.9   16:00    51.7   00:00     07.9     00.0   00.16   02.3     17.3    19:00     NNE
06    55.3    69.4   17:30    46.8   08:00     09.7     00.0   00.94   04.3     27.6    12:30      N 
07    61.5    79.8   19:00    40.2   07:30     03.4     00.0   00.00   01.3     18.4    15:30      N 
08    68.8    87.1   19:00    50.3   07:30     00.0     03.9   00.00   02.4     26.4    13:30      N 
09    69.4    85.8   18:30    47.5   07:30     00.0     04.4   00.00   01.0     16.1    10:30      E 
10    64.7    82.5   16:00    51.2   07:30     00.2     00.0   00.71   01.2     19.6    19:00      SE
11    70.2    85.5   16:30    57.4   07:30     00.0     05.3   00.00   00.7     10.3    03:30      E 
12    72.1    92.5   16:30    56.8   07:30     00.0     07.2   00.01   01.9     25.3    19:30     WSW
13    65.7    69.9   17:30    61.2   18:00     00.0     00.7   00.01   02.4     10.3    14:00      SW
14    72.3    82.9   18:30    61.3   04:00     00.0     07.4   00.00   02.2     13.8    15:00      S 
15    68.0    75.2   16:00    62.9   07:30     00.0     03.1   00.06   01.2     13.8    17:00      NW
16    66.7    80.6   16:30    54.6   07:30     00.0     01.7   00.00   01.5     16.1    10:00      N 
17    66.6    80.0   17:30    54.4   07:30     00.0     01.6   00.00   01.3     72.5    00:33     ESE
18    68.3    83.0   17:50    56.2   04:30     00.0     03.4   00.00   02.0     11.5    19:30      S 
19    71.2    83.7   17:00    58.5   07:00     00.0     06.3   00.00   02.2     16.1    17:30     SSW
20    66.0    71.8   18:40    60.5   00:00     00.0     01.1   00.62   02.3     17.3    22:30      W 
21    63.0    77.0   17:30    53.0   05:30     01.9     00.0   00.00   02.1     19.6    02:00      N 
22    65.9    80.3   19:00    47.5   07:30     00.0     00.9   00.00   01.4     12.7    13:30     WNW
23    71.4    84.7   17:00    59.4   05:50     00.0     06.5   00.02   03.3     20.7    16:00     WNW
24    64.4    75.1   13:30    53.2   07:30     00.6     00.0   01.22   04.3     33.4    18:30     NNW
25    63.2    71.9   16:30    48.2   07:30     01.8     00.0   00.00   04.3     20.7    10:30      NW
26    67.6    81.2   18:40    48.6   07:30     00.0     02.7   00.00   03.1     19.6    13:00      NW
27    69.5    86.4   18:10    53.5   07:30     00.0     04.6   00.00   02.9     13.8    16:20      W 
28    67.2    79.5   12:30    56.6   07:30     00.0     02.3   00.00   03.1     20.7    15:00      W 
29    67.6    82.5   15:00    41.0   00:33     00.0     02.6   00.00   01.3     12.7    00:33      NW
30    64.8    71.9   17:00    59.8   08:00     00.1     00.0   00.49   01.0     11.5    18:30      SE
31    68.0    79.1   17:30    58.4   07:00     00.0     03.0   00.00   01.3     11.5    17:00      SE
----------------------------------------------------------------------------------------------------------------------------------------------------------
65.6 (65.6)   92.5  day 12     40.2  day 07   049.1    068.6   05.25   02.1     72.5   day 09      NW
Max >=  86: 3
Min <=  86: 31
Max Rain: 0.71 ON 10-05-10
Days of Rain: 11 (> .008in) 5 (> .08in) 0 (> 0.8in)