NOAA Reports


Report for 2000 Jul
MONTHLY CLIMATOLOGICAL SUMMARY for JUL. 2000

NAME: Sunset Beach   CITY: Sunset Beach (Mainland) STATE: North Carolina
ELEV: 52 LAT: 033:54:59 LONG: 0078:29:50

                            TEMPERATURE ( F), RAIN (in.), WIND SPEED (mph)

                                               HEAT     COOL           AVG
      MEAN                                     DEG      DEG            WIND                       DOM
DAY   TEMP    HIGH   TIME     LOW    TIME      DAYS     DAYS    RAIN   SPEED    HIGH    TIME      DIR
----------------------------------------------------------------------------------------------------------------------------------------------------------
01    77.6    85.9   16:00    68.4   08:00     00.0     12.7   00.00   00.7     12.7    16:00      SW
02    79.2    88.8   15:00    64.0   07:00     00.0     14.3   00.00   00.9     12.7    15:00      SW
03    79.4    87.2   14:00    65.5   07:30     00.0     14.4   00.00   01.1     12.7    18:30      S 
04    81.6    88.2   14:00    77.3   07:30     00.0     16.6   00.00   02.2     16.1    21:00     SSW
05    81.3    88.5   15:00    77.3   07:00     00.0     16.4   00.00   01.7     12.7    19:00     SSW
06    81.0    87.9   14:30    72.1   00:00     00.0     16.1   00.61   02.0     16.1    19:00     SSW
07    77.2    84.9   13:00    69.8   01:30     00.0     12.2   00.06   00.7     11.5    16:30      S 
08    80.8    87.5   14:30    76.5   08:00     00.0     15.9   00.07   01.6     13.8    17:30     SSW
09    80.3    85.1   15:30    74.2   00:00     00.0     15.4   00.22   02.1     18.4    18:30     SSW
10    77.7    88.8   13:30    71.3   02:00     00.0     12.8   00.25   01.1     11.5    18:00     SSW
11    77.4    86.4   12:30    72.4   00:30     00.0     12.5   01.22   00.3     11.5    18:00      SW
12    78.9    89.2   15:30    70.6   00:00     00.0     14.0   00.00   01.2     11.5    18:30     ESE
13    76.9    87.2   14:00    65.4   07:00     00.0     12.0   00.00   00.9     11.5    15:30     SSE
14    79.4    87.6   14:30    70.4   07:30     00.0     14.4   00.00   00.7     11.5    16:00      S 
15    76.7    86.9   13:30    71.0   06:00     00.0     11.7   00.19   00.5     10.3    14:30      E 
16    79.2    90.1   18:00    70.0   07:30     00.0     14.3   00.00   01.1     13.8    13:00      E 
17    79.9    88.3   16:30    70.3   07:30     00.0     14.9   00.00   01.6     14.9    17:00      E 
18    78.5    85.2   13:00    72.8   07:00     00.0     13.5   00.27   01.7     14.9    16:00     ESE
19    75.2    80.3   18:30    72.2   06:30     00.0     10.3   00.66   01.2     12.7    16:00     ENE
20    82.5    94.0   17:30    73.8   07:30     00.0     17.6   00.00   01.3     14.9    18:30      W 
21    85.7    97.5   15:00    75.8   07:30     00.0     20.7   00.00   00.8     11.5    19:30      SW
22    83.7    92.9   13:00    72.4   07:30     00.0     18.8   00.00   00.6     11.5    16:30     SSW
23    81.8    87.4   14:30    79.0   12:00     00.0     16.9   00.02   01.7     19.6    18:00     SSW
24    77.2    85.8   17:00    69.2   07:30     00.0     12.3   01.02   00.5     11.5    00:30     SSW
25    77.9    88.0   15:30    68.0   07:30     00.0     13.0   00.00   00.0     04.6    14:30     NNW
26    78.7    88.3   13:00    69.2   05:00     00.0     13.8   00.00   00.4     11.5    14:00     SSW
27    80.1    85.7   16:30    74.1   06:30     00.0     15.2   00.23   01.9     26.4    00:33      S 
28    83.6    92.4   17:00    77.1   08:00     00.0     18.7   01.00   01.2     14.9    01:03     SSW
29    82.1    87.9   12:00    77.6   07:30     00.0     17.1   00.00   01.6     16.1    18:30     SSW
30    82.7    90.4   14:00    76.1   07:00     00.0     17.7   00.00   01.5     19.6    17:30      SW
31    83.0    92.3   12:30    73.0   21:30     00.0     18.0   00.37   01.7     19.6    20:30     SSW
----------------------------------------------------------------------------------------------------------------------------------------------------------
79.9 (80.2)   97.5  day 21     64.0  day 02   000.0    464.2   06.19   01.2     26.5   day 27      S 
Max >=  86: 24
Min <=  86: 31
Max Rain: 1.22 ON 11-07-10
Days of Rain: 68 (> .008in) 65 (> .08in) 3 (> 0.8in)