NOAA Reports


Report for 2000 Aug
MONTHLY CLIMATOLOGICAL SUMMARY for AUG. 2000

NAME: Sunset Beach   CITY: Sunset Beach (Mainland) STATE: North Carolina
ELEV: 52 LAT: 033:54:59 LONG: 0078:29:50

                            TEMPERATURE ( F), RAIN (in.), WIND SPEED (mph)

                                               HEAT     COOL           AVG
      MEAN                                     DEG      DEG            WIND                       DOM
DAY   TEMP    HIGH   TIME     LOW    TIME      DAYS     DAYS    RAIN   SPEED    HIGH    TIME      DIR
----------------------------------------------------------------------------------------------------------------------------------------------------------
01    76.7    87.8   17:00    61.3   14:30     00.0     11.7   00.00   01.6     13.8    14:00      N 
02    78.4    93.1   17:00    61.2   20:00     00.0     13.4   00.00   00.7     11.5    13:00     NNE
03    80.1    94.6   16:00    68.0   08:00     00.0     15.2   00.00   00.8     11.5    13:30      N 
04    81.1    96.3   17:30    61.2   18:30     00.0     16.1   00.00   00.9     10.3    14:30     NNW
05    80.7    93.9   17:00    61.2   22:00     00.0     15.7   00.00   00.9     11.5    18:30     SSE
06    77.8    88.7   15:00    69.3   07:30     00.0     12.9   00.00   01.8     25.3    16:30      SE
07    76.6    87.4   16:00    61.1   17:30     00.0     11.7   00.02   01.4     13.8    17:00     SSE
08    76.3    87.7   17:30    70.4   07:30     00.0     11.4   00.27   00.7     24.1    18:00     ESE
09    77.3    88.3   18:00    61.0   07:00     00.0     12.4   00.18   01.0     13.8    19:00     SSE
10    78.5    89.9   17:30    60.8   20:30     00.0     13.5   00.06   00.9     13.8    16:00     SSE
11    80.9    94.6   15:30    60.8   11:30     00.0     16.0   00.00   00.7     10.3    15:00      S 
12    80.5    92.8   15:00    60.7   06:30     00.0     15.6   00.00   00.8     08.1    15:00     SSW
13    80.4    92.8   15:30    60.7   21:00     00.0     15.5   00.04   01.2     16.1    20:30      S 
14    77.7    93.0   15:30    60.6   12:00     00.0     12.8   00.00   01.7     17.3    17:30      SW
15    82.4    98.3   16:30    60.7   12:30     00.0     17.5   00.00   00.9     10.3    16:30     SSE
16    82.1    96.9   15:30    60.7   22:30     00.0     17.1   00.00   03.8     26.4    23:30     WSW
17    80.9    89.6   15:30    71.8   07:30     00.0     15.9   00.00   01.0     12.7    00:41      NE
18    81.6    94.3   18:30    71.4   09:30     00.0     16.7   00.33   00.2     08.1    07:00     NNE
19    84.6    98.9   16:00    72.7   07:30     00.0     19.6   00.00   00.0     00.0    00:00      N 
20    84.1    97.1   14:30    73.2   08:00     00.0     19.2   00.00   00.0     01.1    20:30      N 
21    80.7    92.0   15:30    69.6   07:30     00.0     15.8   00.00   00.7     10.3    15:30     SSE
22    78.0    87.1   13:30    70.2   08:00     00.0     13.1   00.00   00.6     10.3    10:30      SE
23    77.4    85.6   15:00    71.5   00:00     00.0     12.4   02.11   00.2     08.1    15:30      E 
24    74.5    83.9   15:00    66.9   00:00     00.0     09.6   00.00   00.8     11.5    17:00      SE
25    72.1    83.7   18:00    60.7   08:00     00.0     07.2   00.00   00.8     11.5    16:00     SSE
26    77.2    89.6   17:30    64.0   07:30     00.0     12.2   00.00   00.3     05.8    17:30     SSE
27    78.1    89.0   15:30    68.6   05:30     00.0     13.2   00.00   00.3     06.9    17:00      SE
28    77.9    89.4   15:30    68.1   08:00     00.0     12.9   00.00   00.6     11.5    13:30      SE
29    79.4    89.5   17:00    73.0   06:30     00.0     14.5   00.28   02.5     20.7    14:00      S 
30    70.9    70.9   00:25    70.9   00:25     00.0     06.0   00.00   00.0     00.0    00:25     NNW
----------------------------------------------------------------------------------------------------------------------------------------------------------
78.9 (78.2)   98.9  day 19     60.6  day 14   000.0    432.5   03.27   01.0     26.5   day 07     SSE
Max >=  86: 27
Min <=  86: 31
Max Rain: 2.11 ON 23-08-10
Days of Rain: 8 (> .008in) 5 (> .08in) 1 (> 0.8in)