NOAA Reports


Report for 2000 Oct
 MONTHLY CLIMATOLOGICAL SUMMARY for OCT. 2000

NAME: Sunset Beach   CITY: Sunset Beach (Mainland) STATE: North Carolina
ELEV: 52 LAT: 033:54:59 LONG: 0078:29:50

                            TEMPERATURE ( F), RAIN (in.), WIND SPEED (mph)

                                               HEAT     COOL           AVG
      MEAN                                     DEG      DEG            WIND                       DOM
DAY   TEMP    HIGH   TIME     LOW    TIME      DAYS     DAYS    RAIN   SPEED    HIGH    TIME      DIR
----------------------------------------------------------------------------------------------------------------------------------------------------------
01    63.0    76.0   03:30    53.2   00:00     02.0     00.0   00.00   00.0     00.0    00:00     ESE
02    63.2    79.0   16:00    48.6   08:00     01.7     00.0   00.66   00.0     00.0    00:00     ESE
03    68.0    86.9   14:30    52.8   08:30     00.0     03.0   00.52   00.0     00.0    00:00     ESE
04    69.0    84.4   16:30    54.9   08:30     00.0     04.0   00.00   00.0     00.0    00:00     ESE
05    68.0    84.4   14:30    53.4   08:30     00.0     03.0   00.00   00.0     00.0    00:00     ESE
06    69.1    83.9   14:00    57.3   08:30     00.0     04.2   00.00   00.0     00.0    00:00     ESE
07    62.6    69.8   14:30    55.3   09:00     02.3     00.0   00.00   00.0     00.0    00:00     ESE
08    47.6    54.5   00:30    39.9   22:00     17.3     00.0   00.00   00.0     00.0    00:00     ESE
09    44.4    76.0   10:30    31.6   07:00     20.5     00.0   00.38   00.0     00.0    00:00     ESE
10    47.3    66.7   16:00    30.6   06:30     17.6     00.0   00.29   00.0     00.0    00:00     ESE
11    50.7    72.3   15:30    31.5   08:00     14.3     00.0   00.00   00.0     00.0    00:00     ESE
12    53.7    76.0   06:00    34.5   08:30     11.3     00.0   00.00   00.0     00.0    00:00     ESE
13    67.5    82.0   03:00    44.5   00:30     00.0     02.6   00.00   00.0     00.0    00:00     ESE
14    62.1    84.2   15:00    44.2   08:30     02.8     00.0   00.00   00.0     00.0    00:00     ESE
15    65.9    81.2   15:00    49.6   08:00     00.0     00.9   00.00   00.0     00.0    00:00     ESE
16    66.3    80.3   16:00    54.0   06:30     00.0     01.3   00.00   00.0     03.5    22:30     ESE
17    60.1    75.2   16:30    46.2   07:00     04.8     00.0   00.00   00.4     10.3    13:00      E 
18    57.4    74.4   16:30    44.5   08:00     07.5     00.0   00.00   00.2     10.3    14:00      NE
19    61.5    78.9   15:30    46.6   08:00     03.5     00.0   00.21   00.3     06.9    12:30     WNW
20    67.0    81.3   15:00    51.3   08:30     00.0     02.1   00.09   00.6     09.2    11:30     ENE
21    60.2    73.1   16:30    49.8   08:00     04.7     00.0   00.00   00.6     09.2    12:30     ENE
22    58.3    75.0   16:30    43.2   08:00     06.7     00.0   00.00   00.0     05.8    11:00     ESE
23    63.1    73.3   17:30    55.7   00:00     01.8     00.0   00.00   00.3     06.9    12:00      SE
24    62.8    76.0   15:30    48.7   09:00     02.1     00.0   00.00   00.7     10.3    13:30      E 
25    61.3    80.7   16:30    44.9   08:00     03.6     00.0   00.00   00.6     11.5    16:30      E 
26    66.0    81.5   14:00    51.7   07:30     00.0     01.1   00.55   00.6     10.3    13:30      E 
27    57.7    72.3   17:00    43.1   09:00     07.2     00.0   00.00   00.5     05.8    14:00      N 
28    50.9    73.5   15:30    33.0   08:30     14.1     00.0   00.00   00.0     04.6    13:30     WNW
29    51.4    76.4   14:30    31.7   08:00     13.5     00.0   00.00   00.5     19.6    00:33     WNW
----------------------------------------------------------------------------------------------------------------------------------------------------------
60.2 (61.3)   86.9  day 03     30.6  day 10   159.4    022.3   02.60   00.2     19.6   day 29     ESE
Max >=  86: 1
Min <=  86: 29
Max Rain: 0.00 ON 19-10-10
Days of Rain: 0 (> .008in) 0 (> .08in) 0 (> 0.8in)