NOAA Reports


Report for 2000 Dec

Daily noaa report



                            MONTHLY CLIMATOLOGICAL SUMMARY for DEC. 2000

NAME: Sunset Beach   CITY: Sunset Beach (Mainland) STATE: North Carolina
ELEV: 52 LAT: 033:54:59 LONG: 0078:29:50

                            TEMPERATURE ( F), RAIN (in.), WIND SPEED (mph)

                                               HEAT     COOL           AVG
      MEAN                                     DEG      DEG            WIND                       DOM
DAY   TEMP    HIGH   TIME     LOW    TIME      DAYS     DAYS    RAIN   SPEED    HIGH    TIME      DIR
----------------------------------------------------------------------------------------------------------------------------------------------------------
01    37.4   053.5   15:30    24.3   08:30     27.6     00.0   00.00   00.2     08.1    14:00      SW
02    38.5   076.9   21:30    34.2   04:00     26.4     00.0   00.05   01.0     12.7    23:00     ENE
03    33.8   041.1   15:30    26.8   22:00     31.2     00.0   00.00   01.8     16.1    07:00      E 
04    31.6   050.5   14:30    15.6   08:30     33.3     00.0   00.00   00.4     08.1    11:00     ENE
05    38.2   055.7   16:00    17.8   08:00     26.7     00.0   00.00   00.5     09.2    14:00     ESE
06    32.3   076.9   02:30    19.4   08:00     32.6     00.0   00.00   00.3     04.6    15:30      SW
07    39.4   056.2   14:30    24.8   08:00     25.5     00.0   00.00   00.5     09.2    15:00      W 
08    43.9   062.6   13:30    30.0   08:30     21.1     00.0   00.00   00.3     06.9    13:30     WNW
09    40.8   054.1   16:00    28.6   08:30     24.2     00.0   00.00   00.9     10.3    13:30      E 
10    40.2   076.9   03:00    37.8   09:30     24.8     00.0   00.00   00.9     06.9    11:00     ESE
11    44.0   049.2   19:30    38.9   07:00     20.9     00.0   00.00   00.9     10.3    23:00      SW
12    48.2   056.2   11:00    31.5   00:00     16.8     00.0   00.00   02.5     12.7    06:00      E 
13    33.2   039.5   15:30    26.5   06:30     31.7     00.0   00.12   01.4     12.7    16:00      E 
14    38.5   045.4   16:30    32.1   03:30     26.5     00.0   00.10   00.1     06.9    08:00     SSW
15    40.2   076.9   15:00    35.9   08:30     24.8     00.0   00.00   00.8     10.3    16:00     ENE
16    38.0   045.1   00:00    35.4   08:30     27.0     00.0   00.31   00.5     08.1    02:30     ENE
17    44.7   064.5   02:00    27.0   00:00     20.2     00.0   00.57   02.5     20.7    01:29      W 
18    32.0   047.3   16:00    19.1   08:30     32.9     00.0   00.00   00.5     09.2    14:00     WNW
19    34.0   076.9   16:30    26.4   00:00     31.0     00.0   00.09   00.9     09.2    20:30     WNW
20    26.8   070.9   00:31    18.9   08:30     38.1     00.0   00.00   00.6     09.2    14:30      E 
21    30.4   037.9   15:00    16.0   01:00     34.6     00.0   00.02   00.6     09.2    15:30      W 
22    32.7   076.8   17:00    23.7   00:00     32.2     00.0   00.01   00.8     10.3    14:00     SSE
23    27.0   038.8   15:30    14.0   09:00     38.0     00.0   00.00   00.6     09.2    13:00      E 
24    34.6   050.2   16:00    18.2   00:30     30.4     00.0   00.00   00.5     06.9    14:00      NW
25    29.3   076.8   23:00    18.1   00:00     35.7     00.0   00.00   01.4     09.2    13:30      E 
26    29.4   036.9   15:00    14.5   08:30     35.5     00.0   00.00   00.4     05.8    12:30      W 
27    34.1   037.3   16:00    30.8   08:00     30.8     00.0   00.10   00.1     05.8    16:30     WNW
28    33.7   039.3   14:00    27.8   08:30     31.3     00.0   00.00   01.0     10.3    17:30     ENE
29    29.3   041.5   13:00    17.9   08:30     35.6     00.0   00.00   00.5     08.1    11:00      NE
30    26.2   031.8   09:30    21.0   00:00     38.7     00.0   00.00   00.4     08.1    10:00     WSW
31    28.8   040.3   16:00    14.7   07:00     36.1     00.0   00.00   00.8     14.9    13:00      W 
----------------------------------------------------------------------------------------------------------------------------------------------------------
35.2 (39.5)   76.9  day 19     14.0  day 23   922.0    000.0   00.04   00.8     20.7   day 17     ENE
Max <=  32: 1
Min <=  86: 31
Min <=  23: 13
Max Rain: 0.57 ON 17-12-10
Days of Rain: 9 (> .008in) 6 (> .08in) 0 (> 0.8in)