NOAA Reports


Report for 2001 Feb
MONTHLY CLIMATOLOGICAL SUMMARY for JAN. 2001

NAME: Sunset Beach   CITY: Sunset Beach (Mainland) STATE: North Carolina
ELEV: 52 LAT: 033:54:59 LONG: 0078:29:50

                            TEMPERATURE ( F), RAIN (in.), WIND SPEED (mph)

                                               HEAT     COOL           AVG
      MEAN                                     DEG      DEG            WIND                       DOM
DAY   TEMP    HIGH   TIME     LOW    TIME      DAYS     DAYS    RAIN   SPEED    HIGH    TIME      DIR
----------------------------------------------------------------------------------------------------------------------------------------------------------
01    30.4    38.2   15:00    21.0   06:29     34.6     00.0   00.00   00.4     05.8    17:00     WSW
02    29.8    39.9   15:30    16.3   09:00     35.1     00.0   00.00   01.1     13.8    14:30      E 
03    26.2    42.0   16:00    09.5   08:30     38.8     00.0   00.00   00.5     06.9    13:30     WSW
04    31.0    48.9   15:00    12.7   08:30     34.0     00.0   00.00   00.6     10.3    13:30     NNW
05    37.0    56.6   15:30    18.7   01:00     27.9     00.0   00.00   00.8     08.1    12:30     WNW
06    36.8    55.1   16:00    23.2   09:00     28.1     00.0   00.00   00.5     08.1    13:30      W 
07    37.8    54.0   17:00    23.1   05:00     27.2     00.0   03.00   00.2     06.9    15:00     WSW
08    42.4    50.4   16:00    38.8   02:30     22.5     00.0   00.37   00.5     09.2    13:00     ESE
09    34.8    42.3   15:00    24.0   00:00     30.2     00.0   00.00   01.5     14.9    14:00      E 
10    39.3    61.1   16:30    23.2   00:30     25.6     00.0   00.00   00.3     05.8    13:30      W 
11    41.3    59.7   14:00    21.9   08:30     23.6     00.0   00.01   00.8     10.3    15:30      W 
12    41.1    44.5   00:30    38.9   21:30     23.8     00.0   00.20   00.3     08.1    02:00     ENE
13    42.5    56.5   15:30    33.1   08:30     22.4     00.0   00.00   00.8     11.5    10:40      E 
14    45.5    53.6   16:30    37.5   00:30     19.4     00.0   00.00   00.1     05.8    13:30     ENE
15    49.4    67.9   16:00    36.1   08:30     15.5     00.0   00.03   00.6     10.3    17:00     WNW
16    45.0    59.3   13:30    34.3   08:30     20.0     00.0   00.03   00.3     05.8    15:00      S 
17    40.9    50.5   16:00    32.0   07:00     24.0     00.0   00.00   00.4     08.1    15:00      W 
18    43.1    44.0   12:00    41.7   04:00     21.9     00.0   00.22   00.1     04.6    15:30      N 
19    46.3    50.4   00:00    43.0   03:30     18.7     00.0   00.54   00.1     08.1    17:00     ENE
20    46.1    55.8   06:00    31.9   00:00     18.8     00.0   00.18   01.0     08.1    13:00      NE
21    33.5    47.0   16:00    23.5   08:30     31.4     00.0   00.00   00.5     06.9    12:00     ESE
22    36.4    49.9   14:00    23.7   08:30     28.5     00.0   00.00   01.0     10.3    15:00     ENE
23    37.4    56.1   16:30    24.1   04:00     27.6     00.0   00.00   00.7     08.1    15:00     ENE
24    41.0    58.0   16:30    27.9   07:30     23.9     00.0   00.00   00.5     10.3    15:30      NW
25    37.4    43.6   14:00    26.5   00:00     27.6     00.0   00.00   01.6     18.4    14:00      E 
26    36.9    48.6   14:30    16.9   08:30     28.0     00.0   00.00   01.2     09.2    17:30     WSW
27    45.8    61.5   13:30    33.0   00:00     19.1     00.0   00.00   01.4     11.5    14:00      NW
28    37.9    56.7   17:00    18.5   08:00     27.1     00.0   00.00   00.4     06.9    14:30     NNW
29    45.6    61.2   14:00    30.1   04:30     19.3     00.0   00.00   00.9     11.5    23:30     WNW
30    56.8    63.7   14:30    51.6   04:30     08.1     00.0   00.37   03.0     18.4    10:00      W 
31    59.3    66.6   13:30    50.9   08:30     05.7     00.0   00.00   02.9     12.7    15:00      W 
----------------------------------------------------------------------------------------------------------------------------------------------------------
40.5 (40.8)   67.9  day 15     09.5  day 03   758.5    000.0   04.95   00.8     18.4   day 30      NW
Min <=  86: 31
Min <=  23: 8
Max Rain: 3.00 ON 7-01-10
Days of Rain: 10 (> .008in) 7 (> .08in) 1 (> 0.8in)