NOAA Reports


Report for 2001 Aug
MONTHLY CLIMATOLOGICAL SUMMARY for AUG. 2001

NAME: Sunset Beach   CITY: Sunset Beach (Mainland) STATE: North Carolina
ELEV: 52 LAT: 033:54:59 LONG: 0078:29:50

                            TEMPERATURE ( F), RAIN (in.), WIND SPEED (mph)

                                               HEAT     COOL           AVG
      MEAN                                     DEG      DEG            WIND                       DOM
DAY   TEMP    HIGH   TIME     LOW    TIME      DAYS     DAYS    RAIN   SPEED    HIGH    TIME      DIR
----------------------------------------------------------------------------------------------------------------------------------------------------------
01    71.9    78.9   17:00    63.1   06:30     00.0     07.0   00.00   00.5     10.3    15:30      NE
02    72.6    84.3   14:30    60.6   07:30     00.0     07.7   00.00   00.1     10.3    17:30     NNW
03    74.2    87.0   14:30    60.3   07:30     00.0     09.2   00.00   00.0     06.9    17:00      NE
04    74.6    80.9   16:30    63.1   20:00     00.0     09.7   00.02   00.2     05.8    19:30      W 
05    77.3    88.9   16:30    64.8   07:30     00.0     12.4   00.00   00.0     08.1    16:30     WSW
06    80.8    99.3   18:00    67.0   07:30     00.0     15.9   00.00   00.0     01.1    16:00      W 
07    85.4    101.7   16:30    69.1   08:00     00.0     20.5   00.00   00.0     00.0    00:00      NW
08    87.5    102.2   15:00    70.4   08:00     00.0     22.5   00.00   00.0     00.0    00:00      NE
09    83.9    101.8   16:00    70.9   08:00     00.0     18.9   00.05   00.0     00.0    00:00      NE
10    82.0    97.4   17:00    70.4   07:30     00.0     17.1   00.00   00.0     00.0    00:00      NE
11    78.9    96.8   14:30    70.1   08:00     00.0     13.9   01.67   00.0     00.0    00:00      NE
12    81.1    96.1   17:30    69.7   07:30     00.0     16.2   00.01   00.7     13.8    17:30     NNE
13    77.3    85.9   14:00    70.8   07:00     00.0     12.4   00.02   00.6     17.3    14:30     SSE
14    79.9    93.9   18:30    63.2   07:00     00.0     14.9   00.00   01.5     12.7    10:30      N 
15    77.3    92.1   16:30    66.4   08:00     00.0     12.4   00.00   00.6     10.3    15:00      E 
16    79.0    96.2   17:00    66.4   08:00     00.0     14.1   00.00   00.9     14.9    16:00     SSE
17    79.3    94.1   16:30    71.4   05:00     00.0     14.3   00.35   01.3     24.1    17:00      N 
18    77.6    89.8   16:30    71.8   23:30     00.0     12.7   00.03   01.8     19.6    19:00     ENE
19    79.3    90.2   19:00    71.3   05:00     00.0     14.3   00.00   01.8     11.5    18:30     WSW
20    78.9    91.9   17:30    69.1   06:30     00.0     13.9   00.00   01.2     14.9    18:00      N 
21    77.1    92.0   17:00    63.6   08:00     00.0     12.2   00.00   01.9     19.6    12:00      N 
22    73.6    94.6   18:00    57.6   08:00     00.0     08.7   00.00   00.7     11.5    17:00     NNE
23    78.6    101.0   17:30    61.1   07:30     00.0     13.7   00.00   01.1     11.5    15:00     SSE
24    79.0    92.1   18:30    70.1   07:30     00.0     14.1   00.33   02.1     19.6    13:00      N 
25    76.9    92.3   16:30    63.3   10:00     00.0     11.9   00.00   01.1     10.3    15:30      E 
26    76.4    95.0   18:30    62.8   06:30     00.0     11.4   00.00   00.8     10.3    13:00      SE
27    79.8    97.5   18:00    68.9   08:00     00.0     14.9   00.00   00.3     14.9    19:30      SE
28    79.0    94.1   17:30    66.2   08:00     00.0     14.1   00.00   00.2     10.3    18:30      N 
29    81.1    96.8   18:00    72.0   08:30     00.0     16.2   00.10   01.2     09.2    18:00      S 
30    77.4    87.3   17:00    70.4   06:30     00.0     12.5   00.01   01.0     13.8    17:00      W 
31    77.6    86.1   15:00    69.6   08:00     00.0     12.7   02.01   01.8     17.3    17:30      NW
----------------------------------------------------------------------------------------------------------------------------------------------------------
78.6 (80.1)   102.2  day 08     57.6  day 22   000.0    422.2   04.60   00.8     24.2   day 24     NNE
Max >=  86: 27
Min <=  86: 31
Max Rain: 1.67 ON 11-08-10
Days of Rain: 65 (> .008in) 4 (> .08in) 1 (> 0.8in)