NOAA Reports


Report for 2001 Oct
MONTHLY CLIMATOLOGICAL SUMMARY for OCT. 2001

NAME: Sunset Beach   CITY: Sunset Beach (Mainland) STATE: North Carolina
ELEV: 52 LAT: 033:54:59 LONG: 0078:29:50

                            TEMPERATURE ( F), RAIN (in.), WIND SPEED (mph)

                                               HEAT     COOL           AVG
      MEAN                                     DEG      DEG            WIND                       DOM
DAY   TEMP    HIGH   TIME     LOW    TIME      DAYS     DAYS    RAIN   SPEED    HIGH    TIME      DIR
----------------------------------------------------------------------------------------------------------------------------------------------------------
01    57.1    74.6   18:30    39.3   08:30     07.9     00.0   00.00   01.0     14.9    13:30      N 
02    61.3    78.0   17:00    44.1   06:30     03.6     00.0   00.00   01.1     11.5    16:30     NNW
03    65.3    79.9   15:00    47.6   08:30     00.0     00.4   00.00   00.2     12.7    00:32     SSE
04    64.5    78.6   18:00    47.2   08:00     00.4     00.0   00.00   00.8     10.3    16:30     ESE
05    65.9    78.7   14:10    52.9   04:00     00.0     01.0   01.26   01.3     14.9    13:00     SSE
06    63.3    69.5   01:57    48.0   00:00     01.6     00.0   00.25   03.1     25.3    13:00      N 
07    50.0    66.4   16:30    35.1   08:30     14.9     00.0   00.00   01.1     13.8    16:00      N 
08    49.1    64.2   16:00    32.7   08:30     15.8     00.0   00.00   00.8     18.4    13:00      NE
09    48.8    64.3   15:00    34.1   07:30     16.1     00.0   00.00   01.0     14.9    12:00      SE
10    56.1    72.8   17:00    40.1   05:00     08.8     00.0   00.00   01.1     11.5    16:30     SSE
11    63.6    75.6   14:00    48.7   06:29     01.3     00.0   00.00   01.0     12.7    00:32      SE
12    66.1    74.9   14:00    56.9   08:00     00.0     01.1   00.00   01.1     11.5    17:30     SSE
13    66.1    78.6   16:00    52.3   08:30     00.0     01.1   00.00   02.4     18.4    15:30     SSE
14    68.0    74.5   18:00    63.0   07:00     00.0     03.0   01.21   03.7     20.7    12:30     SSE
15    60.5    72.7   14:30    45.9   09:00     04.5     00.0   00.00   01.0     14.9    11:00      N 
16    55.4    74.6   15:30    41.8   08:30     09.5     00.0   00.00   03.3     29.9    20:30     NNW
17    47.1    62.1   18:00    33.6   08:00     17.8     00.0   00.00   02.1     21.9    12:00     NNW
18    46.4    62.8   15:30    30.3   08:00     18.5     00.0   00.00   00.9     12.7    13:30      E 
19    49.6    68.7   16:30    30.7   08:30     15.3     00.0   00.00   00.7     11.5    17:00      S 
20    57.3    75.5   17:30    39.9   08:30     07.7     00.0   00.00   00.6     10.3    15:00      E 
21    60.6    78.7   15:30    42.6   07:30     04.4     00.0   00.00   00.7     10.3    16:00      SE
22    67.1    80.9   18:00    51.0   09:00     00.0     02.1   00.00   00.9     09.2    14:00      N 
23    66.7    82.0   15:30    52.9   06:00     00.0     01.8   00.52   00.9     12.7    15:30     SSE
24    69.3    83.9   18:30    54.7   06:30     00.0     04.4   00.49   01.5     17.3    15:00      S 
25    66.1    73.4   15:00    49.2   00:00     00.0     01.2   00.00   03.4     25.3    12:30     NNW
26    55.1    65.2   16:00    42.3   08:30     09.9     00.0   00.00   04.2     27.6    18:30     NNW
27    43.7    49.5   14:00    34.8   00:00     21.2     00.0   00.00   04.0     25.3    18:30     NNW
28    40.2    54.8   15:30    27.6   04:30     24.8     00.0   00.00   01.4     18.4    11:00      N 
29    43.6    63.8   16:00    26.2   07:30     21.3     00.0   00.00   00.2     09.2    12:30      N 
30    49.9    73.1   16:00    29.7   08:00     15.0     00.0   00.00   00.1     08.1    16:30      E 
31    50.4    69.9   17:00    31.8   08:00     14.6     00.0   00.00   00.3     09.2    15:00     SSE
----------------------------------------------------------------------------------------------------------------------------------------------------------
57.2 (56.9)   83.9  day 24     26.2  day 29   255.1    016.1   03.78   01.5     29.9   day 11     N
Min <=  86: 31
Max Rain: 0.25 ON 6-10-10
Days of Rain: 2 (> .008in) 2 (> .08in) 0 (> 0.8in)