NOAA Reports


Report for 2001 Nov
MONTHLY CLIMATOLOGICAL SUMMARY for NOV. 2001

NAME: Sunset Beach   CITY: Sunset Beach (Mainland) STATE: North Carolina
ELEV: 52 LAT: 033:54:59 LONG: 0078:29:50

                            TEMPERATURE ( F), RAIN (in.), WIND SPEED (mph)

                                               HEAT     COOL           AVG
      MEAN                                     DEG      DEG            WIND                       DOM
DAY   TEMP    HIGH   TIME     LOW    TIME      DAYS     DAYS    RAIN   SPEED    HIGH    TIME      DIR
----------------------------------------------------------------------------------------------------------------------------------------------------------
01    56.4    74.5   17:30    39.0   06:30     08.5     00.0   00.00   00.5     09.2    13:30      SE
02    61.1    73.1   17:30    51.6   00:30     03.9     00.0   00.36   00.2     04.6    00:00      SE
03    64.5    81.6   16:00    43.0   00:00     00.4     00.0   00.00   01.0     12.7    15:00      N 
04    51.5    67.6   16:00    36.3   07:30     13.4     00.0   00.00   02.6     25.3    10:00      N 
05    49.6    66.7   15:00    32.3   08:00     15.3     00.0   00.00   01.2     14.9    01:29     NNW
06    49.4    71.7   15:00    29.6   06:30     15.5     00.0   00.00   00.2     06.9    16:00     NNW
07    51.8    74.8   16:00    31.8   07:30     13.2     00.0   00.00   00.2     10.3    15:30      E 
08    52.3    70.8   16:30    37.8   00:00     12.6     00.0   00.00   01.4     16.1    11:30     NNE
09    52.4    75.3   17:00    30.0   08:00     12.5     00.0   00.00   01.0     14.9    13:30     NNW
10    53.9    71.1   15:30    36.5   08:00     11.0     00.0   00.00   01.5     19.6    14:30      N 
11    48.6    64.1   21:30    33.4   00:00     16.3     00.0   00.00   01.5     11.5    12:30     NNE
12    41.8    58.0   15:30    27.2   07:00     23.1     00.0   00.00   00.7     11.5    12:00      NE
13    49.4    65.6   17:00    33.5   08:00     15.6     00.0   00.00   00.9     08.1    16:00      NE
14    50.5    67.3   16:00    36.4   08:00     14.4     00.0   00.00   00.8     11.5    14:30     ENE
15    53.2    74.9   17:00    32.9   07:00     11.7     00.0   00.00   01.2     14.9    13:00     NNE
16    56.8    71.0   16:30    45.6   05:30     08.1     00.0   01.52   00.8     14.9    16:00     NNE
17    41.7    43.3   00:30    40.4   00:00     23.3     00.0   00.00   00.0     01.1    00:00      SE
18    54.3    70.1   17:00    39.4   01:29     10.6     00.0   00.00   00.8     11.5    13:00     SSE
19    53.4    62.8   16:30    40.8   00:00     11.6     00.0   00.00   02.4     19.6    14:00      N 
20    40.5    52.7   17:30    29.4   08:00     24.5     00.0   00.00   00.6     10.3    10:30      E 
21    41.6    60.4   17:00    24.2   08:00     23.3     00.0   00.00   00.6     10.3    12:30     SSE
22    47.8    62.5   17:00    30.5   06:00     17.1     00.0   00.18   00.5     10.3    16:00     SSE
23    60.2    65.1   00:00    55.8   00:30     04.7     00.0   00.10   01.4     17.3    00:00     ESE
24    67.8    73.1   17:00    59.1   00:00     00.0     02.9   00.01   02.4     18.4    04:00     SSE
25    59.9    72.4   17:30    52.2   00:00     05.0     00.0   00.01   00.7     17.3    15:00      N 
26    61.4    76.5   16:30    49.6   03:30     03.6     00.0   00.00   00.8     71.3    00:03      NW
27    63.0    74.3   16:30    49.9   07:30     01.9     00.0   00.00   00.9     10.3    12:00     SSW
28    65.8    75.6   15:00    49.6   05:00     00.0     00.8   00.00   02.2     13.8    11:30     SSE
29    61.1    61.1   00:25    61.1   00:25     03.8     00.0   00.00   01.1     03.5    00:25      W 
----------------------------------------------------------------------------------------------------------------------------------------------------------
54.2 (54.1)   81.6  day 03     24.2  day 21   325.4    003.7   02.15   01.1     71.3   day 26      NE
Min <=  86: 30
Max Rain: 0.36 ON 2-11-10
Days of Rain: 6 (> .008in) 3 (> .08in) 0 (> 0.8in)