NOAA Reports


Report for 2001 Dec
 MONTHLY CLIMATOLOGICAL SUMMARY for DEC. 2001

NAME: Sunset Beach   CITY: Sunset Beach (Mainland) STATE: North Carolina
ELEV: 52 LAT: 033:54:59 LONG: 0078:29:50

                            TEMPERATURE ( F), RAIN (in.), WIND SPEED (mph)

                                               HEAT     COOL           AVG
      MEAN                                     DEG      DEG            WIND                       DOM
DAY   TEMP    HIGH   TIME     LOW    TIME      DAYS     DAYS    RAIN   SPEED    HIGH    TIME      DIR
----------------------------------------------------------------------------------------------------------------------------------------------------------
01    55.8    66.1   16:30    46.1   00:00     09.1     00.0   00.01   00.6     08.1    13:30     NNE
02    51.2    64.2   16:30    41.4   05:00     13.7     00.0   00.00   01.4     19.6    16:00     NNE
03    46.2    62.0   17:00    34.9   08:30     18.8     00.0   00.00   00.5     09.2    13:00     NNE
04    45.4    66.8   17:30    27.9   07:00     19.6     00.0   00.00   00.0     04.6    15:00      E 
05    51.0    72.6   17:00    32.5   07:00     14.0     00.0   00.00   00.0     08.1    14:00      N 
06    56.5    72.9   17:00    41.0   08:30     08.5     00.0   00.00   00.8     14.9    14:00      S 
07    62.4    74.0   17:00    48.4   02:00     02.6     00.0   00.00   00.7     06.9    15:00      SW
08    63.2    73.8   17:00    50.8   08:30     01.8     00.0   00.00   00.8     12.7    15:00      SW
09    55.9    73.7   00:32    47.7   21:00     09.0     00.0   00.00   02.5     21.9    12:00      N 
10    43.7    48.8   01:29    40.8   22:30     21.2     00.0   01.41   02.7     18.4    14:30     NNE
11    47.9    54.1   15:00    41.0   01:29     17.1     00.0   00.02   02.3     16.1    14:00      N 
12    50.8    52.2   17:30    49.3   08:30     14.2     00.0   00.02   00.7     08.1    11:30      NE
13    53.5    64.6   23:30    50.6   08:00     11.5     00.0   00.02   00.8     11.5    13:30      N 
14    62.4    68.1   17:00    55.0   00:30     02.5     00.0   00.01   01.8     14.9    11:00     SSE
15    52.3    64.6   09:30    40.9   00:00     12.6     00.0   00.01   01.3     19.6    16:00      N 
16    44.7    64.5   16:00    35.0   04:00     20.2     00.0   00.00   00.4     08.1    15:00      E 
17    52.2    62.1   17:30    42.5   00:30     12.7     00.0   00.48   01.1     18.4    20:30     ESE
18    54.6    64.5   03:30    37.5   00:00     10.4     00.0   00.00   03.2     20.7    10:30     NNW
19    44.3    64.6   09:30    29.4   07:30     20.6     00.0   00.00   01.2     13.8    13:00     SSW
20    43.2    51.3   17:00    29.8   00:00     21.8     00.0   00.00   03.2     24.1    11:30     NNW
21    36.6    54.9   16:30    22.5   06:00     28.3     00.0   00.00   01.6     19.6    12:00     NNW
22    34.9    52.1   17:30    20.8   08:30     30.1     00.0   00.00   01.0     11.5    11:30      SE
23    45.2    61.1   16:00    25.4   04:30     19.7     00.0   00.06   01.4     17.3    14:30     SSE
24    45.4    64.5   21:30    30.6   00:00     19.5     00.0   00.00   02.1     12.7    14:00     NNW
25    33.2    44.0   17:30    20.0   08:30     31.8     00.0   00.00   00.6     11.5    15:30      S 
26    34.6    64.5   14:00    26.0   07:00     30.3     00.0   00.00   01.5     12.7    15:30     NNW
----------------------------------------------------------------------------------------------------------------------------------------------------------
48.7 (49.9)   74.0  day 07     15.5  day 27   421.3    000.0   02.08   01.3     24.2   day 09      N 
Min <=  86: 26
Min <=  23: 3
Max Rain: 1.41 ON 10-12-10
Days of Rain: 9 (> .008in) 2 (> .08in) 1 (> 0.8in)