NOAA Reports


Report for 2002 Jan
MONTHLY CLIMATOLOGICAL SUMMARY for JAN. 2002

NAME: Sunset Beach   CITY: Sunset Beach (Mainland) STATE: North Carolina
ELEV: 52 LAT: 033:54:59 LONG: 0078:29:50

                            TEMPERATURE ( F), RAIN (in.), WIND SPEED (mph)

                                               HEAT     COOL           AVG
      MEAN                                     DEG      DEG            WIND                       DOM
DAY   TEMP    HIGH   TIME     LOW    TIME      DAYS     DAYS    RAIN   SPEED    HIGH    TIME      DIR
----------------------------------------------------------------------------------------------------------------------------------------------------------
01    27.8    30.6   15:31    25.5   01:31     37.2     00.0   00.07   04.6     19.6    04:01     NNW
02    28.8    64.5   23:00    09.8   09:00     36.2     00.0   00.34   01.2     12.7    00:30     NNW
03    31.1    44.5   17:30    14.9   09:00     33.8     00.0   00.00   00.7     08.1    16:30     SSE
04    35.4    64.5   12:00    25.3   00:30     29.5     00.0   00.74   01.4     10.3    12:30      N 
05    36.6    44.1   14:30    28.8   06:30     28.3     00.0   00.00   03.8     23.0    17:30     NNW
06    32.9    48.6   17:00    18.2   09:00     32.0     00.0   00.00   01.2     11.5    11:30     NNW
07    42.6    59.3   17:00    24.5   00:30     22.3     00.0   00.00   01.4     11.5    14:30      SW
08    54.6    69.7   16:30    36.9   09:00     10.3     00.0   00.00   01.5     12.7    17:00      W 
09    53.1    59.6   16:30    35.0   00:00     11.8     00.0   00.00   03.9     24.1    14:00     NNW
10    37.7    64.5   06:00    20.7   08:30     27.2     00.0   00.12   01.2     11.5    14:30     SSE
11    42.0    53.8   18:00    29.0   00:00     22.9     00.0   00.00   01.7     16.1    13:00      NW
12    36.2    50.4   17:00    21.7   07:00     28.8     00.0   00.00   00.6     10.3    15:30     SSE
13    42.3    58.3   17:30    27.2   07:30     22.7     00.0   00.00   00.8     12.7    15:30     NNW
14    36.8    48.3   17:00    25.4   09:00     28.1     00.0   00.00   00.4     08.1    17:30      SE
15    41.8    60.7   17:30    24.1   05:00     23.2     00.0   00.00   00.7     09.2    15:30      W 
16    46.9    55.2   17:30    39.5   00:00     18.1     00.0   00.00   01.3     19.6    11:30      N 
17    37.6    41.0   06:00    33.3   12:30     27.4     00.0   01.48   02.4     17.3    13:00     NNE
18    37.2    45.2   18:30    28.3   09:00     27.7     00.0   00.01   01.2     12.7    20:00     ESE
19    41.0    49.7   18:00    33.4   00:00     23.9     00.0   00.27   01.1     14.9    09:00      NW
20    39.7    55.3   17:30    24.8   08:30     25.3     00.0   00.00   01.0     12.7    15:00      SE
21    46.2    53.9   00:00    41.3   08:00     18.7     00.0   01.55   01.1     10.3    06:00      N 
22    57.6    61.7   14:30    54.2   00:30     07.4     00.0   00.19   01.8     14.9    11:30      S 
23    47.7    56.2   00:30    29.4   00:00     17.2     00.0   00.07   02.3     25.3    06:30     NNE
24    37.8    56.2   18:00    22.7   08:30     27.1     00.0   00.00   00.0     04.6    15:00      SE
25    45.0    64.6   17:30    26.4   08:30     19.9     00.0   00.00   00.6     10.3    16:00     SSE
26    55.3    71.8   17:30    43.0   08:30     09.6     00.0   00.00   00.7     09.2    12:30      SE
27    58.6    77.2   18:00    40.6   08:30     06.4     00.0   00.00   00.2     09.2    15:00      SE
28    66.0    77.9   17:30    55.7   09:00     00.0     01.1   00.00   01.3     13.8    16:00     WSW
29    64.6    73.5   18:00    54.3   07:00     00.3     00.0   00.05   01.3     12.7    15:00      S 
----------------------------------------------------------------------------------------------------------------------------------------------------------
43.5 (44.0)   77.9  day 28     09.8  day 02   623.3    001.1   04.89   01.4     25.3   day 05     NNW
Max <=  32: 1
Min <=  86: 29
Min <=  23: 6
Max Rain: 1.55 ON 21-01-10
Days of Rain: 11 (> .008in) 7 (> .08in) 2 (> 0.8in)