NOAA Reports


Report for 2002 Mar
MONTHLY CLIMATOLOGICAL SUMMARY for MAR. 2002

NAME: Sunset Beach   CITY: Sunset Beach (Mainland) STATE: North Carolina
ELEV: 52 LAT: 033:54:59 LONG: 0078:29:50

                            TEMPERATURE ( F), RAIN (in.), WIND SPEED (mph)

                                               HEAT     COOL           AVG
      MEAN                                     DEG      DEG            WIND                       DOM
DAY   TEMP    HIGH   TIME     LOW    TIME      DAYS     DAYS    RAIN   SPEED    HIGH    TIME      DIR
----------------------------------------------------------------------------------------------------------------------------------------------------------
01    40.6    64.6   22:00    15.3   08:00     24.3     00.0   00.00   01.1     14.9    12:30      SE
02    41.7    49.9   19:00    33.6   02:30     23.2     00.0   01.22   01.4     16.1    15:00     NNE
03    49.7    64.6   04:00    39.9   00:00     15.3     00.0   00.56   02.3     16.1    00:00     NNW
04    32.0    38.3   00:30    22.4   00:00     33.0     00.0   00.00   04.3     25.3    17:00     NNW
05    36.0    49.8   18:30    15.3   08:00     28.9     00.0   00.00   01.1     13.8    13:30      NW
06    42.7    61.7   18:30    22.6   07:30     22.2     00.0   00.00   01.0     13.8    16:30     SSE
07    49.8    74.5   17:30    28.4   07:30     15.1     00.0   00.00   00.7     10.3    13:10     SSE
08    54.1    78.2   16:30    32.8   07:30     10.8     00.0   00.00   00.8     14.9    15:30     SSE
09    62.6    74.8   18:00    48.5   03:00     02.3     00.0   00.00   01.3     14.9    14:30      S 
10    52.1    64.7   11:30    40.8   00:00     12.9     00.0   00.00   05.4     23.0    12:30     NNW
11    44.4    65.1   17:00    26.8   05:30     20.5     00.0   00.00   01.2     13.8    16:30     SSE
12    47.5    71.3   00:32    40.4   00:30     17.4     00.0   00.51   01.9     80.5    00:32     NNE
13    51.7    64.7   11:30    49.0   08:00     13.3     00.0   00.63   01.9     12.7    06:30      N 
14    58.2    77.3   16:30    44.7   08:00     06.7     00.0   00.01   01.2     12.7    15:00     SSE
15    65.8    81.9   17:30    53.7   08:00     00.0     00.8   00.00   01.2     13.8    15:00      S 
16    70.5    81.8   17:00    62.3   07:30     00.0     05.6   00.00   01.4     20.7    11:30      NW
17    52.7    62.3   06:29    44.2   00:00     12.3     00.0   00.65   02.3     24.1    12:30     NNE
18    50.1    61.1   17:00    41.9   02:00     14.8     00.0   00.00   01.2     11.5    02:00      N 
19    54.8    62.3   14:30    47.2   07:30     10.1     00.0   00.00   01.1     14.9    17:30     ESE
20    57.7    69.0   16:30    51.2   07:30     07.3     00.0   00.13   01.0     16.1    16:00     NNE
21    56.9    70.3   18:00    50.6   09:30     08.0     00.0   00.13   02.0     14.9    00:00     NNE
22    39.8    55.4   00:30    32.0   08:00     25.1     00.0   00.00   04.8     34.5    04:30      N 
23    41.1    63.0   17:00    21.8   07:30     23.8     00.0   00.00   01.0     12.7    17:30     SSW
24    52.0    74.9   16:30    29.4   07:30     12.9     00.0   00.00   01.1     13.8    12:30     SSE
25    63.9    81.9   16:30    43.4   07:30     01.0     00.0   00.00   01.3     18.4    13:30      S 
26    64.4    79.3   14:30    54.0   05:00     00.5     00.0   00.22   01.7     19.6    17:30      S 
27    56.5    71.6   17:30    41.5   00:00     08.5     00.0   00.01   03.4     19.6    00:00      N 
28    48.6    67.1   17:30    35.5   06:00     16.3     00.0   00.00   01.4     11.5    12:30      E 
29    57.6    78.9   17:00    37.9   06:00     07.3     00.0   00.00   01.1     14.9    18:30     SSE
30    63.4    69.8   16:30    57.9   08:30     01.6     00.0   00.22   01.0     14.9    08:00      S 
31    58.4    66.3   14:30    52.1   23:54     06.5     00.0   00.79   01.5     18.4    20:30     NNE
----------------------------------------------------------------------------------------------------------------------------------------------------------
52.2 (53.4)   81.9  day 25     15.3  day 05   402.1    006.4   05.08   01.8     80.5   day 12     NNE
Min <=  86: 31
Min <=  23: 5
Max Rain: 1.22 ON 2-03-10
Days of Rain: 66 (> .008in) 64 (> .08in) 1 (> 0.8in)