NOAA Reports


Report for 2002 Apr
MONTHLY CLIMATOLOGICAL SUMMARY for APR. 2002

NAME: Sunset Beach   CITY: Sunset Beach (Mainland) STATE: North Carolina
ELEV: 52 LAT: 033:54:59 LONG: 0078:29:50

                            TEMPERATURE ( F), RAIN (in.), WIND SPEED (mph)

                                               HEAT     COOL           AVG
      MEAN                                     DEG      DEG            WIND                       DOM
DAY   TEMP    HIGH   TIME     LOW    TIME      DAYS     DAYS    RAIN   SPEED    HIGH    TIME      DIR
----------------------------------------------------------------------------------------------------------------------------------------------------------
01    58.8    73.2   18:30    47.7   00:00     06.2     00.0   00.00   01.9     17.3    14:30     NNW
02    61.1    83.9   17:00    40.7   06:00     03.9     00.0   00.00   01.1     18.4    14:00      S 
03    69.7    87.7   16:00    49.1   00:00     00.0     04.7   00.00   03.4     26.4    00:00      N 
04    50.8    65.3   18:00    41.0   00:00     14.1     00.0   00.00   03.0     26.4    01:00     NNE
05    50.3    67.3   18:00    36.3   07:00     14.6     00.0   00.00   01.3     17.3    13:30      N 
06    48.5    65.3   13:00    34.0   07:30     16.4     00.0   00.00   02.1     23.0    10:30      N 
07    49.0    69.9   17:30    30.5   06:30     16.0     00.0   00.00   01.8     12.7    17:30      SE
08    59.5    77.9   15:30    39.6   06:30     05.5     00.0   00.00   02.3     21.9    15:30     SSE
09    65.4    74.4   15:00    58.6   06:30     00.0     00.4   00.05   01.7     12.7    11:30      S 
10    66.4    79.2   17:30    59.5   00:00     00.0     01.4   00.07   00.9     14.9    18:00      E 
11    64.8    80.6   17:30    54.2   07:30     00.2     00.0   00.00   01.2     16.1    11:00      E 
12    59.9    62.0   18:30    56.8   07:30     05.0     00.0   00.09   00.3     06.9    05:30     ENE
13    64.7    74.2   15:00    58.0   07:00     00.3     00.0   00.01   00.7     06.9    18:00     NNE
14    68.2    83.4   15:00    52.8   07:00     00.0     03.3   00.00   00.7     10.3    14:00      SW
15    74.6    91.3   16:00    62.6   07:00     00.0     09.6   00.00   01.0     11.5    16:30      S 
16    76.0    94.3   18:00    60.0   08:30     00.0     11.1   00.00   00.9     09.2    16:30     SSE
17    77.2    94.0   17:00    65.4   10:30     00.0     12.3   00.00   01.1     18.4    19:30     WNW
18    75.9    96.4   18:30    58.8   08:00     00.0     11.0   00.00   00.5     12.7    18:00      S 
19    78.5    93.3   15:30    65.9   08:30     00.0     13.6   00.00   00.8     10.3    16:00     WNW
20    75.8    92.2   17:30    63.6   04:30     00.0     10.9   00.11   00.1     10.3    16:00      N 
21    77.1    91.2   18:30    62.5   08:00     00.0     12.2   00.00   00.6     11.5    23:00      N 
22    74.8    82.1   19:00    65.1   00:00     00.0     09.9   00.00   03.0     19.6    14:30     NNW
23    62.4    78.0   18:30    40.0   00:33     02.5     00.0   00.00   02.0     18.4    15:00      N 
24    60.1    76.7   15:30    44.2   08:00     04.9     00.0   00.00   00.8     11.5    15:30     ESE
25    66.4    80.3   15:30    55.9   00:00     00.0     01.4   00.08   02.5     27.6    16:30     NNW
26    58.5    66.7   16:00    42.8   08:00     06.4     00.0   00.00   00.8     10.3    11:00      N 
27    63.6    77.6   17:00    53.1   07:30     01.4     00.0   00.65   01.6     16.1    17:00     SSE
28    73.1    83.7   17:00    62.4   02:00     00.0     08.1   00.00   02.6     20.7    16:30      SW
29    72.7    82.3   17:00    59.4   00:00     00.0     07.8   00.00   03.7     25.3    13:30     NNW
30    60.6    78.1   16:30    45.0   06:30     04.3     00.0   00.00   01.5     18.4    16:00     SSE
----------------------------------------------------------------------------------------------------------------------------------------------------------
65.5 (66.1)   96.4  day 18     30.5  day 07   101.6    117.7   01.06   01.5     27.6   day 29     N
Max >=  86: 8
Min <=  86: 30
Max Rain: 0.09 ON 12-04-10
Days of Rain: 5 (> .008in) 2 (> .08in) 0 (> 0.8in)