NOAA Reports


Report for 2002 Nov
 MONTHLY CLIMATOLOGICAL SUMMARY for NOV. 2002

NAME: Sunset Beach   CITY: Sunset Beach (Mainland) STATE: North Carolina
ELEV: 52 LAT: 033:54:59 LONG: 0078:29:50

                            TEMPERATURE ( F), RAIN (in.), WIND SPEED (mph)

                                               HEAT     COOL           AVG
      MEAN                                     DEG      DEG            WIND                       DOM
DAY   TEMP    HIGH   TIME     LOW    TIME      DAYS     DAYS    RAIN   SPEED    HIGH    TIME      DIR
----------------------------------------------------------------------------------------------------------------------------------------------------------
01    47.9    66.6   19:30    39.0   05:30     17.0     00.0   00.00   01.5     13.8    17:00     NNW
02    44.3    60.5   16:00    31.0   08:00     20.6     00.0   00.00   01.3     11.5    16:00     NNW
03    49.5    66.5   00:00    40.2   01:29     15.4     00.0   00.00   00.7     10.3    13:00      N 
04    53.2    65.7   15:00    47.0   06:30     11.8     00.0   00.04   00.9     10.3    15:00      SE
05    50.7    66.4   21:00    49.0   01:29     14.3     00.0   00.85   01.8     19.6    11:00     ESE
06    51.4    62.2   13:00    37.8   00:00     13.5     00.0   00.17   04.2     31.1    13:30     NNW
07    44.0    59.2   16:00    30.8   07:30     20.9     00.0   00.00   01.1     12.7    12:30      N 
08    41.5    42.4   00:21    41.0   00:00     23.4     00.0   00.00   00.0     01.1    00:21     SSE
09    55.6    72.2   16:00    39.1   03:00     09.4     00.0   00.00   01.1     14.9    13:00      S 
10    66.3    78.2   15:30    53.8   00:30     00.0     01.4   00.00   02.2     23.0    10:30     SSE
11    66.8    71.4   07:30    62.4   21:30     00.0     01.8   00.36   02.5     18.4    08:00      S 
12    58.2    66.2   13:00    52.6   23:30     06.7     00.0   01.49   02.8     19.6    12:50     NNE
13    49.4    57.8   16:30    36.2   00:00     15.5     00.0   00.00   03.3     23.0    11:30      N 
14    44.9    65.5   16:00    30.7   07:00     20.0     00.0   00.00   00.0     10.3    16:00     ENE
15    48.9    66.2   03:30    32.0   07:30     16.0     00.0   00.00   00.8     11.5    15:00     SSW
16    54.1    66.1   14:30    52.9   20:30     10.8     00.0   00.92   02.3     14.9    20:30      N 
17    48.2    52.8   00:30    40.1   00:00     16.7     00.0   00.41   03.1     14.9    20:30     NNW
18    40.1    56.6   16:30    28.8   08:00     24.9     00.0   00.00   00.9     11.5    15:30      NW
19    42.6    60.3   16:30    28.6   08:00     22.4     00.0   00.00   00.8     12.7    14:00     WSW
20    47.3    61.8   15:00    35.1   03:00     17.7     00.0   00.00   00.8     11.5    15:00      S 
21    49.0    65.8   16:30    30.4   21:30     16.0     00.0   00.00   02.1     21.9    18:30     NNW
22    56.1    71.4   16:30    31.3   19:11     08.8     00.0   00.00   00.0     06.9    15:30     WNW
23    45.3    63.1   16:30    30.6   08:00     19.6     00.0   00.00   00.0     08.1    12:30      N 
24    44.0    54.0   16:00    18.8   18:00     21.0     00.0   00.00   03.0     25.3    16:30     NNW
25    52.7    65.9   06:00    43.7   00:00     12.2     00.0   00.00   04.6     27.6    17:30      NW
----------------------------------------------------------------------------------------------------------------------------------------------------------
50.1 (51.0)   78.2  day 10     18.8  day 24   374.5    003.2   04.25   01.7     31.1   day 06     NNW
Min <=  86: 25
Min <=  23: 1
Max Rain: 1.49 ON 12-11-10
Days of Rain: 7 (> .008in) 6 (> .08in) 3 (> 0.8in)