NOAA Reports


Report for 2002 Dec
MONTHLY CLIMATOLOGICAL SUMMARY for DEC. 2002

NAME: Sunset Beach   CITY: Sunset Beach (Mainland) STATE: North Carolina
ELEV: 52 LAT: 033:54:59 LONG: 0078:29:50

                            TEMPERATURE ( F), RAIN (in.), WIND SPEED (mph)

                                               HEAT     COOL           AVG
      MEAN                                     DEG      DEG            WIND                       DOM
DAY   TEMP    HIGH   TIME     LOW    TIME      DAYS     DAYS    RAIN   SPEED    HIGH    TIME      DIR
----------------------------------------------------------------------------------------------------------------------------------------------------------
01    34.9    45.1   16:00    24.1   00:00     30.0     00.0   00.00   02.4     17.3    14:30     NNW
02    40.2    65.9   15:00    19.9   07:30     24.7     00.0   00.01   00.4     10.3    15:30     ESE
04    39.5    57.9   16:30    28.7   08:00     25.4     00.0   00.20   01.0     16.1    13:00     NNE
05    33.3    43.2   16:00    26.6   00:00     31.6     00.0   00.78   01.3     11.5    14:30      N 
06    35.1    65.9   18:00    25.5   00:30     29.8     00.0   00.00   01.0     14.9    13:30      N 
07    34.2    65.9   03:00    21.6   08:00     30.7     00.0   00.00   00.2     06.9    03:00     ESE
08    38.6    44.7   14:30    33.2   08:00     26.4     00.0   00.00   01.5     13.8    03:00      NE
09    38.5    65.9   04:30    33.6   00:30     26.5     00.0   00.07   02.5     16.1    14:00     NNE
10    39.3    45.3   20:00    34.5   05:30     25.7     00.0   00.41   02.3     12.7    02:30     NNW
11    44.0    52.3   15:00    37.3   00:00     21.0     00.0   00.01   00.7     05.8    12:30     ESE
12    40.9    42.7   00:00    37.7   02:00     24.0     00.0   00.96   01.6     14.9    11:00     ENE
13    43.3    50.1   15:30    35.7   00:00     21.6     00.0   00.00   04.3     23.0    15:00      NW
14    38.4    57.7   16:30    23.6   08:30     26.5     00.0   00.00   00.7     09.2    14:00     NNE
15    45.2    65.1   16:30    28.0   05:30     19.7     00.0   00.00   00.5     14.9    15:00     NNE
16    41.6    51.2   15:00    30.3   08:30     23.4     00.0   00.00   00.1     08.1    23:00      E 
17    43.8    47.7   16:30    38.8   09:00     21.2     00.0   00.00   01.0     09.2    10:00     ENE
18    45.8    50.4   17:00    40.7   08:00     19.2     00.0   00.01   00.9     08.1    18:00      E 
19    52.5    60.7   07:00    35.3   22:30     12.4     00.0   00.44   03.0     27.6    04:00     WSW
20    51.2    64.6   16:00    42.1   03:00     13.7     00.0   00.00   02.6     18.4    14:30     WNW
21    43.5    60.7   16:00    28.2   08:30     21.4     00.0   00.00   00.6     12.7    12:30      NW
22    41.8    43.0   17:30    39.4   00:30     23.1     00.0   01.39   01.8     19.6    13:30      NE
23    39.2    44.3   15:00    32.5   00:00     25.7     00.0   00.37   05.8     35.6    15:00     NNW
24    32.9    42.9   15:30    25.1   09:00     32.0     00.0   00.00   01.3     12.7    14:30     NNW
25    34.3    51.0   15:00    19.2   08:00     30.6     00.0   00.00   00.0     05.8    13:30     NNW
26    37.6    66.1   07:30    21.3   08:30     27.3     00.0   00.00   00.3     14.9    23:00     NNW
27    47.3    69.8   16:30    29.5   08:30     17.7     00.0   00.00   00.2     09.2    01:29     NNW
28    42.5    66.1   12:30    27.1   08:00     22.4     00.0   00.00   00.4     11.5    14:00     ENE
29    50.6    66.5   14:30    36.4   04:00     14.4     00.0   00.01   01.7     11.5    23:00     SSE
----------------------------------------------------------------------------------------------------------------------------------------------------------
41.1 (43.0)   69.8  day 27     19.2  day 25   668.1    000.0   03.30   01.4     35.7   day 23      N 
Min <=  86: 28
Min <=  23: 4
Max Rain: 1.39 ON 22-12-10
Days of Rain: 12 (> .008in) 7 (> .08in) 2 (> 0.8in)