NOAA Reports


Report for 2003 Jan
MONTHLY CLIMATOLOGICAL SUMMARY for JAN. 2003

NAME: Sunset Beach   CITY: Sunset Beach (Mainland) STATE: North Carolina
ELEV: 52 LAT: 033:54:59 LONG: 0078:29:50

                            TEMPERATURE ( F), RAIN (in.), WIND SPEED (mph)

                                               HEAT     COOL           AVG
      MEAN                                     DEG      DEG            WIND                       DOM
DAY   TEMP    HIGH   TIME     LOW    TIME      DAYS     DAYS    RAIN   SPEED    HIGH    TIME      DIR
----------------------------------------------------------------------------------------------------------------------------------------------------------
01    59.1    65.0   15:30    51.7   00:00     05.8     00.0   00.09   02.7     16.1    16:00     WSW
02    49.3    51.9   16:00    46.9   03:30     15.7     00.0   00.01   01.5     11.5    10:30      S 
03    47.4    52.7   17:00    37.2   00:00     17.6     00.0   00.17   04.0     25.3    18:30     NNW
04    36.1    47.1   16:30    27.6   00:00     28.8     00.0   00.00   02.0     14.9    13:00     NNW
05    38.7    57.0   16:00    25.1   04:30     26.2     00.0   00.00   01.4     13.8    12:30     NNW
06    38.6    49.9   14:00    28.6   09:00     26.4     00.0   00.00   04.5     27.6    18:00     NNW
07    34.8    46.9   17:00    20.8   08:30     30.2     00.0   00.00   02.5     18.4    13:30     NNW
08    48.7    63.7   16:00    37.3   08:30     16.2     00.0   00.00   02.7     17.3    15:00     WNW
09    58.6    72.2   16:00    47.5   08:00     06.4     00.0   00.00   03.0     12.7    19:30     WNW
10    50.0    56.3   00:30    39.2   00:00     14.9     00.0   00.00   03.7     19.6    16:00     NNW
11    36.0    49.7   16:30    23.4   09:00     29.0     00.0   00.00   01.6     16.1    13:00     NNW
12    31.1    40.4   16:00    24.8   08:30     33.8     00.0   00.00   02.9     23.0    07:00      N 
13    33.3    44.9   16:00    23.1   06:30     31.6     00.0   00.00   00.8     08.1    12:30      NW
14    38.4    56.2   17:00    23.4   07:30     26.5     00.0   00.00   01.6     16.1    23:00      NE
15    34.0    43.8   16:30    24.3   00:00     30.9     00.0   00.00   03.0     19.6    01:29     NNW
16    32.8    42.4   14:00    20.6   01:30     32.1     00.0   00.00   02.0     14.9    16:00     SSE
17    31.4    37.0   16:00    23.9   00:00     33.6     00.0   00.14   04.1     19.6    16:30     NNW
18    24.0    36.1   16:00    10.7   08:00     40.9     00.0   00.00   00.6     11.5    16:00      S 
19    31.1    43.4   17:00    21.2   05:30     33.8     00.0   00.00   03.0     19.6    13:30      NW
20    47.8    63.3   16:00    35.8   05:30     17.1     00.0   00.00   03.0     18.4    02:00      W 
21    40.9    49.9   11:30    35.2   04:00     24.0     00.0   00.03   01.1     12.7    16:00     NNE
22    33.3    47.5   17:00    23.5   08:30     31.6     00.0   00.00   00.7     06.9    02:00     ENE
24    23.3    38.0   17:00    10.1   08:30     41.6     00.0   00.11   04.2     33.4    17:00      N 
25    32.2    48.1   16:30    14.0   00:30     32.7     00.0   00.11   00.8     09.2    15:30     NNW
26    37.2    47.8   17:00    23.4   01:00     27.8     00.0   00.00   01.9     13.8    16:30     NNW
27    27.5    37.0   00:30    20.9   09:30     37.5     00.0   00.00   03.8     26.4    05:30      N 
28    34.9    54.0   17:00    20.3   08:30     30.1     00.0   00.00   01.4     11.5    14:30      S 
29    48.1    53.0   11:00    38.3   00:30     16.8     00.0   00.11   02.4     16.1    10:30      W 
30    38.6    45.7   00:30    34.0   00:00     26.3     00.0   00.70   02.5     18.4    11:00     NNE
31    36.6    39.8   15:30    33.5   03:30     28.3     00.0   00.00   01.8     14.9    03:00      N 
----------------------------------------------------------------------------------------------------------------------------------------------------------
38.5 (38.8)   72.2  day 09     10.1  day 24   794.3    000.0   01.47   02.4     33.4   day 23     NNW
Min <=  86: 30
Min <=  23: 8
Max Rain: 0.70 ON 30-01-10
Days of Rain: 9 (> .008in) 7 (> .08in) 0 (> 0.8in)