NOAA Reports


Report for 2003 Apr
MONTHLY CLIMATOLOGICAL SUMMARY for APR. 2003

NAME: Sunset Beach   CITY: Sunset Beach (Mainland) STATE: North Carolina
ELEV: 52 LAT: 033:54:59 LONG: 0078:29:50

                            TEMPERATURE ( F), RAIN (in.), WIND SPEED (mph)

                                               HEAT     COOL           AVG
      MEAN                                     DEG      DEG            WIND                       DOM
DAY   TEMP    HIGH   TIME     LOW    TIME      DAYS     DAYS    RAIN   SPEED    HIGH    TIME      DIR
----------------------------------------------------------------------------------------------------------------------------------------------------------
01    55.4    75.4   17:30    30.9   02:30     09.6     00.0   00.00   02.6     18.4    18:00      SW
02    67.0    83.2   17:30    51.6   06:30     00.0     02.0   00.00   02.3     17.3    16:30      SW
03    70.2    86.8   17:00    49.3   07:30     00.0     05.3   00.00   02.0     11.5    17:10      S 
04    68.8    80.4   17:00    53.2   07:30     00.0     03.9   00.00   02.2     12.7    18:30     SSW
05    65.6    75.3   18:30    58.9   00:00     00.0     00.7   00.23   01.9     25.3    10:30     WSW
06    61.4    77.7   17:00    44.8   07:30     03.6     00.0   00.22   03.3     19.6    19:30     SSE
07    44.8    56.3   00:30    41.8   10:30     20.1     00.0   01.51   03.1     19.6    11:00     NNE
08    44.8    66.8   07:00    42.7   06:40     20.1     00.0   00.45   01.7     11.5    10:00     NNE
09    43.1    46.4   17:30    40.7   07:30     21.8     00.0   00.78   03.3     19.6    12:30     NNE
10    43.1    45.2   17:30    40.4   05:00     21.8     00.0   01.90   03.9     21.9    15:00     NNE
11    48.8    60.1   17:30    42.2   09:00     16.1     00.0   00.02   03.4     19.6    19:30      N 
12    59.1    78.1   20:00    40.7   07:00     05.8     00.0   00.00   02.0     16.1    14:30     NNW
13    61.4    82.9   19:00    44.9   08:30     03.5     00.0   00.00   00.8     11.5    17:30     NNE
14    63.0    86.2   18:00    43.3   07:30     01.9     00.0   00.00   01.6     16.1    18:30     SSE
15    69.8    85.2   18:00    50.6   07:30     00.0     04.8   00.00   01.4     11.5    16:00      S 
16    68.6    84.9   17:30    51.4   08:30     00.0     03.7   00.00   01.7     14.9    18:00      S 
17    67.7    80.4   16:00    52.7   08:00     00.0     02.7   00.00   03.5     20.7    17:00     SSE
18    48.8    66.8   00:30    47.1   21:00     16.1     00.0   01.42   02.8     17.3    00:30     NNE
19    50.5    66.5   14:00    46.4   08:00     14.5     00.0   00.15   02.7     11.5    15:00     NNE
20    57.4    68.9   18:00    52.1   07:30     07.5     00.0   00.00   00.6     06.9    14:00     ENE
21    62.9    66.6   14:30    59.0   04:30     02.0     00.0   00.06   01.3     09.2    17:30     SSE
22    63.4    71.1   16:30    52.7   00:00     01.6     00.0   00.31   03.7     26.4    20:00     NNW
23    56.4    77.8   20:00    38.7   07:30     08.5     00.0   00.00   01.8     14.9    12:00     NNW
24    56.6    74.7   18:30    39.0   08:00     08.3     00.0   00.00   00.5     11.5    16:30     SSE
25    61.8    77.7   18:00    54.5   04:00     03.1     00.0   00.49   01.7     20.7    18:00     SSE
26    65.0    81.3   20:00    51.5   08:00     00.0     00.0   00.00   01.4     14.9    12:00     NNE
----------------------------------------------------------------------------------------------------------------------------------------------------------
58.7 (60.1)   86.8  day 03     30.9  day 01   186.0    023.1   07.64   02.2     26.5   day 22      NE
Max >=  86: 2
Min <=  86: 26
Max Rain: 1.90 ON 10-04-10
Days of Rain: 12 (> .008in) 9 (> .08in) 3 (> 0.8in)