NOAA Reports


Report for 2003 May
MONTHLY CLIMATOLOGICAL SUMMARY for MAY. 2003

NAME: Sunset Beach   CITY: Sunset Beach (Mainland) STATE: North Carolina
ELEV: 52 LAT: 033:54:59 LONG: 0078:29:50

                            TEMPERATURE ( F), RAIN (in.), WIND SPEED (mph)

                                               HEAT     COOL           AVG
      MEAN                                     DEG      DEG            WIND                       DOM
DAY   TEMP    HIGH   TIME     LOW    TIME      DAYS     DAYS    RAIN   SPEED    HIGH    TIME      DIR
----------------------------------------------------------------------------------------------------------------------------------------------------------
01    71.1    83.0   15:30    62.9   06:00     00.0     06.2   00.00   02.7     25.3    16:00     SSE
02    67.8    87.1   17:00    57.3   07:30     00.0     02.9   00.25   02.1     38.0    18:30      N 
03    66.0    83.8   16:30    54.6   07:30     00.0     01.1   01.00   02.4     40.3    20:00     NNE
04    61.2    70.4   18:30    58.1   02:00     03.8     00.0   00.00   01.6     11.5    19:00      SE
05    56.5    97.0   00:32    52.4   11:00     08.4     00.0   00.24   02.4     12.7    16:00      SE
06    64.4    69.1   14:00    60.8   00:00     00.6     00.0   01.63   01.7     26.4    17:30     NNW
07    69.5    80.2   15:00    59.6   01:00     00.0     04.6   00.01   01.5     14.9    15:00      W 
08    78.4    93.4   19:30    65.1   08:00     00.0     13.5   00.00   01.9     14.9    13:00     NNW
09    78.3    91.9   18:00    65.5   06:30     00.0     13.4   00.00   01.8     14.9    14:00     WNW
10    80.0    91.5   17:30    66.7   07:30     00.0     15.0   00.00   01.4     14.9    16:00     WNW
11    74.2    79.4   15:00    58.1   21:00     00.0     09.3   00.00   02.7     19.6    23:30      W 
12    72.8    78.9   17:30    58.1   00:00     00.0     07.9   00.00   04.4     25.3    17:00     NNW
13    64.9    78.9   18:00    48.3   06:00     00.1     00.0   00.00   00.3     12.7    16:30     SSW
14    64.8    73.1   16:30    58.7   04:30     00.1     00.0   00.27   02.0     21.9    21:30     SSE
15    68.6    80.8   18:30    61.0   03:30     00.0     03.7   00.00   01.1     10.3    12:30     SSE
16    63.7    69.4   00:30    60.2   00:00     01.3     00.0   00.00   01.8     12.7    21:00     ESE
17    58.2    60.1   22:00    56.3   17:00     06.8     00.0   00.14   01.7     16.1    18:30      NE
18    66.5    82.7   19:30    54.3   02:30     00.0     01.6   00.00   01.7     11.5    09:30     ENE
19    64.7    71.8   14:30    59.3   06:30     00.2     00.0   00.89   00.4     08.1    17:00      E 
20    61.9    63.5   01:00    60.3   22:30     03.0     00.0   03.76   01.5     10.3    17:00      SE
21    62.4    69.7   16:30    58.8   09:00     02.5     00.0   00.03   02.6     19.6    16:30     NNE
22    69.8    77.7   17:30    63.4   00:30     00.0     04.9   00.01   01.7     11.5    17:00     SSE
23    68.7    80.6   17:30    62.1   07:00     00.0     03.7   01.59   02.0     11.5    18:00      SE
24    71.0    83.6   17:30    62.9   07:30     00.0     06.0   00.02   01.0     09.2    17:30     ESE
25    65.3    78.1   19:30    57.7   07:00     00.0     00.4   00.46   02.6     14.9    01:00      N 
26    65.2    78.6   17:00    51.8   06:00     00.0     00.2   00.00   01.9     18.4    18:00     NNW
27    65.0    76.9   14:30    47.7   00:36     00.0     00.0   00.73   01.9     17.3    16:00     NNW
28    67.4    82.3   18:00    52.0   07:00     00.0     02.4   00.00   01.1     11.5    15:30      N 
29    68.1    82.7   15:30    57.8   07:00     00.0     03.2   00.74   02.9     23.0    20:00     NNW
----------------------------------------------------------------------------------------------------------------------------------------------------------
67.5 (68.8)   97.0  day 05     47.7  day 27   026.7    099.8   11.75   01.9     40.3   day 01     NNE
Max >=  86: 5
Min <=  86: 29
Max Rain: 3.76 ON 20-05-10
Days of Rain: 16 (> .008in) 12 (> .08in) 5 (> 0.8in)