NOAA Reports


Report for 2003 Jun
MONTHLY CLIMATOLOGICAL SUMMARY for JUN. 2003

NAME: Sunset Beach   CITY: Sunset Beach (Mainland) STATE: North Carolina
ELEV: 52 LAT: 033:54:59 LONG: 0078:29:50

                            TEMPERATURE ( F), RAIN (in.), WIND SPEED (mph)

                                               HEAT     COOL           AVG
      MEAN                                     DEG      DEG            WIND                       DOM
DAY   TEMP    HIGH   TIME     LOW    TIME      DAYS     DAYS    RAIN   SPEED    HIGH    TIME      DIR
----------------------------------------------------------------------------------------------------------------------------------------------------------
01    67.4    78.1   19:30    57.0   00:00     00.0     02.4   00.00   04.3     24.1    03:00     NNW
02    66.8    82.7   18:00    46.8   07:30     00.0     01.8   00.00   01.8     12.7    00:41     ESE
03    64.9    69.8   12:00    57.6   06:30     00.1     00.0   00.63   02.5     18.4    10:30     SSE
04    74.4    87.1   17:30    66.0   02:00     00.0     09.5   00.05   01.7     14.9    15:00     SSE
05    70.2    81.5   19:30    60.8   07:30     00.0     05.2   00.00   02.0     18.4    11:00      N 
06    70.0    84.4   17:30    55.7   06:30     00.0     05.1   00.95   00.7     12.7    14:00     ESE
07    70.5    74.2   18:29    67.7   23:00     00.0     05.6   00.65   01.5     13.8    19:00      S 
08    76.9    89.5   19:00    68.2   00:30     00.0     12.0   00.23   01.5     11.5    22:30     SSE
09    75.9    90.0   19:30    64.4   05:30     00.0     10.9   00.01   01.2     11.5    17:00      N 
10    76.7    91.3   16:30    63.3   07:00     00.0     11.8   00.00   00.4     13.8    19:30     SSW
11    76.0    86.3   14:30    68.7   06:00     00.0     11.0   00.20   01.7     13.8    16:00     SSE
12    77.6    89.4   18:00    69.9   06:00     00.0     12.7   00.00   02.1     46.0    00:33      S 
13    77.9    92.1   18:00    70.8   04:30     00.0     13.0   00.00   01.4     17.3    19:30     NNW
14    75.1    90.9   18:00    68.1   00:00     00.0     10.2   01.55   01.7     26.4    19:00     ENE
15    71.2    77.4   19:00    67.7   05:30     00.0     06.2   00.09   01.6     11.5    19:00     NNE
16    71.2    78.6   14:30    68.6   08:00     00.0     06.3   00.92   01.1     11.5    16:30     ESE
17    75.2    87.6   19:30    68.5   18:30     00.0     10.2   00.53   01.4     14.9    16:00     NNW
18    75.4    86.8   19:30    67.5   23:30     00.0     10.5   00.01   02.0     19.6    00:00      N 
19    74.8    79.7   20:00    68.5   00:30     00.0     09.8   00.00   03.6     17.3    00:30      N 
20    83.0    91.3   20:30    68.5   00:00     00.0     18.0   00.00   01.3     16.1    14:30      N 
21    76.9    95.5   19:00    59.7   07:00     00.0     12.0   00.00   00.3     08.1    16:00     NNE
22    77.3    93.3   18:00    60.7   07:30     00.0     12.3   00.00   00.1     09.2    16:00     NNE
23    78.4    93.7   18:30    63.0   07:00     00.0     13.5   00.00   00.4     12.7    14:00     NNW
24    77.4    90.0   16:30    66.3   07:00     00.0     12.5   00.00   01.4     11.5    20:00     NNW
25    72.4    80.2   18:30    68.6   07:30     00.0     07.5   00.05   00.5     10.3    19:00     NNE
26    77.6    93.6   17:30    66.0   07:00     00.0     12.6   00.01   00.8     08.1    14:00     SSE
27    76.2    87.9   17:00    69.0   07:00     00.0     11.2   00.04   01.2     20.7    18:30      W 
----------------------------------------------------------------------------------------------------------------------------------------------------------
74.3 (75.4)   95.5  day 21     46.8  day 02   000.1    253.9   05.92   01.5     46.0   day 12     NNE
Max >=  86: 17
Min <=  86: 27
Max Rain: 1.55 ON 14-06-10
Days of Rain: 15 (> .008in) 9 (> .08in) 3 (> 0.8in)