NOAA Reports


Report for 2003 Sep
MONTHLY CLIMATOLOGICAL SUMMARY for SEP. 2003

NAME: Sunset Beach   CITY: Sunset Beach (Mainland) STATE: North Carolina
ELEV: 52 LAT: 033:54:59 LONG: 0078:29:50

                            TEMPERATURE ( F), RAIN (in.), WIND SPEED (mph)

                                                 HEAT     COOL           AVG
      MEAN                                       DEG      DEG            WIND                        DOM
DAY   TEMP    HIGH   TIME      LOW     TIME      DAYS     DAYS   RAIN    SPEED    HIGH    TIME       DIR
----------------------------------------------------------------------------------------------------------------------------------------------------------
01    78.9    93.9   17:29    72.8   08:30     00.0     13.9   00.01   01.2     11.5    20:30     SSE
02    77.7    89.4   18:30    67.1   06:30     00.0     12.8   00.00   00.8     11.5    14:00     SSW
03    79.1    91.8   19:00    69.0   07:30     00.0     14.2   00.00   00.6     11.5    16:00     SSE
04    76.3    87.6   15:00    67.0   00:00     00.0     11.4   00.05   01.4     13.8    17:00     SSE
05    72.8    87.5   17:30    62.5   08:00     00.0     07.8   00.01   01.1     18.4    14:00      NE
06    67.5    74.3   16:00    61.9   08:00     00.0     02.6   00.00   01.2     13.8    11:00      NE
07    68.6    78.5   17:00    61.8   08:00     00.0     03.7   00.00   02.1     16.1    17:00      N 
08    70.7    81.7   18:00    65.2   08:00     00.0     05.7   00.03   01.4     11.5    13:30     NNE
09    73.0    82.5   16:00    63.8   08:00     00.0     08.1   00.00   02.7     17.3    17:30      N 
10    69.0    81.0   18:30    61.4   00:00     00.0     04.0   00.00   02.7     19.6    11:30      N 
11    66.9    83.8   18:00    55.5   06:00     00.0     01.9   00.00   01.9     19.6    19:00      N 
12    67.0    81.1   18:00    58.4   06:30     00.0     02.0   00.00   02.3     18.4    14:00      N 
13    70.9    88.6   17:30    55.4   08:00     00.0     05.9   00.00   01.2     11.5    15:00      N 
14    75.6    91.1   18:00    63.2   01:30     00.0     10.6   00.00   01.5     12.7    15:00     SSE
15    73.6    90.4   17:00    61.7   07:30     00.0     08.6   00.00   01.1     14.9    19:30      E 
16    72.8    85.6   17:00    62.0   00:00     00.0     07.8   00.00   02.4     19.6    11:30     NNE
17    67.5    83.3   16:00    54.1   06:00     00.0     02.5   00.00   02.9     26.4    16:00     NNE
18    67.3    71.7   15:00    63.4   03:00     00.0     02.3   00.13   05.6     26.4    13:00      N 
19    75.0    93.7   17:30    61.9   08:30     00.0     10.1   00.00   01.8     16.1    13:00     WNW
20    70.9    94.4   17:30    53.5   08:30     00.0     06.0   00.00   00.2     11.5    17:30     SSE
21    71.0    87.3   16:30    57.2   08:00     00.0     06.0   00.00   00.3     11.5    14:00      SE
22    69.4    81.9   16:30    62.1   03:30     00.0     04.5   01.15   02.2     18.4    15:00     SSE
23    73.7    82.7   16:29    59.9   00:00     00.0     08.8   00.00   01.3     13.8    14:30     NNW
24    67.6    87.4   17:00    53.2   08:30     00.0     02.6   00.01   00.8     12.7    14:30      SE
25    68.4    89.0   18:00    53.5   08:00     00.0     03.5   00.00   00.1     10.3    12:30      SE
26    69.6    88.2   16:30    54.8   08:30     00.0     04.6   00.00   00.4     10.3    14:30     ESE
27    71.1    89.4   17:30    57.4   08:30     00.0     06.2   00.19   01.3     17.3    21:30     SSE
28    67.3    77.2   17:00    61.2   00:00     00.0     02.4   00.01   02.9     18.4    23:00      N 
29    57.5    71.1   17:30    44.1   08:30     07.4     00.0   00.00   01.9     19.6    15:30      N 
30    55.6    73.2   18:00    41.3   08:30     09.3     00.0   00.00   01.3     14.9    11:00      N 
----------------------------------------------------------------------------------------------------------------------------------------------------------
70.4 (72.1)   94.4  day 20     41.3  day 30   016.7    180.6   01.60   01.6     26.5   day 18     NNE
Max >=  86: 15
Min <=  86: 30
Max Rain: 1.15 ON 22-09-10
Days of Rain: 9 (> .008in) 3 (> .08in) 1 (> 0.8in)