NOAA Reports


Report for 2004 Jan
MONTHLY CLIMATOLOGICAL SUMMARY for JAN. 2004

NAME: Sunset Beach   CITY: Sunset Beach (Mainland) STATE: North Carolina
ELEV: 52 LAT: 033:54:59 LONG: 0078:29:50

                            TEMPERATURE ( F), RAIN (in.), WIND SPEED (mph)

                                                 HEAT     COOL           AVG
      MEAN                                       DEG      DEG            WIND                        DOM
DAY   TEMP    HIGH   TIME      LOW     TIME      DAYS     DAYS   RAIN    SPEED    HIGH    TIME       DIR
----------------------------------------------------------------------------------------------------------------------------------------------------------
01    43.2    68.0   15:30    24.0   08:30     21.7     00.0   00.00   00.1     08.1    15:00     ESE
02    49.5    61.4   17:00    38.0   00:00     15.5     00.0   00.00   00.4     08.1    14:30      E 
03    59.3    76.4   16:00    37.9   00:30     05.6     00.0   00.00   01.5     13.8    21:30      S 
04    65.2    73.3   15:30    60.6   08:30     00.0     00.3   00.00   02.2     17.3    14:30     SSW
05    64.8    71.7   14:00    33.8   10:00     00.1     00.0   00.64   03.2     17.3    12:30     WSW
06    40.1    51.8   00:30    29.4   00:00     24.9     00.0   00.00   03.8     19.6    22:30     NNW
07    29.0    39.3   16:00    17.3   08:30     35.9     00.0   00.00   01.9     14.9    14:30     NNW
08    33.6    42.9   15:30    20.2   01:00     31.4     00.0   00.00   00.9     08.1    16:00     SSE
09    33.6    37.1   01:29    31.0   09:30     31.3     00.0   00.07   01.1     14.9    20:30      NE
10    29.7    36.0   17:00    21.0   00:00     35.3     00.0   00.07   00.9     14.9    01:29      NE
11    28.5    43.2   16:30    14.2   08:30     36.4     00.0   00.01   01.1     09.2    16:00     SSE
12    45.6    62.1   17:00    33.3   08:30     19.3     00.0   00.00   01.1     13.8    15:00     WNW
13    43.2    61.4   17:00    26.5   07:30     21.7     00.0   00.00   00.3     14.9    16:30      NW
14    40.3    58.7   16:30    24.4   08:30     24.6     00.0   00.00   01.5     12.7    23:30     SSE
15    45.7    53.7   15:30    31.5   00:00     19.2     00.0   00.00   03.5     28.8    07:30     NNW
16    36.4    52.9   16:00    25.2   05:30     28.5     00.0   00.00   00.6     10.3    11:30     NNE
17    38.5    52.5   14:30    23.8   04:30     26.4     00.0   00.02   01.1     11.5    15:00     SSE
18    45.0    53.1   18:00    33.7   01:29     19.9     00.0   00.22   01.5     18.4    15:00     NNW
19    37.4    46.9   17:00    28.8   00:00     27.6     00.0   00.00   02.8     13.8    11:00      N 
20    28.5    41.9   17:00    17.2   08:30     36.4     00.0   00.00   01.4     12.7    01:29      N 
21    33.0    48.6   17:00    18.8   08:30     32.0     00.0   00.00   01.0     11.5    15:00     SSE
22    40.8    56.4   17:00    17.9   08:30     24.1     00.0   00.00   01.4     23.0    20:00     NNW
23    38.2    49.2   11:00    27.4   09:00     26.7     00.0   00.00   01.8     17.3    00:30      NW
24    48.2    63.9   16:30    36.5   05:30     16.7     00.0   00.00   01.6     16.1    15:00      NW
25    28.4    45.5   00:30    20.8   00:00     36.5     00.0   00.00   01.9     13.8    23:30     ESE
26    23.8    26.2   00:00    20.2   01:00     41.2     00.0   00.00   02.5     13.8    20:30      N 
27    30.2    33.6   19:30    26.4   01:29     34.8     00.0   00.02   01.2     12.7    19:30     NNW
28    32.6    44.0   17:00    23.2   05:30     32.3     00.0   00.19   02.6     19.6    13:30      NW
29    38.0    54.5   15:00    23.9   08:30     26.9     00.0   00.14   01.1     12.7    16:00      NW
30    43.5    54.8   17:00    33.0   08:30     21.5     00.0   00.00   02.6     19.6    14:30      NW
31    33.7    47.3   16:00    23.6   08:10     31.2     00.0   00.00   02.7     19.6    08:00      N 
----------------------------------------------------------------------------------------------------------------------------------------------------------
39.6 (39.5)   76.4  day 03     14.2  day 11   785.6    000.3   01.28   01.7     28.8   day 15     NNW
Max <=  32: 1
Min <=  86: 31
Min <=  23: 9
Max Rain: 0.64 ON 5-01-10
Days of Rain: 9 (> .008in) 4 (> .08in) 0 (> 0.8in)