NOAA Reports


Report for 2004 Jun
MONTHLY CLIMATOLOGICAL SUMMARY for JUN. 2004

NAME: Sunset Beach   CITY: Sunset Beach (Mainland) STATE: North Carolina
ELEV: 52 LAT: 033:54:59 LONG: 0078:29:50

                            TEMPERATURE ( F), RAIN (in.), WIND SPEED (mph)

                                                 HEAT     COOL           AVG
      MEAN                                       DEG      DEG            WIND                        DOM
DAY   TEMP    HIGH   TIME      LOW     TIME      DAYS     DAYS   RAIN    SPEED    HIGH    TIME       DIR
----------------------------------------------------------------------------------------------------------------------------------------------------------
01    73.5    84.5   15:00    59.9   07:00     00.0     08.6   00.00   01.6     19.6    13:30      NW
02    74.0    91.4   17:00    54.8   07:00     00.0     09.0   00.00   01.2     17.3    15:00      NW
03    79.7    93.8   18:30    56.9   07:00     00.0     14.7   00.00   01.3     11.5    23:30      E 
04    70.3    76.8   00:30    65.2   00:00     00.0     05.4   00.11   02.2     16.1    15:30      N 
05    72.7    83.8   16:30    49.8   09:30     00.0     07.8   00.00   01.5     13.8    18:00     NNW
06    70.4    82.0   18:30    49.8   16:00     00.0     05.4   00.00   00.6     10.3    12:30      NE
07    76.4    87.9   16:30    49.8   23:30     00.0     11.5   00.00   01.0     11.5    16:00      E 
08    72.9    84.4   17:00    67.7   05:00     00.0     08.0   00.46   00.9     26.4    17:30     ESE
09    73.3    85.3   15:30    49.8   01:29     00.0     08.3   00.00   00.9     19.6    18:30     SSE
10    77.6    90.3   16:30    66.0   07:30     00.0     12.7   00.00   01.2     16.1    19:00      NW
11    82.1    95.5   17:00    49.8   21:30     00.0     17.2   00.00   01.1     11.5    18:00      NW
12    77.6    87.5   16:00    69.3   07:00     00.0     12.7   00.00   01.4     13.8    12:30      E 
13    70.9    76.5   16:30    66.8   06:30     00.0     05.9   00.02   01.4     11.5    16:00     ESE
14    74.0    84.6   14:00    70.3   07:00     00.0     09.1   02.51   01.2     12.7    17:00      SE
15    76.7    85.5   18:30    70.9   03:00     00.0     11.8   00.02   01.8     16.1    13:00      SE
16    80.7    91.1   17:30    72.7   07:00     00.0     15.8   00.20   01.1     11.5    18:30     SSW
17    82.2    93.8   19:00    72.2   07:00     00.0     17.3   00.00   00.8     11.5    20:30     ESE
18    80.9    93.3   15:30    71.1   07:30     00.0     16.0   00.12   01.0     26.4    16:30      NW
19    78.7    92.2   17:30    49.6   18:00     00.0     13.8   00.45   01.6     26.4    19:00      NW
20    76.7    87.0   18:00    64.0   07:00     00.0     11.7   00.00   01.2     12.7    12:30      NE
21    71.3    75.1   18:00    66.3   09:00     00.0     06.3   00.56   01.8     16.1    14:30      SE
22    75.9    89.3   17:30    69.6   04:30     00.0     11.0   00.09   00.9     16.1    18:30     WSW
23    75.7    87.6   16:00    69.1   05:30     00.0     10.7   00.16   00.6     13.8    17:00     WSW
24    75.9    86.5   16:30    70.4   03:00     00.0     10.9   00.10   00.6     11.5    18:00      SW
25    73.5    83.8   13:30    49.6   09:00     00.0     08.6   00.98   01.0     11.5    17:30      N 
26    75.6    85.7   18:30    67.0   08:30     00.0     10.6   00.32   01.4     19.6    08:00     NNW
27    72.8    80.6   19:00    68.3   03:00     00.0     07.9   00.02   01.0     16.1    07:30      NE
28    73.7    81.8   19:00    68.1   07:00     00.0     08.7   00.01   00.9     11.5    17:00     NNW
29    76.5    87.9   17:00    64.3   07:00     00.0     11.5   00.00   00.9     12.7    11:00     NNW
30    73.9    83.8   13:30    67.8   07:30     00.0     09.0   00.11   00.6     10.3    15:30     SSE
----------------------------------------------------------------------------------------------------------------------------------------------------------
75.5 (74.6)   95.5  day 11     49.6  day 25   000.0    317.9   06.10   01.1     26.5   day 25     NNE
Max >=  86: 15
Min <=  86: 30
Max Rain: 2.51 ON 14-06-10
Days of Rain: 17 (> .008in) 13 (> .08in) 2 (> 0.8in)