NOAA Reports


Report for 2004 Aug
 MONTHLY CLIMATOLOGICAL SUMMARY for AUG. 2004

NAME: Sunset Beach   CITY: Sunset Beach (Mainland) STATE: North Carolina
ELEV: 52 LAT: 033:54:59 LONG: 0078:29:50

                            TEMPERATURE ( F), RAIN (in.), WIND SPEED (mph)

                                                 HEAT     COOL           AVG
      MEAN                                       DEG      DEG            WIND                        DOM
DAY   TEMP    HIGH   TIME      LOW     TIME      DAYS     DAYS   RAIN    SPEED    HIGH    TIME       DIR
----------------------------------------------------------------------------------------------------------------------------------------------------------
01    79.4    92.6   15:30    71.9   04:30     00.0     14.5   00.09   01.3     24.1    18:00      NE
02    79.0    88.2   17:30    73.3   04:30     00.0     14.0   00.00   01.4     19.6    16:00     NNE
03    80.6    92.3   18:30    72.8   08:00     00.0     15.6   00.02   02.8     18.4    12:30      N 
04    80.2    92.5   17:00    68.0   07:30     00.0     15.3   00.00   00.7     11.5    16:30     NNW
05    79.6    90.6   14:00    70.2   00:00     00.0     14.7   00.00   01.8     28.8    23:00      N 
06    72.2    80.9   15:30    65.0   07:30     00.0     07.3   00.00   03.9     21.9    00:30      N 
07    68.1    83.1   18:30    51.9   07:30     00.0     03.1   00.00   01.2     13.8    12:00      N 
08    69.7    84.4   18:00    54.6   07:30     00.0     04.8   00.00   00.5     08.1    16:00     ENE
09    72.1    87.9   15:30    58.0   07:00     00.0     07.2   00.00   00.4     08.1    12:30      SE
10    75.1    87.6   16:30    61.6   08:00     00.0     10.2   00.00   01.0     11.5    18:00     SSE
11    76.5    88.8   15:29    63.3   07:00     00.0     11.6   00.19   01.4     21.9    20:00      SE
12    69.6    73.0   20:00    65.3   07:00     00.0     04.6   02.90   00.9     17.3    13:30     ESE
13    71.9    79.3   15:00    68.9   03:30     00.0     07.0   00.78   00.5     18.4    15:30      E 
14    66.9    71.9   18:00    62.0   08:00     00.0     02.0   00.71   01.7     13.8    13:30      N 
15    68.3    74.2   16:30    64.6   07:00     00.0     03.3   00.02   01.3     13.8    10:30      N 
16    75.0    86.2   17:00    64.5   08:00     00.0     10.0   00.00   01.1     11.5    10:30     NNE
17    74.2    83.9   16:30    63.7   07:30     00.0     09.2   00.24   00.7     26.3    00:33     ESE
18    76.1    86.5   19:00    67.2   03:00     00.0     11.1   01.03   00.4     08.1    17:00     ESE
19    77.6    90.5   14:30    65.8   07:30     00.0     12.6   00.00   00.3     06.9    13:00      SE
20    78.6    90.8   16:00    67.0   07:30     00.0     13.7   00.00   00.8     12.7    15:30     SSE
21    77.6    88.3   17:30    70.8   00:00     00.0     12.7   01.02   01.2     11.5    19:00     SSW
22    73.4    79.9   15:00    69.5   03:30     00.0     08.4   00.00   00.5     10.3    10:00      NE
23    76.2    88.7   17:00    66.0   03:30     00.0     11.3   00.00   00.4     08.1    12:00     ENE
24    76.1    88.8   17:00    66.6   08:00     00.0     11.2   00.00   01.1     11.5    14:50     ESE
25    73.9    86.9   17:30    62.3   07:00     00.0     09.0   00.00   00.5     10.3    17:00      E 
26    75.5    89.2   15:30    65.8   08:00     00.0     10.6   00.00   00.7     11.5    17:30     NNE
27    80.0    92.3   17:00    65.5   01:30     00.0     15.1   00.00   01.0     11.5    13:00      NE
28    78.7    92.4   18:00    67.8   08:00     00.0     13.8   00.00   00.7     11.5    15:30     ESE
29    72.2    76.5   13:00    67.0   08:00     00.0     07.2   00.75   01.8     19.6    00:00      N 
30    79.2    90.9   18:00    72.1   08:30     00.0     14.3   00.00   03.0     17.3    03:00      NW
31    76.5    86.0   18:30    70.4   07:30     00.0     11.6   01.25   01.0     11.5    15:00      SE
----------------------------------------------------------------------------------------------------------------------------------------------------------
75.2 (75.9)   92.6  day 01     51.9  day 07   000.0    316.9   09.00   01.2     26.3   day 17      NE
Max >=  86: 21
Min <=  86: 31
Max Rain: 2.10 ON 12-08-10
Days of Rain: 12 (> .008in) 8 (> .08in) 1 (> 0.8in)