NOAA Reports


Report for 2004 Sep
MONTHLY CLIMATOLOGICAL SUMMARY for SEP. 2004

NAME: Sunset Beach   CITY: Sunset Beach (Mainland) STATE: North Carolina
ELEV: 52 LAT: 033:54:59 LONG: 0078:29:50

                            TEMPERATURE ( F), RAIN (in.), WIND SPEED (mph)

                                                 HEAT     COOL           AVG
      MEAN                                       DEG      DEG            WIND                        DOM
DAY   TEMP    HIGH   TIME      LOW     TIME      DAYS     DAYS   RAIN    SPEED    HIGH    TIME       DIR
----------------------------------------------------------------------------------------------------------------------------------------------------------
01    77.4    86.6   17:00    71.2   07:30     00.0     12.5   00.00   01.0     17.3    13:30      NE
02    75.0    84.4   16:30    66.2   00:00     00.0     10.1   00.00   00.6     11.5    15:30      E 
03    72.4    84.3   17:30    62.4   08:00     00.0     07.4   00.00   01.0     16.1    12:00     NNE
04    74.7    84.2   18:00    63.6   07:30     00.0     09.8   00.00   01.2     12.7    18:00     NNE
05    74.5    85.7   16:30    66.5   08:00     00.0     09.5   00.00   01.7     20.7    13:30     NNE
06    74.8    84.3   15:00    72.0   06:30     00.0     09.8   00.48   01.1     26.4    15:30     ESE
07    72.8    74.6   13:00    71.8   07:30     00.0     07.8   02.83   02.4     26.4    00:00     ESE
08    75.2    78.7   13:00    72.7   00:30     00.0     10.3   02.48   04.0     21.9    05:00      SE
09    76.3    85.0   18:00    70.4   08:30     00.0     11.4   00.00   01.6     17.3    15:30     NNW
10    72.7    84.5   15:00    61.3   07:30     00.0     07.8   00.00   00.5     11.5    10:30      N 
11    74.9    86.5   16:00    63.9   08:30     00.0     09.9   00.00   00.8     11.5    15:00      E 
12    71.2    84.5   16:00    58.9   08:00     00.0     06.3   00.00   00.6     11.5    15:30     ENE
13    70.8    82.2   15:30    61.0   07:00     00.0     05.9   00.00   00.6     11.5    15:30      E 
14    71.1    79.2   18:00    65.2   23:30     00.0     06.1   00.23   00.5     10.3    17:30     ESE
15    69.5    78.3   17:00    64.5   08:00     00.0     04.6   00.01   01.0     11.5    15:30     NNE
16    72.3    79.8   17:00    65.4   03:30     00.0     07.4   00.11   01.1     17.3    00:00     ESE
17    73.8    77.4   11:30    70.1   18:30     00.0     08.8   01.06   06.7     26.4    12:00      SE
18    69.6    78.2   17:30    63.6   00:00     00.0     04.7   00.00   04.6     25.3    13:29     NNW
19    64.9    78.3   18:30    54.3   23:30     00.0     00.0   00.00   02.5     21.9    13:30      N 
20    61.7    74.7   16:00    48.9   07:00     03.2     00.0   00.00   02.0     20.7    12:30      N 
21    63.7    81.1   17:00    49.3   08:30     01.3     00.0   00.00   01.0     13.8    12:00     NNE
22    71.3    88.8   17:30    50.9   08:00     00.0     06.4   00.00   00.6     08.1    16:30     NNE
23    71.5    88.7   15:30    58.2   08:30     00.0     06.6   00.00   01.1     12.7    17:00      N 
24    72.1    85.0   16:30    59.9   08:00     00.0     07.2   00.00   01.2     17.3    15:00     NNE
25    67.0    82.5   16:00    54.1   07:00     00.0     02.0   00.00   01.1     17.3    13:00      N 
26    69.4    83.6   16:30    56.4   07:00     00.0     04.4   00.00   00.8     18.4    17:00      NE
27    69.2    73.5   00:00    65.8   08:30     00.0     04.2   01.66   01.8     21.9    18:30      NE
28    73.9    83.8   17:30    69.2   09:00     00.0     09.0   01.06   03.2     24.1    00:30      NW
29    68.4    80.5   15:30    58.3   08:30     00.0     03.5   00.00   00.6     12.7    12:30      NW
30    69.2    82.5   17:30    58.8   05:00     00.0     04.3   00.00   00.3     10.3    18:30     NNW
----------------------------------------------------------------------------------------------------------------------------------------------------------
71.4 (72.3)   88.8  day 22     48.9  day 20   004.5    197.6   09.57   01.6     26.5   day 17      NE
Max >=  86: 4
Min <=  86: 30
Max Rain: 2.63 ON 7-09-10
Days of Rain: 9 (> .008in) 6 (> .08in) 5 (> 0.8in)