NOAA Reports


Report for 2004 Nov
MONTHLY CLIMATOLOGICAL SUMMARY for NOV. 2004

NAME: Sunset Beach   CITY: Sunset Beach (Mainland) STATE: North Carolina
ELEV: 52 LAT: 033:54:59 LONG: 0078:29:50

                            TEMPERATURE ( F), RAIN (in.), WIND SPEED (mph)

                                                 HEAT     COOL           AVG
      MEAN                                       DEG      DEG            WIND                        DOM
DAY   TEMP    HIGH   TIME      LOW     TIME      DAYS     DAYS   RAIN    SPEED    HIGH    TIME       DIR
----------------------------------------------------------------------------------------------------------------------------------------------------------
01    69.5    84.1   15:30    58.0   07:00     00.0     04.5   00.00   00.6     12.7    15:00     SSE
02    69.2    78.1   16:00    61.7   00:30     00.0     04.2   00.02   00.6     11.5    16:00     SSE
03    71.1    76.7   15:30    65.3   00:00     00.0     06.2   00.42   00.7     19.6    11:00     ENE
04    57.3    64.5   00:30    53.0   00:00     07.6     00.0   00.78   01.1     12.7    18:30      N 
05    54.1    65.1   16:00    41.2   00:00     10.8     00.0   00.00   02.1     16.1    16:30      NW
06    49.6    69.2   16:00    32.8   07:30     15.4     00.0   00.00   00.7     11.5    14:30     SSE
07    53.8    75.4   15:30    36.0   08:00     11.1     00.0   00.00   00.3     10.3    13:30      SE
08    54.7    69.2   16:00    42.9   06:00     10.2     00.0   00.00   02.0     20.7    11:30      N 
09    44.6    60.4   16:30    31.2   08:00     20.3     00.0   00.00   00.8     13.8    14:30     NNE
10    42.6    58.5   15:00    29.8   06:30     22.4     00.0   00.00   00.7     11.5    13:30     ESE
11    48.2    56.8   16:30    36.4   03:00     16.7     00.0   00.00   00.2     05.8    12:30      E 
12    53.9    58.8   12:30    49.6   03:29     11.0     00.0   00.61   01.1     13.8    23:00      N 
13    51.8    59.9   16:30    42.0   00:00     13.1     00.0   00.00   02.6     21.9    11:30      N 
14    42.1    56.8   16:00    29.1   07:30     22.9     00.0   00.00   00.9     16.1    13:30     NNE
15    42.6    62.7   16:30    27.1   06:30     22.3     00.0   00.00   00.3     08.1    14:00      N 
16    43.5    61.0   15:30    30.2   06:00     21.4     00.0   00.00   00.1     06.9    14:30      NW
17    50.0    69.6   15:30    33.8   08:00     15.0     00.0   00.00   00.6     11.5    14:30      NW
18    57.3    69.9   15:30    42.1   00:30     07.6     00.0   00.00   00.2     06.9    14:00     SSE
19    61.1    74.9   14:30    52.6   00:00     03.8     00.0   00.00   00.7     11.5    14:00      S 
20    60.5    67.4   15:30    52.0   00:30     04.5     00.0   00.01   00.6     08.1    16:00     WSW
21    60.8    73.1   14:30    49.6   08:30     04.2     00.0   00.01   00.2     11.5    14:00      NW
22    60.6    70.5   15:30    53.2   08:00     04.4     00.0   00.01   00.5     11.5    16:30     ESE
23    61.5    63.4   12:00    60.0   01:29     03.5     00.0   00.20   00.2     05.8    19:00      E 
24    62.9    69.4   13:00    59.3   22:00     02.0     00.0   00.44   02.0     17.3    19:00      SE
25    50.6    62.2   02:20    32.4   00:00     14.3     00.0   00.00   05.5     27.6    15:30      NW
26    39.0    55.6   15:00    27.4   08:00     25.9     00.0   00.01   00.4     10.3    13:30     ENE
27    38.5    48.5   16:30    25.6   08:00     26.5     00.0   00.53   01.1     11.5    00:00     ENE
28    49.0    60.5   14:30    41.5   23:00     15.9     00.0   00.00   02.1     18.4    13:30      NW
29    45.8    60.7   16:30    36.3   07:30     19.1     00.0   00.00   00.5     10.3    02:00      NE
30    47.0    58.8   13:30    31.7   07:30     17.9     00.0   00.00   02.0     17.3    23:54      SE
----------------------------------------------------------------------------------------------------------------------------------------------------------
53.1 (53.8)   84.1  day 01     25.6  day 27   369.8    014.9   03.04   01.0     27.6   day 25     NNE
Min <=  86: 30
Max Rain: 0.78 ON 4-11-10
Days of Rain: 11 (> .008in) 6 (> .08in) 0 (> 0.8in)