NOAA Reports


Report for 2004 Dec
MONTHLY CLIMATOLOGICAL SUMMARY for DEC. 2004

NAME: Sunset Beach   CITY: Sunset Beach (Mainland) STATE: North Carolina
ELEV: 52 LAT: 033:54:59 LONG: 0078:29:50

                            TEMPERATURE ( F), RAIN (in.), WIND SPEED (mph)

                                                 HEAT     COOL           AVG
      MEAN                                       DEG      DEG            WIND                        DOM
DAY   TEMP    HIGH   TIME      LOW     TIME      DAYS     DAYS   RAIN    SPEED    HIGH    TIME       DIR
----------------------------------------------------------------------------------------------------------------------------------------------------------
01    52.8    61.7   01:00    33.6   00:00     12.2     00.0   00.55   04.3     24.1    09:30      NW
02    41.8    60.9   15:00    27.2   08:30     23.1     00.0   00.00   00.7     11.5    16:00     SSE
03    42.0    58.3   16:30    28.0   08:30     22.9     00.0   00.00   00.8     13.8    14:00      NW
04    42.7    60.4   17:00    27.3   07:30     22.3     00.0   00.00   00.3     10.3    11:30      N 
05    45.1    65.1   15:00    27.4   06:30     19.8     00.0   00.00   00.5     11.5    14:00     ESE
06    49.5    53.6   15:00    44.7   01:29     15.4     00.0   00.93   00.3     08.1    14:00     SSE
07    62.1    69.0   17:00    51.5   02:16     02.9     00.0   00.00   02.7     26.0    01:16     SSE
08    57.4    71.4   13:30    44.4   00:00     07.6     00.0   00.00   00.5     08.1    00:30      N 
09    45.9    49.3   17:30    40.5   05:30     19.0     00.0   01.21   00.7     11.5    18:30      N 
10    55.8    65.3   13:00    48.0   01:29     09.1     00.0   00.43   01.2     13.8    05:00      S 
11    47.7    53.8   14:30    43.2   00:00     17.2     00.0   00.06   01.9     18.4    15:30     WNW
12    45.8    54.8   16:00    35.9   08:30     19.1     00.0   00.00   01.7     13.8    23:00      W 
13    46.3    55.4   13:30    36.6   00:00     18.6     00.0   00.00   04.4     26.4    16:30      NW
14    34.0    40.4   15:00    28.5   08:00     31.0     00.0   00.00   04.2     20.7    12:30      NW
15    29.3    42.6   15:30    18.3   08:30     35.7     00.0   00.00   01.0     12.7    11:30     NNW
16    34.6    51.9   15:30    15.8   08:00     30.3     00.0   00.00   00.7     10.3    14:30     SSE
17    41.0    58.6   15:30    24.2   01:00     23.9     00.0   00.00   00.4     10.3    13:00     ESE
18    39.0    58.3   15:00    22.9   08:30     26.0     00.0   00.00   00.3     10.3    13:00      SE
19    35.2    46.8   14:00    24.5   00:00     29.8     00.0   00.00   03.2     27.6    21:00      NW
20    23.4    33.0   17:00    12.5   08:00     41.5     00.0   00.00   02.1     17.3    10:00     NNW
21    43.2    56.5   16:30    22.0   00:30     21.8     00.0   00.00   01.6     13.8    15:30     SSE
22    48.5    62.2   16:30    26.5   08:30     16.4     00.0   00.00   01.9     17.3    23:00      SE
23    55.9    66.1   15:30    37.5   00:00     09.1     00.0   00.37   04.9     21.9    21:00     ESE
24    34.4    38.1   20:00    29.6   00:00     30.5     00.0   01.38   02.9     18.4    11:00      N 
25    31.2    36.3   15:00    27.7   09:00     33.7     00.0   00.00   01.5     12.7    11:30      N 
26    32.0    43.9   16:30    24.7   00:00     32.9     00.0   00.00   02.9     19.6    07:00      N 
27    31.8    44.3   15:30    22.8   23:30     33.2     00.0   00.00   01.1     17.3    12:00      N 
28    30.8    46.3   17:00    17.3   07:30     34.1     00.0   00.00   00.9     12.7    13:30     ESE
29    43.5    61.6   16:30    30.1   01:29     21.4     00.0   00.00   00.5     11.5    10:30     SSE
30    52.1    68.4   15:00    41.1   06:30     12.8     00.0   00.05   00.2     08.1    16:00      E 
31    48.8    64.0   14:00    34.6   09:00     16.2     00.0   00.00   00.7     16.1    13:00      SE
----------------------------------------------------------------------------------------------------------------------------------------------------------
42.7 (42.7)   71.4  day 08     12.5  day 20   689.5    000.0   04.98   01.7     27.6   day 19     NNW
Min <=  86: 31
Min <=  23: 7
Max Rain: 0.43 ON 10-12-10
Days of Rain: 6 (> .008in) 4 (> .08in) 0 (> 0.8in)