NOAA Reports


Report for 2005 Mar
MONTHLY CLIMATOLOGICAL SUMMARY for MAR. 2005

NAME: Sunset Beach   CITY: Sunset Beach (Mainland) STATE: North Carolina
ELEV: 52 LAT: 033:54:59 LONG: 0078:29:50

                            TEMPERATURE ( F), RAIN (in.), WIND SPEED (mph)

                                                 HEAT     COOL           AVG
      MEAN                                       DEG      DEG            WIND                        DOM
DAY   TEMP    HIGH   TIME      LOW     TIME      DAYS     DAYS   RAIN    SPEED    HIGH    TIME       DIR
----------------------------------------------------------------------------------------------------------------------------------------------------------
01    37.7    42.9   15:00    31.8   23:30     27.2     00.0   00.00   05.8     29.9    17:30      NW
02    36.3    47.7   17:00    26.4   05:30     28.6     00.0   00.00   03.9     28.8    18:00      NW
03    37.1    53.1   16:30    21.2   07:30     27.9     00.0   00.00   02.2     20.7    16:00      NW
04    42.2    61.3   17:00    20.7   07:30     22.7     00.0   00.00   01.1     16.1    16:00     SSE
05    53.8    63.7   14:30    45.4   00:00     11.1     00.0   00.00   03.9     29.9    16:30     NNW
06    47.9    65.1   17:00    26.6   08:00     17.1     00.0   00.00   01.1     13.8    15:00      NW
07    54.3    73.2   16:00    30.4   08:00     10.7     00.0   00.05   01.7     21.9    16:00     WSW
08    45.3    54.1   06:29    33.4   00:00     19.6     00.0   00.56   07.5     40.3    08:30     NNW
09    38.1    49.6   17:30    25.1   07:30     26.8     00.0   00.00   01.0     16.1    12:30     WNW
10    43.1    55.5   17:00    29.1   06:30     21.9     00.0   00.00   01.4     18.4    17:00      NW
11    46.3    61.0   15:30    30.0   07:30     18.7     00.0   00.00   04.2     33.4    16:30      NW
12    54.1    73.9   17:30    30.2   04:00     10.9     00.0   00.00   02.8     31.1    17:30     WNW
13    63.1    79.1   17:00    41.9   08:00     01.9     00.0   00.00   01.8     33.4    22:00      N 
14    46.3    72.2   02:01    37.0   00:00     18.6     00.0   00.26   01.4     18.4    03:00     ENE
15    44.5    57.5   17:00    31.5   05:00     20.5     00.0   00.01   00.9     16.1    10:30      NE
16    40.8    45.0   04:30    36.5   00:00     24.2     00.0   00.86   01.5     24.1    21:30     NNE
17    36.6    38.8   15:00    33.8   08:00     28.3     00.0   00.23   02.3     19.6    15:00      N 
18    43.6    61.2   17:30    28.7   07:00     21.3     00.0   00.01   01.1     17.3    13:30     NNE
19    46.5    62.5   13:30    28.3   07:00     18.5     00.0   00.00   00.9     11.5    17:30      SE
20    52.1    68.8   16:30    32.2   07:30     12.8     00.0   00.00   01.7     19.6    11:00      N 
21    51.7    67.7   16:30    38.7   08:00     13.3     00.0   00.00   00.9     11.5    10:00     ESE
22    50.3    59.7   17:30    41.8   02:00     14.6     00.0   00.41   00.9     12.7    08:30      NE
23    61.9    73.9   17:00    54.6   01:03     03.1     00.0   00.53   03.3     20.7    18:30      SW
24    58.9    71.0   16:00    44.2   07:30     06.1     00.0   00.00   01.5     13.8    16:00      N 
25    57.7    71.6   16:30    46.1   06:30     07.3     00.0   00.00   01.3     12.7    16:30      E 
26    53.4    58.3   16:00    49.5   09:00     11.6     00.0   00.00   00.7     11.5    13:00     ESE
27    54.4    57.0   00:00    51.0   07:30     10.5     00.0   00.42   01.3     13.8    23:00     ESE
28    55.4    62.0   07:30    48.2   00:00     09.6     00.0   00.65   03.1     28.8    07:30     WNW
29    60.6    79.8   17:30    45.5   04:30     04.3     00.0   00.00   02.8     21.9    12:00     NNW
30    61.1    80.5   17:30    43.6   07:00     03.8     00.0   00.00   00.9     16.1    15:30      SE
31    57.3    62.8   18:00    53.0   06:30     07.7     00.0   00.30   01.4     21.9    11:00     SSE
----------------------------------------------------------------------------------------------------------------------------------------------------------
49.4 (49.5)   80.5  day 30     20.7  day 04   481.0    000.0   04.09   02.1     40.3   day 14     NNW
Min <=  86: 31
Min <=  23: 2
Max Rain: 0.86 ON 16-03-10
Days of Rain: 12 (> .008in) 9 (> .08in) 1 (> 0.8in)