NOAA Reports


Report for 2005 Apr
MONTHLY CLIMATOLOGICAL SUMMARY for APR. 2005

NAME: Sunset Beach   CITY: Sunset Beach (Mainland) STATE: North Carolina
ELEV: 52 LAT: 033:54:59 LONG: 0078:29:50

                            TEMPERATURE ( F), RAIN (in.), WIND SPEED (mph)

                                                 HEAT     COOL           AVG
      MEAN                                       DEG      DEG            WIND                        DOM
DAY   TEMP    HIGH   TIME      LOW     TIME      DAYS     DAYS   RAIN    SPEED    HIGH    TIME       DIR
----------------------------------------------------------------------------------------------------------------------------------------------------------
01    59.1    63.5   18:00    55.7   06:30     05.8     00.0   00.01   01.5     18.4    20:00     SSE
02    53.7    60.7   01:00    47.1   23:30     11.3     00.0   00.08   06.5     31.1    17:00      NW
03    56.6    67.4   18:30    46.3   06:00     08.3     00.0   00.00   07.9     32.2    00:30     NNW
04    63.6    76.9   19:00    44.9   08:30     01.3     00.0   00.00   01.9     17.3    14:00      NW
05    64.0    84.0   18:00    43.4   07:30     00.9     00.0   00.00   01.6     17.3    15:30      S 
06    65.8    80.9   16:30    49.2   08:30     00.0     00.9   00.00   05.0     19.6    17:00      S 
07    64.5    68.5   17:30    61.5   00:00     00.4     00.0   00.09   02.7     18.4    15:30     SSE
08    62.8    68.8   13:30    59.0   07:00     02.1     00.0   00.28   01.7     18.4    23:00     ENE
09    63.9    74.9   17:30    55.8   23:00     01.0     00.0   00.06   02.7     26.4    10:00      N 
10    59.8    78.8   18:00    40.7   07:30     05.2     00.0   00.00   00.7     10.3    14:00     SSE
11    66.8    83.3   16:00    47.0   08:00     00.0     01.8   00.00   00.8     10.3    17:30     SSE
12    60.0    71.0   15:30    51.6   00:00     05.0     00.0   00.98   01.6     19.6    20:30     ESE
13    47.6    51.3   00:30    45.3   23:00     17.3     00.0   00.48   02.3     18.4    08:00      N 
14    52.6    65.7   19:00    43.5   08:30     12.3     00.0   00.11   02.3     20.7    14:00      N 
15    54.3    66.8   18:00    41.9   07:00     10.7     00.0   00.00   03.1     31.1    13:30      N 
16    53.4    68.9   18:30    37.3   08:00     11.6     00.0   00.00   02.9     27.6    10:30      N 
17    54.4    76.0   17:30    33.0   07:30     10.6     00.0   00.00   00.7     11.5    14:00      NE
18    62.2    82.9   19:00    40.0   07:30     02.7     00.0   00.00   00.9     11.5    15:00      E 
19    70.9    85.4   18:00    48.7   08:00     00.0     06.0   00.00   00.9     11.5    14:00     SSE
20    70.7    84.7   17:00    55.2   08:30     00.0     05.8   00.00   01.4     19.6    14:30     WNW
21    71.2    85.8   18:00    51.0   08:00     00.0     06.2   00.00   00.9     16.1    17:00      S 
22    65.6    81.9   16:30    55.6   08:00     00.0     00.6   00.15   01.5     21.9    15:00     SSE
23    60.1    71.1   14:00    48.8   00:00     04.9     00.0   00.15   05.1     32.2    17:00      NW
24    46.1    51.9   18:30    40.0   08:00     18.8     00.0   00.00   04.5     27.6    15:30     NNW
25    52.8    68.1   18:00    37.7   08:00     12.1     00.0   00.00   01.5     18.4    15:00     WNW
26    53.7    61.0   15:30    50.7   12:24     11.3     00.0   00.21   00.9     16.1    16:00     SSE
27    58.1    67.7   16:30    49.2   07:30     06.9     00.0   00.00   02.2     19.6    17:30     NNW
28    54.6    69.6   17:00    35.7   07:30     10.4     00.0   00.00   01.0     17.3    16:00      N 
29    62.4    78.1   16:30    50.5   01:30     02.5     00.0   00.63   01.1     17.3    16:30     SSE
30    64.4    69.1   18:30    56.6   12:30     00.5     00.0   00.14   02.4     28.8    13:00     SSE
----------------------------------------------------------------------------------------------------------------------------------------------------------
59.9 (59.8)   85.8  day 21     33.0  day 17   173.7    021.3   03.37   02.3     32.2   day 04     NNW
Min <=  86: 30
Max Rain: 0.98 ON 12-04-10
Days of Rain: 13 (> .008in) 8 (> .08in) 1 (> 0.8in)