NOAA Reports


Report for 2005 Jun
MONTHLY CLIMATOLOGICAL SUMMARY for JUN. 2005

NAME: Sunset Beach   CITY: Sunset Beach (Mainland) STATE: North Carolina
ELEV: 52 LAT: 033:54:59 LONG: 0078:29:50

                            TEMPERATURE ( F), RAIN (in.), WIND SPEED (mph)

                                                 HEAT     COOL           AVG
      MEAN                                       DEG      DEG            WIND                        DOM
DAY   TEMP    HIGH   TIME      LOW     TIME      DAYS     DAYS   RAIN    SPEED    HIGH    TIME       DIR
----------------------------------------------------------------------------------------------------------------------------------------------------------
01    62.6    68.1   00:59    56.5   05:30     02.3     00.0   00.84   01.2     19.6    23:30      SE
02    61.9    65.6   18:30    59.5   08:30     03.1     00.0   00.95   01.3     11.5    21:30     NNE
03    65.7    71.8   19:30    61.2   07:30     00.0     00.7   00.03   00.8     08.1    10:00     NNE
04    75.0    88.8   19:30    65.8   07:00     00.0     10.0   00.00   00.4     08.1    14:30      N 
05    77.5    91.4   18:00    62.5   07:00     00.0     12.6   00.00   00.5     08.1    17:30     NNE
06    78.4    92.8   16:00    56.3   12:00     00.0     13.4   00.00   00.5     11.5    17:30     ESE
07    75.4    92.4   17:00    65.6   07:30     00.0     10.5   03.83   00.9     20.5    00:33      SE
08    73.3    86.8   15:00    64.3   07:30     00.0     08.4   00.49   00.6     12.7    16:30     ESE
09    77.0    88.1   15:00    69.9   02:30     00.0     12.0   00.00   01.9     20.7    18:30      SE
10    77.2    87.1   15:00    56.3   09:00     00.0     12.2   00.00   02.3     16.1    19:00      SE
11    76.2    85.3   17:30    67.9   08:00     00.0     11.2   00.00   01.5     11.5    17:30      SE
12    77.2    86.6   16:30    70.7   03:00     00.0     12.3   00.01   03.1     30.5    00:33      SE
13    78.8    88.8   18:30    72.5   07:00     00.0     13.9   00.43   01.7     11.5    16:00      SE
14    80.9    94.8   16:30    56.3   01:30     00.0     16.0   00.00   00.8     10.3    13:30      NE
15    81.2    92.8   16:30    69.4   07:30     00.0     16.3   00.00   01.3     12.7    15:30      NW
16    78.4    87.8   17:30    62.5   07:00     00.0     13.4   00.00   02.1     17.3    15:30     NNW
17    72.5    83.2   19:30    62.9   07:30     00.0     07.6   00.00   01.4     16.1    12:00      N 
18    73.5    86.4   18:00    60.3   05:00     00.0     08.6   00.00   01.1     13.8    14:00      E 
19    70.2    82.5   13:30    61.7   00:00     00.0     05.3   00.26   01.1     13.8    14:00      N 
20    68.9    80.0   16:30    56.2   07:30     00.0     04.0   00.71   00.8     17.3    16:30     NNE
21    71.2    84.1   16:30    57.3   07:00     00.0     06.2   00.00   01.0     11.5    13:00     NNW
22    75.3    87.9   18:00    61.1   07:30     00.0     10.4   00.00   01.5     13.8    14:30      NW
23    79.5    90.9   18:00    63.8   07:00     00.0     14.6   00.00   00.9     11.5    17:30     NNE
24    76.5    90.5   17:30    56.3   08:00     00.0     11.6   00.00   01.0     12.7    14:00     ESE
25    75.8    88.7   17:30    56.3   11:30     00.0     10.8   00.00   00.8     12.7    17:30      E 
26    76.3    84.3   15:30    69.9   07:30     00.0     11.4   00.18   01.1     12.7    12:30     NNE
27    79.4    91.1   16:30    56.3   23:00     00.0     14.4   00.51   01.1     12.7    20:30      SE
28    73.8    76.9   19:00    69.5   00:33     00.0     08.8   00.58   00.7     10.3    18:30      SE
29    77.4    86.9   19:30    56.4   14:00     00.0     12.4   00.01   00.4     10.3    17:30      SE
30    80.4    94.1   16:30    68.7   07:00     00.0     15.5   00.01   00.8     13.8    14:00      NW
----------------------------------------------------------------------------------------------------------------------------------------------------------
74.9 (74.2)   94.8  day 14     56.2  day 20   005.4    304.6   08.82   01.2     30.5   day 12      E 
Max >=  86: 20
Min <=  86: 30
Max Rain: 2.93 ON 7-06-10
Days of Rain: 14 (> .008in) 8 (> .08in) 3 (> 0.8in)