NOAA Reports


Report for 2005 Aug
MONTHLY CLIMATOLOGICAL SUMMARY for AUG. 2005

NAME: Sunset Beach   CITY: Sunset Beach (Mainland) STATE: North Carolina
ELEV: 52 LAT: 033:54:59 LONG: 0078:29:50

                            TEMPERATURE ( F), RAIN (in.), WIND SPEED (mph)

                                                 HEAT     COOL           AVG
      MEAN                                       DEG      DEG            WIND                        DOM
DAY   TEMP    HIGH   TIME      LOW     TIME      DAYS     DAYS   RAIN    SPEED    HIGH    TIME       DIR
----------------------------------------------------------------------------------------------------------------------------------------------------------
01    76.7    87.8   17:00    56.4   07:00     00.0     11.8   00.00   01.1     13.8    14:00     NNE
02    78.4    93.1   17:00    56.4   02:30     00.0     13.4   00.00   00.6     11.5    13:00      NE
03    79.9    94.6   16:00    56.4   02:30     00.0     15.0   00.00   00.8     11.5    13:30     NNE
04    81.8    96.3   17:30    69.1   07:30     00.0     16.8   00.00   00.5     10.3    14:30     NNE
05    81.0    93.9   17:00    71.0   07:00     00.0     16.0   00.00   00.5     11.5    18:30      SE
06    77.5    88.7   15:00    56.4   17:30     00.0     12.5   00.00   01.7     25.3    16:30      SE
07    77.0    87.4   16:00    68.2   07:00     00.0     12.0   00.02   01.1     13.8    17:00      SE
08    76.3    87.7   17:30    70.4   07:30     00.0     11.4   00.27   00.7     24.1    18:00     ESE
09    77.6    88.3   18:00    56.4   05:30     00.0     12.6   00.68   00.5     13.8    19:00      E 
10    78.9    89.9   17:30    72.7   07:30     00.0     14.0   00.06   00.5     13.8    16:00     ESE
11    81.2    94.6   15:30    70.3   07:00     00.0     16.3   00.00   00.5     10.3    15:00      SE
12    80.8    92.8   15:00    70.9   07:30     00.0     15.8   00.00   00.4     08.1    15:00      SE
13    80.8    92.8   15:30    71.2   08:00     00.0     15.9   00.00   00.7     16.1    20:30     SSE
14    78.7    93.0   15:30    72.0   07:30     00.0     13.7   00.00   00.7     17.3    17:30     ESE
15    82.5    98.3   16:30    56.4   14:00     00.0     17.6   00.00   00.5     10.3    16:30      E 
16    86.4    96.9   15:30    73.8   08:00     00.0     21.4   00.43   00.9     26.4    23:30      SE
17    80.8    89.6   15:30    41.0   00:44     00.0     15.8   00.00   01.1     12.7    00:44      NE
18    81.6    94.3   18:30    71.4   09:30     00.0     16.7   00.00   00.2     18.1    07:00     NNE
19    84.6    98.9   16:00    72.7   07:30     00.0     19.6   00.00   00.0     20.0    00:00      N 
20    84.1    97.1   14:30    73.2   08:00     00.0     19.2   00.00   00.0     01.1    20:30      N 
21    80.7    92.0   15:30    69.6   07:30     00.0     15.8   00.00   00.7     10.3    15:30     SSE
22    78.0    87.1   13:30    70.2   08:00     00.0     13.1   00.00   00.6     10.3    10:30      SE
23    77.4    85.6   15:00    71.5   00:00     00.0     12.4   00.00   00.2     08.1    15:30      E 
24    74.5    83.9   15:00    66.9   00:00     00.0     09.6   00.00   00.8     11.5    17:00      SE
25    71.9    83.7   18:00    56.7   10:30     00.0     06.9   00.00   00.8     11.5    16:00      SE
26    77.2    89.6   17:30    64.0   07:30     00.0     12.2   03.01   00.3     05.8    17:30     SSE
27    78.1    89.0   15:30    68.6   05:30     00.0     13.2   00.00   00.3     06.9    17:00      SE
28    77.7    89.4   15:30    56.8   01:00     00.0     12.7   01.05   00.6     11.5    13:30      SE
29    79.3    89.5   17:00    56.8   06:30     00.0     14.4   00.00   02.5     20.7    14:00      S 
30    70.9    70.9   00:25    70.9   00:25     00.0     06.0   00.00   00.0     20.0    00:25     NNW
----------------------------------------------------------------------------------------------------------------------------------------------------------
79.1 (77.9)   98.9  day 19     41.0  day 17   000.0    439.7   05.52   02.7     26.5   day 07     ESE
Max >=  86: 27
Min <=  86: 31
Max Rain: 2.11 ON 23-08-10
Days of Rain: 8 (> .008in) 5 (> .08in) 1 (> 0.8in)