NOAA Reports


Report for 2005 Sep
MONTHLY CLIMATOLOGICAL SUMMARY for SEP. 2005

NAME: Sunset Beach   CITY: Sunset Beach (Mainland) STATE: North Carolina
ELEV: 52 LAT: 033:54:59 LONG: 0078:29:50

                            TEMPERATURE ( F), RAIN (in.), WIND SPEED (mph)

                                                 HEAT     COOL           AVG
      MEAN                                       DEG      DEG            WIND                        DOM
DAY   TEMP    HIGH   TIME      LOW     TIME      DAYS     DAYS   RAIN    SPEED    HIGH    TIME       DIR
----------------------------------------------------------------------------------------------------------------------------------------------------------
01    75.8    89.1   17:00    56.8   07:30     00.0     10.8   00.00   00.6     11.5    16:30      N 
02    74.8    88.9   16:30    61.8   08:00     00.0     09.9   00.41   00.5     10.3    15:00      NE
03    74.7    88.5   17:30    56.8   18:30     00.0     09.8   00.89   00.6     10.3    12:00      NE
04    71.4    84.9   17:30    60.0   08:00     00.0     06.4   00.00   00.6     11.5    15:00     ESE
05    70.2    83.2   17:00    58.2   06:30     00.0     05.3   00.00   01.1     17.3    12:00      E 
06    70.2    81.2   18:30    60.8   08:00     00.0     05.3   00.00   01.3     11.5    18:00     ENE
07    68.8    81.7   17:30    56.8   11:00     00.0     03.9   00.00   01.0     31.5    15:30     ENE
08    70.4    85.5   18:00    56.9   18:30     00.0     05.5   00.00   00.7     10.3    13:30      NE
09    70.1    88.1   16:30    53.5   08:00     00.0     05.2   00.00   00.8     11.5    15:00     ENE
10    71.5    87.6   16:00    56.7   06:30     00.0     06.6   00.00   01.2     12.7    16:30     ENE
11    70.9    85.4   16:30    56.9   01:30     00.0     05.9   00.00   01.4     16.1    16:30     ENE
12    69.9    86.0   17:30    55.6   08:00     00.0     05.0   00.00   00.9     11.5    14:00     ENE
13    76.3    85.3   17:30    63.7   08:30     00.0     11.4   00.00   01.7     17.3    20:30     ENE
14    77.5    85.1   17:00    72.2   08:30     00.0     12.5   00.00   01.5     11.5    18:30     ENE
15    79.0    92.4   16:30    56.9   00:30     00.0     14.1   00.00   00.9     11.5    15:00     NNE
16    75.6    93.7   14:30    65.2   08:00     00.0     10.6   00.21   00.5     36.4    16:00     NNW
17    76.9    94.3   17:00    56.9   12:00     00.0     11.9   00.01   01.0     16.1    13:30      NW
18    76.7    91.8   16:30    65.7   06:30     00.0     11.7   00.00   00.5     11.5    16:30     NNW
19    75.7    91.2   14:30    62.8   05:00     00.0     10.7   00.00   00.7     12.7    14:00      SE
20    78.9    93.3   16:30    67.8   06:30     00.0     14.0   00.00   01.2     13.8    14:30      W 
21    76.4    88.3   16:00    56.9   02:30     00.0     11.4   01.56   00.6     11.5    16:30      SE
22    75.4    90.0   17:30    65.5   06:30     00.0     10.4   00.00   00.5     12.7    16:30      S 
23    76.2    93.9   16:00    62.3   08:00     00.0     11.2   00.00   00.7     12.7    16:00     WSW
24    77.6    90.6   16:00    63.5   08:30     00.0     12.6   00.00   01.5     16.1    18:30      E 
25    74.7    81.1   16:30    56.8   01:00     00.0     09.7   00.00   01.0     10.3    17:30     SSE
26    75.3    81.4   14:00    56.7   05:00     00.0     10.4   01.02   01.5     20.7    13:30      SW
27    73.9    86.2   17:00    63.0   00:00     00.0     09.0   00.01   00.8     22.7    11:30     NNE
28    70.5    85.4   16:30    56.7   16:00     00.0     05.6   00.00   00.7     10.3    15:50      SE
29    71.3    84.5   16:00    59.3   05:30     00.0     06.4   00.00   01.4     18.4    14:00      W 
30    65.1    71.0   17:30    60.0   06:00     00.0     00.2   00.00   01.2     10.3    11:00      E 
----------------------------------------------------------------------------------------------------------------------------------------------------------
73.7 (73.5)   94.3  day 17     53.5  day 09   000.0    263.5   04.11   01.0     36.5   day 16     ENE
Max >=  86: 17
Min <=  86: 30
Max Rain: 0.21 ON 16-09-10
Days of Rain: 4 (> .008in) 1 (> .08in) 0 (> 0.8in)