NOAA Reports


Report for 2006 Feb
MONTHLY CLIMATOLOGICAL SUMMARY for FEB. 2006

NAME: Sunset Beach   CITY: Sunset Beach (Mainland) STATE: North Carolina
ELEV: 52 LAT: 033:54:59 LONG: 0078:29:50

                            TEMPERATURE ( F), RAIN (in.), WIND SPEED (mph)

                                                 HEAT     COOL           AVG
      MEAN                                       DEG      DEG            WIND                        DOM
DAY   TEMP    HIGH   TIME      LOW     TIME      DAYS     DAYS   RAIN    SPEED    HIGH    TIME       DIR
----------------------------------------------------------------------------------------------------------------------------------------------------------
01    35.5    49.4   16:30    19.0   07:30     29.4     00.0   00.00   00.7     12.7    15:00     ESE
02    34.3    43.1   16:30    23.9   04:30     30.7     00.0   00.09   01.4     16.1    11:00      N 
03    38.4    51.4   22:00    30.9   23:30     26.5     00.0   00.50   01.7     11.5    03:30     NNW
04    37.4    53.4   15:30    24.0   08:30     27.5     00.0   03.01   00.9     12.7    13:00      N 
05    35.0    41.0   13:00    27.4   05:00     30.0     00.0   00.03   01.2     11.5    23:00      N 
06    37.2    42.6   23:00    33.5   07:30     27.8     00.0   02.02   01.6     13.8    17:00      N 
07    42.6    49.7   14:30    32.8   00:00     22.3     00.0   00.01   04.3     19.6    19:30     NNW
08    36.2    48.9   16:30    25.8   07:30     28.7     00.0   00.05   01.8     18.4    11:00      N 
09    34.0    42.7   17:30    23.8   03:00     30.9     00.0   00.00   00.5     08.1    18:00     ESE
10    41.9    54.2   15:00    29.7   02:30     23.1     00.0   00.00   00.3     06.9    15:30      NW
11    44.0    53.0   15:30    36.3   02:30     20.9     00.0   00.00   00.5     08.1    15:00     NNW
12    37.9    42.8   00:30    34.3   09:30     27.1     00.0   00.59   01.1     16.1    16:00      N 
13    42.5    58.9   17:00    26.7   08:00     22.4     00.0   00.00   00.9     11.5    14:30      NW
14    44.8    51.4   23:30    39.3   03:00     20.1     00.0   00.12   00.5     05.8    19:00     ESE
15    40.6    47.3   12:30    33.8   23:30     24.3     00.0   00.24   01.8     19.6    17:00      N 
16    34.1    51.3   06:30    27.7   08:30     30.9     00.0   00.01   01.7     18.4    11:30     NNE
17    32.7    42.2   16:30    27.7   00:30     32.2     00.0   00.00   02.0     13.8    14:00      N 
18    40.4    56.1   17:30    24.1   08:00     24.6     00.0   00.00   01.9     17.3    17:00     NNW
19    45.4    67.9   17:00    24.0   06:30     19.6     00.0   00.00   00.8     10.3    11:30     NNE
20    53.0    65.3   16:00    34.3   03:30     12.0     00.0   00.00   02.7     21.9    18:00      S 
21    58.0    65.0   16:30    44.7   00:00     07.0     00.0   00.00   05.9     29.9    14:00      NW
22    44.9    62.3   17:00    30.6   07:30     20.0     00.0   00.00   01.0     13.8    10:00      N 
23    41.1    51.3   14:30    29.2   06:30     23.8     00.0   00.02   00.4     08.1    11:30      NE
24    48.8    56.5   13:30    41.5   03:00     16.1     00.0   00.02   01.4     19.6    00:00      N 
25    46.1    53.9   16:00    38.6   08:30     18.8     00.0   00.00   02.9     19.6    13:00     SSE
26    32.7    42.2   00:30    29.1   13:30     32.3     00.0   00.00   04.8     26.4    00:00      N 
27    33.6    38.9   18:30    28.6   23:00     31.3     00.0   00.82   04.1     24.1    13:30      N 
28    36.6    57.3   17:00    17.8   07:30     28.4     00.0   00.16   00.4     08.1    13:30     WNW
----------------------------------------------------------------------------------------------------------------------------------------------------------
40.3 (40.7)   67.9  day 19     17.8  day 28   688.8    000.0   05.64   01.7     29.9   day 21     NNW
Min <=  86: 28
Min <=  23: 2
Max Rain: 3.01 ON 4-02-10
Days of Rain: 15 (> .008in) 9 (> .08in) 3 (> 0.8in)