NOAA Reports


Report for 2006 Mar
MONTHLY CLIMATOLOGICAL SUMMARY for MAR. 2006

NAME: Sunset Beach   CITY: Sunset Beach (Mainland) STATE: North Carolina
ELEV: 52 LAT: 033:54:59 LONG: 0078:29:50

                            TEMPERATURE ( F), RAIN (in.), WIND SPEED (mph)

                                                 HEAT     COOL           AVG
      MEAN                                       DEG      DEG            WIND                        DOM
DAY   TEMP    HIGH   TIME      LOW     TIME      DAYS     DAYS   RAIN    SPEED    HIGH    TIME       DIR
----------------------------------------------------------------------------------------------------------------------------------------------------------
01    49.0    66.4   16:30    30.0   05:30     15.9     00.0   00.00   00.9     12.7    16:30     SSE
02    61.0    68.1   16:00    57.0   00:00     03.9     00.0   00.00   02.1     13.8    09:30      S 
03    62.4    76.4   16:30    48.1   07:30     02.6     00.0   00.00   00.9     11.5    15:00     ESE
04    66.6    81.1   15:30    51.4   14:00     00.0     01.7   00.00   01.1     17.3    16:00     SSE
05    68.9    76.7   15:30    51.3   17:30     00.0     04.0   00.00   02.8     21.9    15:00      S 
06    68.2    75.6   17:30    56.3   00:00     00.0     03.3   00.53   03.6     20.7    18:30     WSW
07    58.0    73.1   15:00    44.1   08:00     06.9     00.0   00.00   03.6     47.1    20:30     NNW
08    47.8    55.6   16:30    40.5   00:00     17.1     00.0   00.00   05.6     29.9    10:30     NNW
09    38.9    51.4   03:30    28.1   07:00     26.1     00.0   00.11   02.0     17.3    11:00      NE
10    42.8    51.3   17:00    31.7   00:00     22.1     00.0   00.00   03.6     19.6    17:30      N 
11    46.2    65.0   17:30    23.7   06:30     18.8     00.0   00.00   01.7     16.1    17:00      W 
12    54.4    67.6   17:30    37.0   07:00     10.5     00.0   00.00   02.4     19.6    11:00     NNW
13    48.6    64.0   17:00    37.0   08:00     16.3     00.0   00.00   02.0     19.6    04:00     NNE
14    53.6    69.0   16:00    36.9   00:30     11.3     00.0   00.00   01.4     17.3    16:30     SSE
15    58.4    61.7   15:30    55.1   08:00     06.5     00.0   00.17   00.3     06.9    23:00      SE
16    61.8    71.2   17:00    51.8   00:00     03.1     00.0   00.05   02.1     17.3    20:00      NW
17    49.9    60.5   16:30    42.5   23:00     15.1     00.0   00.00   01.8     18.4    17:30     NNW
18    44.3    52.6   16:30    33.3   04:30     20.7     00.0   00.18   00.6     10.3    13:30     ENE
19    54.1    70.4   16:30    38.5   06:00     10.9     00.0   00.00   01.4     16.1    12:30      N 
20    53.5    69.4   17:30    34.3   06:00     11.4     00.0   00.00   01.9     17.3    15:30     SSE
21    54.2    62.1   14:00    37.3   00:00     10.7     00.0   00.00   06.6     31.1    20:30      N 
22    38.9    50.8   16:30    30.4   06:30     26.1     00.0   00.06   03.3     19.6    18:00      N 
23    39.1    56.5   17:30    20.4   07:30     25.8     00.0   01.26   00.9     11.5    15:30     ESE
24    49.3    68.1   16:50    29.1   04:00     15.6     00.0   00.00   01.5     18.4    14:30     SSE
25    57.6    74.6   16:00    37.7   07:30     07.4     00.0   00.00   01.2     11.5    19:00     SSE
26    61.6    77.8   15:30    43.7   07:30     03.3     00.0   00.00   01.2     17.3    16:30     SSE
27    68.7    81.8   16:30    56.7   07:30     00.0     03.8   00.00   01.3     11.5    14:00      NW
28    66.9    78.5   15:30    51.4   13:30     00.0     02.0   00.00   01.5     17.3    16:30      NE
29    57.7    72.0   16:30    43.3   06:30     07.2     00.0   00.00   01.8     17.3    23:30     ENE
30    45.9    54.0   00:30    43.4   07:00     19.0     00.0   00.19   01.6     11.5    15:30      SE
31    49.0    60.3   16:00    43.4   23:54     16.0     00.0   00.82   02.4     13.8    18:00     NNW
----------------------------------------------------------------------------------------------------------------------------------------------------------
54.1 (53.7)   81.8  day 27     20.4  day 23   350.3    014.8   03.37   02.1     47.2   day 07      N 
Min <=  86: 31
Min <=  23: 1
Max Rain: 0.82 ON 31-03-10
Days of Rain: 7 (> .008in) 4 (> .08in) 1 (> 0.8in)