NOAA Reports


Report for 2006 Apr
MONTHLY CLIMATOLOGICAL SUMMARY for APR. 2006

NAME: Sunset Beach   CITY: Sunset Beach (Mainland) STATE: North Carolina
ELEV: 52 LAT: 033:54:59 LONG: 0078:29:50

                            TEMPERATURE ( F), RAIN (in.), WIND SPEED (mph)

                                                 HEAT     COOL           AVG
      MEAN                                       DEG      DEG            WIND                        DOM
DAY   TEMP    HIGH   TIME      LOW     TIME      DAYS     DAYS   RAIN    SPEED    HIGH    TIME       DIR
----------------------------------------------------------------------------------------------------------------------------------------------------------
01    50.0    58.5   16:00    42.2   02:00     15.0     00.0   00.00   05.4     26.4    17:30     NNW
02    49.8    56.7   15:30    43.7   00:00     15.2     00.0   01.03   05.0     24.1    17:30     NNW
03    51.5    66.6   15:00    36.0   07:00     13.5     00.0   00.00   02.7     21.9    11:30     NNW
04    49.7    58.8   16:30    36.7   07:30     15.3     00.0   00.00   05.6     28.8    18:30      N 
05    47.6    62.4   18:30    31.2   08:30     17.4     00.0   00.00   03.2     21.9    18:00     NNW
06    52.0    71.5   18:00    31.3   08:30     12.9     00.0   00.00   01.1     12.7    18:30      SE
07    60.5    80.9   17:00    38.7   07:30     04.4     00.0   00.00   01.0     12.7    17:30     ESE
08    65.6    74.7   16:30    55.8   00:30     00.0     00.7   00.00   01.2     11.5    16:30     SSW
09    65.1    79.7   17:30    47.7   07:00     00.0     00.2   00.00   02.1     17.3    10:30      N 
10    59.9    76.8   16:30    47.3   02:00     05.1     00.0   00.00   01.7     17.3    18:00      N 
11    59.6    69.0   12:30    53.5   00:00     05.4     00.0   00.00   01.9     13.8    20:30      N 
12    47.2    53.3   00:30    44.7   08:30     17.8     00.0   00.24   02.3     13.8    19:00      N 
13    55.4    71.2   18:00    46.5   00:30     09.5     00.0   00.52   02.1     26.4    12:30      SW
14    49.1    55.7   16:30    43.2   07:30     15.8     00.0   00.01   04.6     26.4    19:00      NW
15    54.0    73.5   19:00    32.0   08:00     10.9     00.0   00.00   02.7     26.4    11:30     NNW
16    59.1    76.8   18:00    39.6   07:00     05.8     00.0   00.00   01.1     11.5    17:00     ESE
17    66.7    84.4   17:30    42.9   08:00     00.0     01.8   00.00   01.5     13.8    12:30      S 
18    71.1    87.4   18:00    50.3   08:00     00.0     06.2   00.00   01.1     16.1    17:00      SE
19    72.4    85.8   17:00    61.2   08:00     00.0     07.5   00.00   01.8     16.1    18:00      S 
20    70.4    85.7   17:30    53.9   07:30     00.0     05.5   00.79   00.7     11.5    17:00     ESE
21    69.2    81.9   16:30    56.4   07:30     00.0     04.3   00.00   01.4     19.6    17:00      SE
22    68.6    83.0   17:00    51.6   17:30     00.0     03.6   00.00   01.5     17.3    13:00     SSE
23    72.6    86.4   18:30    51.6   13:00     00.0     07.7   00.00   01.5     16.1    18:30     SSE
24    74.2    86.6   17:00    58.1   07:30     00.0     09.2   00.00   01.5     16.1    10:30     ENE
25    74.0    82.6   14:30    64.2   07:30     00.0     09.1   00.09   03.3     18.4    17:00      SE
26    64.0    70.1   00:30    51.6   05:30     00.9     00.0   00.20   01.2     24.1    17:30      SE
27    60.1    69.7   16:30    47.3   07:30     04.8     00.0   00.00   03.1     21.9    18:30      NW
28    55.6    73.3   18:00    37.2   06:30     09.3     00.0   00.00   00.8     11.5    19:00     ESE
29    59.9    78.2   18:00    40.7   07:30     05.0     00.0   00.00   01.4     19.6    16:30      SE
30    66.8    79.3   16:30    48.9   07:30     00.0     01.8   00.00   01.8     13.8    17:30      SE
----------------------------------------------------------------------------------------------------------------------------------------------------------
60.7 (60.1)   87.4  day 18     31.2  day 05   184.0    057.6   03.06   02.2     28.8   day 09      N 
Max >=  86: 3
Min <=  86: 30
Max Rain: 0.52 ON 13-04-10
Days of Rain: 4 (> .008in) 3 (> .08in) 0 (> 0.8in)