NOAA Reports


Report for 2006 May
 MONTHLY CLIMATOLOGICAL SUMMARY for MAY. 2006

NAME: Sunset Beach   CITY: Sunset Beach (Mainland) STATE: North Carolina
ELEV: 52 LAT: 033:54:59 LONG: 0078:29:50

                            TEMPERATURE ( F), RAIN (in.), WIND SPEED (mph)

                                                 HEAT     COOL           AVG
      MEAN                                       DEG      DEG            WIND                        DOM
DAY   TEMP    HIGH   TIME      LOW     TIME      DAYS     DAYS   RAIN    SPEED    HIGH    TIME       DIR
----------------------------------------------------------------------------------------------------------------------------------------------------------
01    70.0    80.4   17:00    58.9   00:59     00.0     05.1   00.10   01.0     12.7    00:59     SSE
02    70.5    81.1   16:00    64.6   08:30     00.0     05.6   01.15   02.4     19.6    16:30      SE
03    55.9    66.2   16:00    46.0   00:00     09.0     00.0   00.07   02.7     28.8    17:00     NNW
04    52.3    68.8   18:30    35.3   07:30     12.6     00.0   00.00   01.5     20.7    11:00      N 
05    62.9    79.6   17:00    43.6   04:00     02.0     00.0   00.00   01.1     11.5    19:00      NW
06    70.0    100.0   00:32    51.7   07:00     00.0     05.1   00.00   00.6     10.3    17:30     NNE
07    74.3    91.8   18:30    55.5   07:30     00.0     09.4   00.00   00.9     11.5    17:00     NNW
08    77.1    89.0   17:00    59.3   06:29     00.0     12.2   00.00   01.4     12.7    14:00     ENE
09    75.3    89.0   15:30    63.8   08:00     00.0     10.3   00.07   01.8     20.7    19:30     ESE
10    72.5    86.3   16:30    58.3   07:30     00.0     07.6   00.00   01.1     11.5    19:00      SE
11    72.3    85.5   17:30    60.2   07:30     00.0     07.3   00.00   01.3     13.8    19:00      SE
12    70.4    79.5   18:00    62.7   07:30     00.0     05.4   00.17   01.1     19.6    14:00      SE
13    71.7    82.9   17:00    62.3   05:30     00.0     06.7   00.00   01.1     13.8    18:00      SE
14    71.6    84.5   18:00    60.0   07:00     00.0     06.7   00.00   01.1     11.5    14:30      SE
15    72.1    84.3   16:30    58.8   19:30     00.0     07.1   00.00   01.1     11.5    14:30      S 
16    72.2    87.7   17:30    59.5   07:00     00.0     07.3   00.01   00.9     12.7    13:00      SE
17    73.7    85.3   17:00    62.2   07:30     00.0     08.7   00.00   01.3     16.1    15:00      SE
18    73.3    85.6   18:00    61.8   07:00     00.0     08.3   00.00   00.9     11.5    17:00     SSE
19    75.1    87.5   18:00    65.4   07:00     00.0     10.2   00.00   01.0     13.8    15:30     WSW
20    79.5    91.6   17:00    63.1   07:30     00.0     14.5   00.00   00.8     10.3    14:30      E 
21    79.8    93.7   18:00    64.6   07:30     00.0     14.9   00.00   00.5     08.1    17:00      NW
22    80.3    94.9   17:00    68.4   07:30     00.0     15.4   00.00   01.3     13.8    05:00     NNW
23    77.9    91.5   16:00    69.1   00:00     00.0     13.0   00.21   01.7     19.3    00:33     WNW
24    79.0    92.3   18:30    66.8   04:30     00.0     14.1   00.00   01.2     12.5    00:33      W 
25    80.9    93.3   17:30    66.3   07:30     00.0     16.0   00.00   01.1     12.7    18:00      NW
26    80.7    90.1   17:00    70.9   00:00     00.0     15.8   00.01   01.8     25.3    21:30     WNW
27    78.9    91.6   19:00    68.1   03:00     00.0     13.9   00.30   01.6     17.3    15:00      W 
28    78.5    88.0   15:30    70.3   00:00     00.0     13.5   00.00   02.5     20.7    16:30      NW
29    78.7    89.6   17:00    62.1   07:30     00.0     13.8   00.00   01.1     12.7    17:30     ESE
30    77.3    89.3   18:30    68.2   07:30     00.0     12.4   00.01   01.2     12.7    13:30      NW
31    75.8    83.9   17:30    66.8   10:00     00.0     10.9   00.21   02.0     26.4    08:30      W 
----------------------------------------------------------------------------------------------------------------------------------------------------------
73.6 (73.9)   100.0  day 06     35.3  day 04   023.6    291.1   02.09   01.3     28.3   day 03     ESE
Max >=  86: 18
Min <=  86: 31
Max Rain: 1.15 ON 2-05-10
Days of Rain: 10 (> .008in) 5 (> .08in) 1 (> 0.8in)