NOAA Reports


Report for 2007 Feb
MONTHLY CLIMATOLOGICAL SUMMARY for FEB. 2007

NAME: Sunset Beach   CITY: Sunset Beach (Mainland) STATE: North Carolina
ELEV: 52 LAT: 033:54:59 LONG: 0078:29:50

                            TEMPERATURE ( F), RAIN (in.), WIND SPEED (mph)

                                                 HEAT     COOL           AVG
      MEAN                                       DEG      DEG            WIND                        DOM
DAY   TEMP    HIGH   TIME      LOW     TIME      DAYS     DAYS   RAIN    SPEED    HIGH    TIME       DIR
----------------------------------------------------------------------------------------------------------------------------------------------------------
01    35.5    48.5   06:00    29.3   03:30     29.4     00.0   00.00   01.1     11.5    17:30      N 
02    34.5    41.0   16:30    25.8   08:30     30.4     00.0   00.00   00.9     12.7    11:30      N 
03    36.0    48.5   05:00    33.0   10:00     29.0     00.0   00.58   02.2     12.7    19:00      N 
04    43.4    55.7   17:00    34.5   02:30     21.5     00.0   00.00   02.3     18.4    17:00     NNW
05    46.4    63.7   17:00    32.8   05:30     18.5     00.0   00.00   01.5     17.3    15:30      N 
06    44.8    64.7   15:00    28.9   06:00     20.1     00.0   00.00   00.6     13.8    14:00     NNE
07    48.2    68.2   17:30    30.1   08:30     16.8     00.0   00.00   00.5     08.1    15:00     WSW
08    54.7    68.7   15:00    41.2   06:40     10.2     00.0   00.00   00.5     10.4    12:30      S 
09    56.8    58.8   13:30    53.0   09:00     08.1     00.0   00.00   00.7     11.5    22:00     SSE
10    43.7    58.2   00:30    35.0   00:00     21.3     00.0   00.00   08.1     32.2    12:00      NW
11    36.0    48.2   16:30    25.2   08:30     28.9     00.0   00.00   04.6     28.8    17:00      NW
12    41.5    61.3   17:00    21.0   08:00     23.5     00.0   00.00   01.3     25.3    14:00      NW
13    45.3    61.7   15:30    29.5   08:00     19.7     00.0   00.06   00.5     12.7    15:00     SSE
14    50.0    56.5   13:00    44.6   04:00     14.9     00.0   00.26   02.0     16.1    18:30      SE
15    52.6    65.1   17:00    45.9   08:30     12.3     00.0   00.00   00.6     10.4    16:30      SE
16    59.1    69.3   17:30    48.5   18:30     05.9     00.0   00.00   02.5     18.4    00:00     WNW
17    44.4    53.6   15:30    32.5   08:00     20.5     00.0   00.00   03.4     26.5    16:00      NW
18    41.0    71.0   00:32    30.3   00:00     23.9     00.0   00.00   04.5     31.1    15:00      NW
19    41.0    57.7   15:00    23.3   08:00     24.0     00.0   00.00   00.6     11.5    16:00     NNE
20    45.2    51.5   16:00    41.1   02:00     19.7     00.0   00.22   00.2     10.4    16:00     ESE
21    50.5    57.2   18:00    44.6   06:00     14.4     00.0   00.23   01.2     18.4    16:00      S 
22    54.6    72.6   17:00    39.5   07:00     10.4     00.0   00.00   00.6     11.5    15:00      NW
23    52.2    67.5   15:30    36.5   06:30     12.8     00.0   00.00   01.1     12.7    00:00     ESE
24    40.9    52.1   00:30    37.1   00:00     24.0     00.0   00.16   02.8     19.6    14:30     NNE
25    41.4    54.0   17:00    30.2   08:00     23.5     00.0   00.00   01.2     11.5    01:29     ENE
26    42.6    58.7   15:30    26.3   08:00     22.4     00.0   00.00   00.6     08.1    14:00      SE
27    41.4    50.7   14:00    32.1   07:00     23.6     00.0   00.00   01.3     18.4    00:00     ESE
28    37.8    43.6   23:54    34.6   08:00     27.1     00.0   00.00   02.4     26.5    00:30     NNW
----------------------------------------------------------------------------------------------------------------------------------------------------------
45.1 (46.3)   72.6  day 22     21.0  day 12   556.8    000.0   02.06   01.8     32.2   day 18     NNW
Min <=  86: 28
Min <=  23: 1
Max Rain: 0.60 ON 28-02-10
Days of Rain: 10 (> .008in) 8 (> .08in) 0 (> 0.8in)