NOAA Reports


Report for 2007 May
MONTHLY CLIMATOLOGICAL SUMMARY for MAY. 2007

NAME: Sunset Beach   CITY: Sunset Beach (Mainland) STATE: North Carolina
ELEV: 52 LAT: 033:54:59 LONG: 0078:29:50

                            TEMPERATURE ( F), RAIN (in.), WIND SPEED (mph)

                                                 HEAT     COOL           AVG
      MEAN                                       DEG      DEG            WIND                        DOM
DAY   TEMP    HIGH   TIME      LOW     TIME      DAYS     DAYS   RAIN    SPEED    HIGH    TIME       DIR
----------------------------------------------------------------------------------------------------------------------------------------------------------
01    61.7    73.0   18:30    48.6   10:30     03.3     00.0   00.00   02.9     21.9    10:00      N 
02    59.1    73.0   18:00    45.0   05:00     05.8     00.0   00.01   01.3     18.4    18:30      N 
03    55.9    69.6   18:30    43.0   07:30     09.1     00.0   00.00   01.1     11.5    15:00      N 
04    59.2    71.2   18:00    45.6   02:00     05.7     00.0   00.00   01.9     18.4    13:30      N 
05    57.0    63.9   16:00    51.7   00:00     07.9     00.0   00.16   02.1     17.3    19:00     NNE
06    55.0    69.4   17:30    46.8   08:00     09.9     00.0   00.14   04.2     27.6    12:30      N 
07    61.5    79.8   19:00    40.2   07:30     03.4     00.0   00.00   01.3     18.4    15:30      N 
08    69.0    87.1   19:00    50.3   07:30     00.0     04.1   00.00   02.2     26.4    13:30      N 
09    68.9    85.8   18:30    47.5   07:30     00.0     04.0   00.00   01.0     16.1    10:30      E 
10    64.7    82.5   16:00    51.2   07:30     00.2     00.0   00.71   01.1     19.6    19:00      SE
11    70.2    85.5   16:30    57.4   07:30     00.0     05.3   00.00   00.7     10.3    03:30      E 
12    72.8    92.5   16:30    56.8   07:30     00.0     07.9   00.01   01.1     25.3    19:30     ENE
13    66.2    69.9   17:30    63.1   09:30     00.0     01.2   00.01   00.5     10.3    14:00     ESE
14    72.2    82.9   18:30    48.7   17:30     00.0     07.3   00.00   01.7     13.8    15:00     SSE
15    68.0    75.2   16:00    62.9   07:30     00.0     03.1   00.06   01.2     13.8    17:00      NW
16    66.6    80.6   16:30    54.6   07:30     00.0     01.7   00.00   01.3     16.1    10:00      N 
17    66.4    80.0   17:30    48.7   13:00     00.0     01.4   00.00   01.2     12.5    00:33     ESE
18    68.8    83.0   18:00    48.6   15:30     00.0     03.8   00.00   01.0     11.5    19:30      SE
19    71.7    83.7   17:00    48.6   18:30     00.0     06.7   00.00   01.2     16.1    17:30     SSE
20    65.8    71.8   19:00    48.6   20:00     00.0     00.9   00.42   01.9     17.3    22:30     NNW
21    62.9    77.0   17:30    53.0   05:30     02.0     00.0   00.00   02.0     19.6    02:00     NNE
22    65.3    80.3   19:00    47.5   07:30     00.0     00.4   00.00   01.3     12.7    13:30     WNW
23    71.5    84.7   17:00    48.6   19:30     00.0     06.6   00.02   02.0     20.7    16:00      NW
24    64.7    75.1   13:30    48.6   22:30     00.3     00.0   00.09   03.7     33.4    18:30      N 
25    63.0    71.9   16:30    48.2   07:30     01.9     00.0   00.00   02.9     20.7    10:30      N 
26    67.9    81.2   19:00    48.6   09:00     00.0     03.0   00.00   02.2     19.6    13:00     NNW
27    70.8    86.4   18:30    53.5   07:30     00.0     05.8   00.00   00.9     13.8    16:30     NNW
28    68.3    79.5   12:30    48.6   00:30     00.0     03.4   00.00   01.3     20.7    15:00      NW
29    67.8    82.5   15:00    41.0   00:33     00.0     02.8   00.00   01.0     12.7    00:33      NW
30    64.4    71.9   17:00    48.6   16:00     00.6     00.0   00.09   01.0     11.5    18:30     SSE
31    68.2    79.1   17:30    58.4   07:00     00.0     03.2   00.00   01.0     11.5    17:00     ESE
----------------------------------------------------------------------------------------------------------------------------------------------------------
65.7 (64.2)   92.5  day 12     40.2  day 07   050.2    072.5   01.63   01.6     33.4   day 24     N
Max >=  86: 3
Min <=  86: 31
Max Rain: 0.71 ON 10-05-10
Days of Rain: 11 (> .008in) 5 (> .08in) 0 (> 0.8in)