NOAA Reports


Report for 2007 Jun
MONTHLY CLIMATOLOGICAL SUMMARY for JUN. 2007

NAME: Sunset Beach   CITY: Sunset Beach (Mainland) STATE: North Carolina
ELEV: 52 LAT: 033:54:59 LONG: 0078:29:50

                            TEMPERATURE ( F), RAIN (in.), WIND SPEED (mph)

                                                 HEAT     COOL           AVG
      MEAN                                       DEG      DEG            WIND                        DOM
DAY   TEMP    HIGH   TIME      LOW     TIME      DAYS     DAYS   RAIN    SPEED    HIGH    TIME       DIR
----------------------------------------------------------------------------------------------------------------------------------------------------------
01    62.7    68.1   00:59    59.8   15:30     02.3     00.0   00.84   01.2     19.6    23:30      SE
02    61.9    65.6   18:30    59.5   08:30     03.1     00.0   00.95   01.3     11.5    21:30     NNE
03    65.4    71.8   19:30    48.5   16:00     00.0     00.4   00.03   00.8     08.1    10:00     NNE
04    74.2    88.8   19:30    48.5   16:30     00.0     09.3   00.00   00.5     08.1    14:30      N 
05    77.1    91.4   18:00    48.5   18:30     00.0     12.2   00.00   00.5     08.1    17:30      N 
06    78.4    92.8   16:00    48.5   21:30     00.0     13.5   00.00   00.5     11.5    17:30      SE
07    75.0    92.4   17:00    48.5   10:30     00.0     10.0   02.25   00.9     10.5    00:33      SE
08    72.8    86.8   15:00    48.5   15:30     00.0     07.9   00.49   00.6     12.7    16:30     ESE
09    76.1    88.1   15:00    48.5   18:30     00.0     11.2   00.00   01.9     20.7    18:10      SE
10    77.0    87.1   15:00    48.5   21:30     00.0     12.1   00.00   02.4     16.1    19:00      SE
11    76.0    85.3   17:30    48.5   09:30     00.0     11.1   00.00   01.5     11.5    17:30      SE
12    77.2    86.6   16:30    70.7   03:00     00.0     12.3   00.01   03.1     20.5    00:33      SE
13    78.8    88.8   18:30    72.5   07:00     00.0     13.9   00.03   01.7     11.5    16:00      SE
14    81.9    94.8   16:30    70.9   07:00     00.0     17.0   00.00   00.7     10.3    13:30      E 
15    81.2    92.8   16:30    69.4   07:30     00.0     16.3   00.00   01.3     12.7    15:30      NW
16    78.4    87.8   17:30    62.5   07:00     00.0     13.4   00.00   02.1     17.3    15:30     NNW
17    72.5    83.2   19:30    62.9   07:30     00.0     07.6   00.00   01.4     16.1    12:00      N 
18    73.5    86.4   18:00    60.3   05:00     00.0     08.6   00.00   01.1     13.8    14:00      E 
19    69.7    82.5   13:10    48.5   13:30     00.0     04.8   00.26   01.1     13.8    14:00      N 
20    68.4    80.0   16:10    48.4   16:30     00.0     03.4   00.01   00.8     17.3    16:10     NNE
21    71.2    84.1   16:30    57.3   07:00     00.0     06.2   00.00   01.0     11.5    13:00     NNW
22    75.0    87.9   18:00    48.4   23:00     00.0     10.0   00.00   01.6     13.8    14:30      NW
23    78.8    90.9   18:00    48.4   16:00     00.0     13.9   00.00   00.9     11.5    17:30     NNE
24    76.4    90.5   17:30    48.4   05:00     00.0     11.5   00.00   01.0     12.7    14:00     ESE
25    75.5    88.7   17:30    48.4   23:00     00.0     10.6   00.00   00.8     12.7    17:30      E 
----------------------------------------------------------------------------------------------------------------------------------------------------------
74.2 (70.3)   94.8  day 14     48.4  day 25   005.4    237.0   03.64   01.2     20.7   day 09      E 
Max >=  86: 17
Min <=  86: 25
Max Rain: 2.93 ON 7-06-10
Days of Rain: 9 (> .008in) 5 (> .08in) 3 (> 0.8in)