NOAA Reports


Report for 2007 Jul
MONTHLY CLIMATOLOGICAL SUMMARY for JUL. 2007

NAME: Sunset Beach   CITY: Sunset Beach (Mainland) STATE: North Carolina
ELEV: 52 LAT: 033:54:59 LONG: 0078:29:50

                            TEMPERATURE ( F), RAIN (in.), WIND SPEED (mph)

                                                 HEAT     COOL           AVG
      MEAN                                       DEG      DEG            WIND                        DOM
DAY   TEMP    HIGH   TIME      LOW     TIME      DAYS     DAYS   RAIN    SPEED    HIGH    TIME       DIR
----------------------------------------------------------------------------------------------------------------------------------------------------------
01    77.8    95.1   16:00    62.0   02:00     00.0     12.9   00.91   01.0     28.8    19:00      SE
02    78.2    92.4   17:00    68.0   07:30     00.0     13.3   00.00   00.9     13.8    19:30      N 
03    76.5    84.8   18:30    70.2   07:00     00.0     11.6   00.29   01.0     19.6    20:00      E 
04    78.0    87.4   18:00    72.8   07:30     00.0     13.0   00.20   01.2     13.8    21:00      SE
05    80.0    92.2   17:00    70.5   07:30     00.0     15.1   00.00   00.9     12.7    20:00     WNW
06    78.9    88.1   14:00    69.7   06:00     00.0     14.0   00.00   00.4     08.1    15:00      NW
07    77.8    87.8   14:30    71.7   00:33     00.0     12.9   00.50   02.6     27.6    15:30      SE
08    76.4    88.5   18:30    64.4   07:30     00.0     11.4   00.00   01.3     12.7    10:00     NNW
09    78.6    91.0   17:00    66.7   06:30     00.0     13.7   00.00   00.8     11.5    20:00      E 
10    78.1    89.5   16:30    61.8   13:30     00.0     13.1   00.00   00.8     11.5    17:00     SSE
11    79.0    87.4   15:00    72.1   04:30     00.0     14.1   00.08   01.6     19.6    16:30      SE
12    81.2    92.7   18:00    61.8   22:30     00.0     16.3   00.03   01.4     12.7    21:30      W 
13    78.9    91.0   15:30    72.8   04:30     00.0     14.0   00.00   01.0     17.3    17:00      S 
14    78.0    89.0   18:30    71.6   07:30     00.0     13.1   00.01   01.0     13.8    15:00      SE
15    79.5    90.9   18:30    71.8   06:30     00.0     14.6   00.00   01.0     11.5    15:30     SSE
16    80.2    88.2   16:30    72.8   07:30     00.0     15.3   00.00   01.2     13.8    14:30      S 
17    83.5    95.5   17:00    73.7   07:00     00.0     18.5   00.00   01.0     10.3    19:00     WNW
18    81.6    93.7   13:30    61.7   23:00     00.0     16.7   00.06   00.9     20.7    15:30     ESE
19    82.5    96.2   18:00    72.0   06:00     00.0     17.6   00.03   01.0     24.1    22:00     WNW
20    82.2    96.9   18:00    61.7   06:00     00.0     17.2   00.00   00.8     11.5    22:00     NNW
21    83.9    96.3   17:30    73.9   07:30     00.0     18.9   00.00   00.7     16.1    22:00      SE
22    80.8    97.3   15:00    72.6   07:00     00.0     15.8   00.81   00.6     20.7    17:30      SE
23    82.1    94.4   16:30    70.8   07:30     00.0     17.1   00.01   01.4     13.8    17:00      N 
24    80.1    93.0   17:30    61.8   23:30     00.0     15.1   00.00   00.7     12.5    00:33      E 
25    84.0    100.4   17:30    69.6   07:30     00.0     19.0   00.00   00.8     11.5    18:00     NNW
26    88.2    100.1   17:30    74.7   08:00     00.0     23.3   00.00   00.9     11.5    17:00      E 
27    90.0    100.1   17:00    73.9   07:30     00.0     25.0   00.00   01.4     11.5    23:00     NNW
28    80.7    96.2   18:00    70.9   07:30     00.0     15.7   00.49   01.2     27.6    19:30      N 
29    72.3    75.9   15:30    69.8   07:00     00.0     07.4   00.58   01.1     19.6    01:00     NNE
30    73.8    80.1   20:00    70.6   07:30     00.0     08.8   00.64   00.4     18.4    22:00      E 
31    73.4    78.1   18:30    70.1   02:30     00.0     08.4   00.13   00.3     08.1    12:30     ENE
----------------------------------------------------------------------------------------------------------------------------------------------------------
79.9 (80.4)   100.4  day 26     61.7  day 20   000.0    462.9   05.44   01.0     27.6   day 07      E 
Max >=  86: 27
Min <=  86: 31
Max Rain: 0.91 ON 1-07-10
Days of Rain: 15 (> .008in) 10 (> .08in) 2 (> 0.8in)