NOAA Reports


Report for 2007 Oct
MONTHLY CLIMATOLOGICAL SUMMARY for OCT. 2007

NAME: Sunset Beach   CITY: Sunset Beach (Mainland) STATE: North Carolina
ELEV: 52 LAT: 033:54:59 LONG: 0078:29:50

                            TEMPERATURE ( F), RAIN (in.), WIND SPEED (mph)

                                                 HEAT     COOL           AVG
      MEAN                                       DEG      DEG            WIND                        DOM
DAY   TEMP    HIGH   TIME      LOW     TIME      DAYS     DAYS   RAIN    SPEED    HIGH    TIME       DIR
----------------------------------------------------------------------------------------------------------------------------------------------------------
01    69.6    83.7   17:00    60.9   03:00     00.0     04.6   00.00   00.6     10.3    17:00     ESE
02    70.5    82.3   15:00    59.7   07:00     00.0     05.5   00.00   00.4     10.3    12:30     ESE
03    68.0    83.9   16:30    53.7   08:30     00.0     03.1   00.00   00.9     13.8    12:00     ESE
04    71.2    82.7   17:00    61.4   08:30     00.0     06.3   00.00   01.0     11.5    18:30     ENE
05    73.3    83.9   16:00    65.7   00:30     00.0     08.3   00.00   01.4     18.4    16:00     ENE
06    69.9    72.4   13:30    67.6   19:30     00.0     05.0   01.69   01.3     17.3    18:30      E 
07    73.0    76.8   17:50    62.1   18:00     00.0     08.1   01.21   01.0     13.8    21:00     SSE
08    72.2    75.2   18:30    66.8   23:30     00.0     07.3   00.01   01.2     11.5    12:00     ESE
09    66.4    71.1   16:30    61.7   04:30     00.0     01.5   00.00   00.9     08.1    09:30     ENE
10    63.4    65.7   00:30    62.4   23:00     01.5     00.0   00.95   00.7     06.9    12:30     ENE
11    64.5    67.3   17:30    62.6   05:00     00.5     00.0   00.25   00.3     05.8    00:00     ENE
12    65.0    69.5   17:30    62.0   00:00     00.0     00.0   00.00   01.1     18.5    00:33     ENE
13    65.8    76.5   17:30    58.8   00:00     00.0     00.8   00.00   00.5     06.9    16:00     ENE
14    65.2    78.9   17:00    52.5   08:30     00.0     00.2   00.00   00.7     11.5    15:30     NNE
15    65.5    79.6   17:00    49.4   08:30     00.0     00.5   00.00   01.6     16.1    16:30      NW
16    59.9    73.4   16:30    46.9   08:00     05.0     00.0   00.00   00.9     12.7    16:30     NNW
17    57.8    72.6   16:30    44.3   08:30     07.1     00.0   00.00   00.8     12.7    16:00      NW
18    61.1    82.6   15:30    42.6   08:00     03.8     00.0   00.00   00.7     10.3    15:30      W 
19    66.4    85.0   17:00    51.6   08:30     00.0     01.4   00.00   00.6     11.5    16:30      W 
20    68.7    86.4   17:00    53.6   08:30     00.0     03.8   00.00   00.6     10.3    16:00     WSW
21    67.8    82.6   16:30    54.6   08:30     00.0     02.9   00.30   00.4     11.5    16:30     WNW
22    64.5    75.4   16:00    55.0   00:00     00.5     00.0   00.00   01.2     17.3    19:30      N 
23    53.4    79.6   00:32    38.9   08:30     11.5     00.0   00.00   00.4     10.3    16:30     WNW
24    47.6    60.2   12:00    41.6   09:00     17.4     00.0   00.00   01.3     17.3    17:00      N 
25    48.4    58.7   15:00    37.1   07:30     16.6     00.0   00.00   03.3     24.3    15:00      NW
26    48.6    61.1   17:00    37.3   09:00     16.3     00.0   00.00   01.2     11.5    16:30      NW
27    45.0    62.0   16:00    30.8   08:30     19.9     00.0   00.27   00.5     10.3    16:00      NW
28    45.8    59.4   13:30    35.8   08:30     19.1     00.0   00.00   00.6     08.1    15:30     NNE
29    44.1    62.0   08:00    30.3   08:30     20.8     00.0   00.00   00.8     12.7    16:00     NNE
30    48.2    73.0   15:30    29.5   07:30     16.7     00.0   00.00   00.4     10.3    13:30     WNW
31    50.9    74.9   14:00    31.6   07:30     14.1     00.0   00.00   00.6     11.5    14:30     WSW
----------------------------------------------------------------------------------------------------------------------------------------------------------
61.3 (62.4)   86.4  day 20     29.5  day 30   170.9    059.4   03.67   00.9     24.3   day 25     N
Max >=  86: 1
Min <=  86: 31
Max Rain: 1.69 ON 6-10-10
Days of Rain: 5 (> .008in) 4 (> .08in) 3 (> 0.8in)