NOAA Reports


Report for 2007 Nov
MONTHLY CLIMATOLOGICAL SUMMARY for NOV. 2007

NAME: Sunset Beach   CITY: Sunset Beach (Mainland) STATE: North Carolina
ELEV: 52 LAT: 033:54:59 LONG: 0078:29:50

                            TEMPERATURE ( F), RAIN (in.), WIND SPEED (mph)

                                                 HEAT     COOL           AVG
      MEAN                                       DEG      DEG            WIND                        DOM
DAY   TEMP    HIGH   TIME      LOW     TIME      DAYS     DAYS   RAIN    SPEED    HIGH    TIME       DIR
----------------------------------------------------------------------------------------------------------------------------------------------------------
01    51.9    72.8   15:00    34.9   06:00     13.1     00.0   00.00   00.7     12.7    16:00      W 
02    53.2    68.6   15:30    38.3   00:00     11.8     00.0   00.00   01.2     16.1    10:00     NNE
03    49.7    71.5   15:30    31.6   07:30     15.3     00.0   00.00   00.8     13.8    14:30     WNW
04    55.4    76.5   15:30    33.9   07:30     09.6     00.0   00.00   01.2     18.4    11:00      W 
05    59.5    77.2   15:30    44.6   07:10     05.4     00.0   00.00   00.7     11.5    15:30     WSW
06    61.9    78.2   16:00    45.5   06:30     03.0     00.0   00.00   01.2     17.3    10:20     WSW
07    61.8    76.3   15:00    47.7   00:00     03.1     00.0   00.01   00.5     08.1    15:00      NW
08    58.9    80.3   14:30    41.0   07:30     06.1     00.0   00.00   00.5     11.5    15:00      W 
09    69.0    81.8   14:30    49.5   08:00     00.0     04.1   00.00   01.8     19.6    15:30      W 
10    57.3    68.3   00:30    38.9   00:00     07.7     00.0   00.02   02.0     24.1    11:00      N 
11    44.0    64.5   15:30    28.5   08:00     20.9     00.0   00.00   00.8     10.3    16:00     NNW
12    46.9    68.0   15:30    30.0   07:30     18.0     00.0   00.00   00.7     11.5    15:30     WSW
13    52.4    73.3   15:30    34.3   06:00     12.5     00.0   00.00   00.6     19.6    14:00     WSW
14    67.3    78.3   14:30    51.3   08:00     00.0     02.3   00.00   01.4     11.5    16:30     SSW
15    66.6    73.9   16:20    61.3   03:30     00.0     01.7   00.01   02.0     19.6    14:00      S 
16    68.5    77.5   14:30    51.1   00:00     00.0     03.6   00.01   03.5     21.9    13:30      W 
17    42.6    50.2   15:00    33.6   00:00     22.3     00.0   00.00   01.7     18.4    12:30     NNE
18    34.8    62.3   02:30    24.4   08:30     30.2     00.0   00.00   00.8     11.5    10:30      N 
19    37.5    56.1   15:30    21.6   07:30     27.5     00.0   00.00   00.6     10.3    14:00      S 
20    47.8    55.6   15:30    35.0   00:30     17.2     00.0   00.00   00.0     04.6    13:00      SE
21    51.9    62.2   20:30    48.6   04:30     13.0     00.0   00.03   01.9     12.7    22:30     ENE
22    44.9    62.2   22:30    33.3   00:00     20.1     00.0   00.09   02.6     21.9    12:30     NNW
23    39.8    47.3   14:00    28.0   07:30     25.1     00.0   00.01   01.4     13.8    21:00      W 
24    53.8    66.1   16:00    44.4   01:29     11.2     00.0   00.00   03.4     24.1    16:30     WNW
25    39.1    62.2   08:30    27.2   00:00     25.8     00.0   00.00   01.2     11.5    13:00      E 
26    35.5    50.5   15:30    23.7   08:00     29.5     00.0   00.00   00.3     06.9    11:00      SE
27    39.5    62.1   18:30    29.8   04:30     25.4     00.0   00.02   00.7     10.3    11:30     ESE
28    54.5    66.1   22:30    43.6   01:16     10.4     00.0   00.03   01.2     16.1    19:30      SE
29    63.4    72.9   13:00    44.8   00:00     01.6     00.0   00.05   03.5     21.9    17:00     SSW
30    45.8    62.1   09:00    35.9   06:30     19.1     00.0   00.00   01.0     11.5    11:30     NNE
----------------------------------------------------------------------------------------------------------------------------------------------------------
51.8 (52.7)   81.8  day 09     21.6  day 19   404.7    011.6   00.28   01.3     24.2   day 24      W 
Min <=  86: 30
Min <=  23: 1
Max Rain: 1.23 ON 21-11-10
Days of Rain: 10 (> .008in) 4 (> .08in) 1 (> 0.8in)