NOAA Reports


Report for 2007 Dec
MONTHLY CLIMATOLOGICAL SUMMARY for DEC. 2007

NAME: Sunset Beach   CITY: Sunset Beach (Mainland) STATE: North Carolina
ELEV: 52 LAT: 033:54:59 LONG: 0078:29:50

                            TEMPERATURE ( F), RAIN (in.), WIND SPEED (mph)

                                                 HEAT     COOL           AVG
      MEAN                                       DEG      DEG            WIND                        DOM
DAY   TEMP    HIGH   TIME      LOW     TIME      DAYS     DAYS   RAIN    SPEED    HIGH    TIME       DIR
----------------------------------------------------------------------------------------------------------------------------------------------------------
01    44.1    56.1   16:00    32.3   05:30     20.8     00.0   00.00   01.1     12.7    16:00     WNW
02    40.4    50.1   16:00    28.9   00:00     24.6     00.0   00.00   01.9     24.1    13:30     WNW
03    38.1    49.7   14:30    26.3   04:30     26.8     00.0   00.05   00.6     12.7    11:00      SW
04    54.2    66.4   16:00    41.0   00:30     10.8     00.0   00.14   02.1     19.6    15:30      W 
05    41.3    56.2   00:35    35.2   22:30     23.7     00.0   00.94   03.0     19.6    13:00      NE
06    35.3    46.5   16:00    27.3   08:00     29.6     00.0   00.00   00.7     11.5    14:30      NW
07    35.2    49.7   16:30    22.5   08:30     29.8     00.0   00.01   00.2     04.6    13:30     WSW
08    35.1    39.0   15:00    31.7   05:30     29.8     00.0   00.08   01.3     11.5    11:00     ENE
09    36.9    47.7   15:30    26.8   00:00     28.0     00.0   00.28   01.2     11.5    15:30      N 
10    34.0    49.3   16:30    20.8   08:00     31.0     00.0   00.00   00.8     12.7    00:35     WSW
11    37.8    51.5   16:30    23.8   08:00     27.1     00.0   00.01   01.5     19.6    16:30     WNW
12    39.6    53.7   16:00    27.7   08:00     25.4     00.0   00.03   01.1     16.1    12:00     WNW
13    32.8    42.4   16:00    24.4   00:00     32.1     00.0   00.00   00.7     10.3    11:00      NE
14    30.7    33.8   17:00    24.1   00:30     34.2     00.0   00.00   01.4     08.1    11:30      E 
15    32.4    34.3   23:00    29.4   05:00     32.5     00.0   00.07   01.1     06.9    16:00     ENE
16    37.2    47.9   15:30    27.8   08:30     27.7     00.0   01.55   01.0     11.5    15:30     WNW
17    38.6    44.7   16:00    31.2   01:29     26.3     00.0   00.00   00.5     11.5    12:00     ENE
18    38.0    46.8   16:00    29.5   00:00     26.9     00.0   00.05   01.1     11.5    14:30      E 
19    37.2    51.0   15:30    25.1   08:00     27.8     00.0   00.01   00.7     10.3    16:00      NE
20    31.8    44.5   16:30    22.9   07:00     33.1     00.0   00.00   00.5     08.1    15:30     NNE
21    30.3    42.9   16:30    21.1   08:30     34.6     00.0   00.00   00.6     10.3    11:00      NW
22    30.3    48.0   16:30    16.8   07:30     34.7     00.0   00.00   00.4     06.9    14:00      SW
23    34.1    56.3   16:00    17.3   08:30     30.8     00.0   00.00   00.8     11.5    16:00      SW
24    38.8    76.3   00:31    21.7   08:30     26.2     00.0   00.00   01.0     12.7    13:30      SW
25    48.5    58.2   15:00    40.4   01:29     16.5     00.0   00.58   02.9     28.8    14:00      W 
26    44.9    53.0   16:30    30.5   00:00     20.0     00.0   00.00   02.9     19.6    15:00      NW
27    40.0    60.9   16:30    26.2   08:00     25.0     00.0   00.00   00.4     10.3    14:30      W 
28    45.4    65.0   14:30    31.0   02:30     19.5     00.0   00.23   01.8     17.3    14:30      S 
29    49.2    56.9   16:00    37.6   00:00     15.8     00.0   00.07   01.5     19.6    14:30     NNW
30    41.9    55.6   16:30    29.7   08:30     23.0     00.0   00.00   00.5     10.3    15:00     WNW
31    46.8    60.4   14:30    33.0   03:00     18.1     00.0   00.00   01.5     17.3    13:30     WNW
----------------------------------------------------------------------------------------------------------------------------------------------------------
38.7 (39.7)   76.3  day 24     16.8  day 22   812.2    000.0   03.83   01.2     28.8   day 24      NW
Min <=  86: 31
Min <=  23: 7
Max Rain: 1.55 ON 16-12-10
Days of Rain: 15 (> .008in) 7 (> .08in) 2 (> 0.8in)