NOAA Reports


Report for 2008 Mar
MONTHLY CLIMATOLOGICAL SUMMARY for MAR. 2008

NAME: Sunset Beach   CITY: Sunset Beach STATE: North Carolina
ELEV: 52 Feet LAT: 033:54:59 LONG: 0078:29:50

                            TEMPERATURE ( F), RAIN (in.), WIND SPEED (mph)

                                                 HEAT     COOL           AVG
      MEAN                                       DEG      DEG            WIND                        DOM
DAY   TEMP    HIGH   TIME      LOW     TIME      DAYS     DAYS   RAIN    SPEED    HIGH    TIME       DIR
----------------------------------------------------------------------------------------------------------------------------------------------------------
01    57.2    70.1   16:29    44.3   00:00     06.4     00.0   00.00   02.0     16.1    13:29     WSW
02    49.1    63.7   12:29    34.5   07:29     15.6     00.0   00.00   01.5     19.6    12:59      E 
03    54.8    70.1   15:29    39.4   00:29     07.1     00.0   00.00   02.6     17.3    15:29      SE
04    59.9    70.8   13:59    48.9   19:29     00.0     00.3   00.43   03.7     23.0    22:29     SSW
05    54.7    65.3   00:29    44.0   00:00     08.1     00.0   00.01   01.6     18.4    00:29      SW
06    54.8    68.1   13:59    41.5   02:29     10.8     00.0   00.00   00.9     11.5    14:59      SE
07    56.9    66.5   17:29    47.2   00:29     05.0     00.0   00.71   02.2     23.0    15:59     SSE
08    52.9    65.5   07:29    40.3   00:00     09.1     00.0   00.04   04.2     26.5    15:29      SW
09    43.4    56.1   17:02    30.7   08:29     22.4     00.0   00.00   00.9     11.5    15:29     WNW
10    45.9    60.2   14:29    31.5   06:29     19.7     00.0   00.00   01.0     11.5    17:29     SSE
11    51.8    67.2   14:59    36.3   07:59     11.9     00.0   00.00   00.9     11.5    14:59     SSW
12    58.7    70.0   16:29    47.4   08:29     07.3     00.0   00.00   01.3     11.5    22:29      W 
13    54.8    69.3   13:59    40.2   08:29     07.9     00.0   00.00   01.0     11.5    17:29      S 
14    57.6    66.0   15:59    49.1   06:59     05.5     00.0   00.00   02.0     18.4    21:29      SW
15    60.0    70.3   14:00    49.6   01:29     03.2     00.0   01.12   01.8     19.6    20:29     SSW
16    55.4    65.9   17:29    44.8   00:00     07.7     00.0   00.00   01.7     18.4    13:53      N 
17    49.5    59.9   15:59    39.0   00:00     16.5     00.0   00.00   01.9     15.0    09:29      E 
18    51.4    64.9   16:29    37.8   06:29     11.5     00.0   00.00   01.7     16.1    14:29      SE
19    61.4    72.9   14:59    49.8   19:59     00.0     00.7   00.17   02.6     19.6    23:59     SSW
20    52.2    65.1   00:29    39.3   00:00     07.3     00.0   00.01   02.3     18.4    12:59     NNW
21    47.9    63.6   13:29    32.1   07:35     14.6     00.0   00.00   01.3     13.8    16:29     SSW
22    59.5    70.5   15:29    48.4   00:59     04.1     00.0   00.00   02.2     18.4    16:59      SW
23    52.7    61.6   14:59    43.8   23:59     11.5     00.0   00.00   02.0     16.1    09:59      E 
24    48.9    58.6   16:29    39.1   04:29     16.9     00.0   00.00   01.5     15.0    11:59     NNE
25    43.9    56.3   14:59    31.5   07:59     18.6     00.0   00.00   01.4     13.8    16:59     ESE
26    53.1    64.2   13:59    42.0   06:59     09.4     00.0   00.00   02.2     18.4    15:29      SW
27    60.2    70.5   14:59    49.9   20:29     03.5     00.0   00.00   02.6     19.6    16:29      SW
28    61.7    73.4   13:59    49.9   08:29     00.1     00.0   00.00   02.7     18.4    16:59      SW
29    53.8    62.9   16:29    44.6   00:00     08.3     00.0   00.07   02.8     17.3    11:59      E 
30    45.8    49.9   07:59    41.7   03:59     18.7     00.0   00.07   02.3     16.1    11:59     ENE
31    59.1    68.7   15:29    49.5   00:29     05.0     00.0   00.26   02.7     18.4    15:59     ESE
----------------------------------------------------------------------------------------------------------------------------------------------------------
55.5 (53.8)   73.4  day 28     30.7  day 09   293.5    001.0   03.16   02.0     26.5   day 08      S 
Min <=  86: 31
Max Rain: 1.12 ON 15-03-09
Days of Rain: 10 (> .008in) 5 (> .08in) 1 (> 0.8in)