NOAA Reports


Report for 2008 Apr
MONTHLY CLIMATOLOGICAL SUMMARY for APR. 2008

NAME: Sunset Beach   CITY: Sunset Beach STATE: North Carolina
ELEV: 52 Feet LAT: 033:54:59 LONG: 0078:29:50

                            TEMPERATURE ( F), RAIN (in.), WIND SPEED (mph)

                                                 HEAT     COOL           AVG
      MEAN                                       DEG      DEG            WIND                        DOM
DAY   TEMP    HIGH   TIME      LOW     TIME      DAYS     DAYS   RAIN    SPEED    HIGH    TIME       DIR
----------------------------------------------------------------------------------------------------------------------------------------------------------
01    60.2    70.4   14:59    49.9   22:29     00.0     00.1   00.49   02.3     17.3    18:29     SSW
02    62.5    75.0   12:29    49.9   21:59     01.1     00.0   00.00   02.3     18.4    14:29      E 
03    57.4    64.9   22:29    49.8   08:29     06.9     00.0   00.01   02.3     13.8    00:29      E 
04    61.5    73.0   16:59    49.9   07:59     01.3     00.0   00.00   01.3     19.6    17:29      SW
05    61.1    72.2   13:59    49.9   15:59     00.0     01.7   00.36   02.3     20.7    06:59      SW
06    63.3    76.6   16:29    49.9   21:29     00.0     01.7   00.01   01.3     12.7    16:59     WNW
07    58.4    66.8   15:59    49.9   23:29     06.9     00.0   00.00   02.0     13.8    14:59     ENE
08    59.5    69.1   16:29    49.9   20:59     06.7     00.0   00.00   01.9     19.6    14:59     ENE
09    59.8    69.6   17:29    49.9   11:59     04.0     00.0   00.00   01.1     12.7    11:29     NNE
10    60.6    71.4   13:29    49.8   00:59     03.3     00.0   00.00   00.9     12.7    13:29      SE
11    63.3    76.6   14:59    50.0   22:59     00.0     01.2   00.00   01.3     16.1    15:59      S 
12    62.3    74.6   12:59    50.0   19:29     00.0     04.1   00.00   03.5     26.5    17:29      SW
13    60.1    70.1   16:29    50.0   17:29     01.7     00.0   00.00   01.7     20.7    14:59      SW
14    49.2    61.4   13:29    36.9   07:29     13.6     00.0   00.00   00.7     17.3    00:29     SSE
15    53.3    63.8   15:29    42.8   07:29     11.9     00.0   00.00   01.9     19.6    17:59      NE
16    51.3    68.2   17:29    34.3   04:59     13.5     00.0   00.00   01.6     18.4    11:29      NE
17    56.0    77.7   16:29    34.2   07:29     08.0     00.0   00.00   01.3     11.5    20:59      NW
18    65.4    80.7   14:29    50.0   07:59     00.0     00.7   00.00   01.5     12.7    17:59      SW
19    62.6    75.0   13:29    50.1   03:59     00.0     00.7   00.00   01.6     19.6    14:59      SW
20    62.8    75.4   14:59    50.1   22:29     00.0     02.8   02.31   01.4     17.3    04:59      SW
21    61.5    72.8   15:29    50.1   08:59     03.0     00.0   00.00   00.7     11.5    13:29     NNE
22    61.6    72.9   15:59    50.2   22:59     01.7     00.0   00.16   01.1     12.7    13:29      NE
23    67.4    74.4   16:59    60.3   23:29     00.0     00.8   00.08   01.5     15.0    11:59     ENE
24    63.6    76.9   13:59    50.2   21:29     00.0     02.6   00.00   01.4     13.8    18:29     ESE
25    64.8    77.2   13:29    52.3   07:29     00.0     00.8   00.00   00.8     11.5    18:29      S 
26    67.4    77.5   15:29    57.2   07:29     00.0     04.1   00.00   01.6     13.8    17:59     SSW
27    64.1    77.9   12:29    50.3   15:59     00.0     04.8   00.00   01.3     16.1    16:59      SW
28    63.1    75.8   12:59    50.3   23:59     00.0     04.3   00.13   01.9     19.6    16:29      SW
29    55.2    66.7   17:29    43.7   00:00     05.1     00.0   00.00   01.6     18.4    11:29      NW
30    54.9    72.2   17:59    37.5   07:29     09.3     00.0   00.00   00.8     11.5    14:29     NNW
----------------------------------------------------------------------------------------------------------------------------------------------------------
62.7 (60.4)   80.7  day 18     34.2  day 17   098.1    030.6   03.55   01.6     26.5   day 12      S 
Min <=  86: 30
Max Rain: 2.31 ON 20-04-09
Days of Rain: 8 (> .008in) 5 (> .08in) 1 (> 0.8in)