NOAA Reports


Report for 2008 May
MONTHLY CLIMATOLOGICAL SUMMARY for MAY. 2008

NAME: Sunset Beach   CITY: Sunset Beach STATE: North Carolina
ELEV: 52 Feet LAT: 033:54:59 LONG: 0078:29:50

                            TEMPERATURE ( F), RAIN (in.), WIND SPEED (mph)

                                                 HEAT     COOL           AVG
      MEAN                                       DEG      DEG            WIND                        DOM
DAY   TEMP    HIGH   TIME      LOW     TIME      DAYS     DAYS   RAIN    SPEED    HIGH    TIME       DIR
----------------------------------------------------------------------------------------------------------------------------------------------------------
01    58.3    73.6   16:29    42.9   07:29     03.6     00.0   00.00   01.2     15.0    11:59     SSW
02    71.0    78.4   14:29    63.5   07:29     00.0     05.4   00.00   01.4     17.3    17:59      SW
03    69.8    80.0   15:29    59.5   02:29     00.0     05.7   00.00   01.7     15.0    17:59     SSW
04    72.0    79.8   15:59    64.2   08:29     00.0     07.1   00.18   01.0     12.7    04:59     ENE
05    68.3    75.2   11:29    61.3   00:00     00.0     03.1   00.10   00.9     11.5    13:59      SE
06    67.1    77.6   13:59    56.5   00:00     00.0     01.3   00.00   01.0     12.7    16:59     SSW
07    65.9    79.7   13:29    52.1   07:29     00.0     02.7   00.00   01.2     12.7    16:29     SSW
08    75.2    80.7   15:29    69.6   05:29     00.0     09.1   00.00   02.4     17.3    16:59      SW
09    74.0    84.3   17:29    63.7   00:59     00.0     11.2   00.02   03.2     20.7    12:59      S 
10    76.2    88.7   14:59    63.7   22:29     00.0     12.0   00.00   01.2     13.8    12:59      SW
11    70.7    80.1   16:59    61.2   04:29     00.0     04.4   00.70   02.5     20.7    17:29     NNW
12    66.3    74.5   16:29    58.0   07:29     00.0     01.8   00.00   02.4     21.9    00:59      NE
13    60.2    73.4   17:29    46.9   07:29     02.6     00.0   00.00   01.7     13.8    13:59     SSW
14    60.0    76.0   12:59    44.0   06:59     02.6     00.0   00.00   01.2     12.7    16:59      SW
15    73.0    78.7   15:59    67.3   00:59     00.0     06.8   00.20   02.0     16.1    17:29      SW
16    77.2    83.9   13:29    70.4   00:29     00.0     10.5   00.01   02.9     19.6    05:29      SW
17    64.9    74.9   13:59    54.8   07:29     00.0     02.2   00.00   01.5     15.0    20:59      SW
18    69.5    78.6   15:29    60.4   06:59     00.0     05.8   00.00   02.5     19.6    18:29      SW
19    72.5    82.2   14:59    62.7   07:29     00.0     07.8   00.00   01.5     16.1    12:59      SW
20    73.6    82.6   13:29    64.5   00:00     00.0     09.9   00.55   02.9     21.9    16:29     WNW
21    70.4    81.8   17:29    58.9   00:00     00.0     04.7   00.24   01.0     17.3    14:29     WSW
22    66.7    80.6   15:29    52.8   07:29     00.0     02.8   00.00   00.8     15.0    17:59     SSE
23    70.8    82.5   13:59    59.0   06:29     00.0     07.2   00.00   00.9     11.5    17:59     NNE
24    63.6    72.0   01:29    55.2   00:00     00.0     02.6   00.13   00.8     11.5    13:59     ESE
25    64.6    77.8   12:59    51.4   06:59     00.3     00.0   00.00   01.4     15.0    15:59      S 
26    65.0    78.0   12:59    52.0   06:59     00.0     02.9   00.00   01.4     13.8    17:29      SW
27    72.1    79.9   15:59    64.3   07:29     00.0     08.7   00.00   01.6     13.8    13:59      E 
28    71.4    84.3   12:29    58.5   00:00     00.0     06.9   00.30   01.7     13.8    09:59     ESE
29    65.2    74.2   16:59    56.2   07:29     00.3     00.0   00.06   00.8     09.2    02:59      SE
30    69.2    79.7   16:29    58.6   04:59     00.0     05.5   00.00   01.4     13.8    18:29      SW
31    73.5    81.8   13:59    65.1   00:59     00.0     11.1   00.00   02.5     19.6    23:54      N 
----------------------------------------------------------------------------------------------------------------------------------------------------------
69.8 (68.9)   88.7  day 10     42.9  day 01   009.4    159.1   02.70   01.6     21.9   day 20     SSW
Max >=  86: 1
Min <=  86: 31
Max Rain: 0.70 ON 11-05-09
Days of Rain: 11 (> .008in) 8 (> .08in) 0 (> 0.8in)