NOAA Reports


Report for 2008 Nov
MONTHLY CLIMATOLOGICAL SUMMARY for NOV. 2008

NAME: Sunset Beach   CITY: Sunset Beach (Mainland) STATE: North Carolina
ELEV: 52 LAT: 033:54:59 LONG: 0078:29:50

                            TEMPERATURE ( F), RAIN (in.), WIND SPEED (mph)

                                                 HEAT     COOL           AVG
      MEAN                                       DEG      DEG            WIND                        DOM
DAY   TEMP    HIGH   TIME      LOW     TIME      DAYS     DAYS   RAIN    SPEED    HIGH    TIME       DIR
----------------------------------------------------------------------------------------------------------------------------------------------------------
01    52.4    73.3   16:30    35.5   08:30     12.6     00.0   00.00   00.4     10.3    14:30      E 
02    57.7    75.0   14:30    40.0   07:30     07.2     00.0   00.00   01.0     11.5    16:00      E 
03    60.3    62.8   17:30    56.7   04:30     04.6     00.0   00.86   02.1     13.8    15:30     ENE
04    62.6    66.8   15:00    60.6   07:30     02.4     00.0   00.02   01.7     13.8    15:00      NE
05    61.5    67.4   16:00    55.4   00:00     03.5     00.0   00.00   01.2     11.5    06:00      N 
06    61.8    75.9   15:00    51.9   08:00     03.1     00.0   00.02   01.0     18.4    14:00     WSW
07    64.9    76.9   13:00    49.6   00:33     00.1     00.0   00.00   01.2     10.3    12:30      SW
08    63.0    70.4   12:30    56.0   00:00     01.9     00.0   00.00   01.6     11.5    16:30     SSW
09    56.4    68.0   15:00    42.0   00:00     08.5     00.0   00.00   01.2     13.8    12:30      SW
10    48.8    64.7   14:30    38.6   00:00     16.1     00.0   00.00   00.7     10.3    10:30      E 
11    47.2    65.0   14:30    33.9   07:00     17.8     00.0   00.00   00.7     11.5    12:00      E 
12    54.6    66.5   15:30    42.9   00:30     10.3     00.0   00.00   01.6     11.5    16:00     ENE
13    69.3    76.3   14:30    60.7   00:30     00.0     04.4   01.23   01.2     16.1    08:00      S 
14    68.8    72.9   13:30    65.5   02:00     00.0     03.9   00.07   01.0     11.5    15:00     SSW
15    67.2    72.8   13:30    54.8   00:00     00.0     02.2   00.34   03.0     20.7    13:00     SSW
16    49.5    75.5   00:32    39.4   00:00     15.4     00.0   00.00   01.2     12.7    14:30      W 
17    44.9    57.6   15:00    35.4   07:00     20.1     00.0   00.00   00.7     09.2    23:30      S 
18    38.8    47.2   12:30    31.1   21:30     26.1     00.0   00.00   01.1     14.9    16:00     NNW
19    34.6    47.1   15:30    25.6   08:00     30.3     00.0   00.00   00.6     12.7    10:00      NW
20    44.1    60.3   15:30    28.5   00:30     20.8     00.0   00.00   00.7     06.9    15:30      SW
21    40.2    49.3   15:30    32.2   00:00     24.8     00.0   00.00   01.5     19.6    13:30     NNW
22    33.4    47.5   16:00    20.7   08:00     31.6     00.0   00.00   00.6     10.3    12:30     NNW
23    38.9    54.0   12:30    29.1   00:00     26.0     00.0   00.00   00.6     06.9    15:30      S 
24    42.4    59.9   15:00    27.2   07:00     22.6     00.0   00.00   00.4     09.2    13:00     SSE
25    49.7    58.3   14:00    31.2   00:00     15.3     00.0   00.00   01.8     16.1    14:30     WNW
26    38.2    55.5   14:00    26.3   08:00     26.7     00.0   00.00   00.5     06.9    13:30     WSW
27    44.8    62.6   14:00    27.5   06:30     20.1     00.0   00.01   00.7     12.7    01:08     SSW
28    54.4    66.7   14:00    42.1   02:30     10.6     00.0   00.00   00.7     10.3    11:00      SW
29    53.1    55.8   09:30    51.3   19:30     11.8     00.0   01.16   00.6     09.2    12:00     ENE
30    59.7    65.7   12:00    52.8   00:30     05.2     00.0   00.64   01.9     21.9    22:00     SSW
----------------------------------------------------------------------------------------------------------------------------------------------------------
52.1 (52.7)   76.9  day 07     20.7  day 22   395.4    010.5   00.17   01.1     21.9   day 16     SSW
Min <=  86: 30
Min <=  23: 1
Max Rain: 1.23 ON 13-11-10
Days of Rain: 9 (> .008in) 5 (> .08in) 3 (> 0.8in)