NOAA Reports


Report for 2008 Dec
MONTHLY CLIMATOLOGICAL SUMMARY for DEC. 2008

NAME: Sunset Beach   CITY: Sunset Beach STATE: North Carolina
ELEV: 52 Feet LAT: 033:54:59 LONG: 0078:29:50

                            TEMPERATURE ( F), RAIN (in.), WIND SPEED (mph)

                                                 HEAT     COOL           AVG
      MEAN                                       DEG      DEG            WIND                        DOM
DAY   TEMP    HIGH   TIME      LOW     TIME      DAYS     DAYS   RAIN    SPEED    HIGH    TIME       DIR
----------------------------------------------------------------------------------------------------------------------------------------------------------
01    45.6    55.6   14:59    35.6   00:00     15.2     00.0   00.00   02.3     24.2    12:59      SW
02    41.4    52.5   15:29    30.2   00:00     23.8     00.0   00.02   00.6     16.1    13:29     WSW
03    40.4    53.0   15:29    27.7   07:59     26.4     00.0   00.01   00.6     11.5    12:29      S 
04    47.0    64.5   15:29    29.5   04:29     19.3     00.0   00.01   00.6     10.4    14:29      S 
05    47.5    57.2   11:59    37.8   00:00     16.2     00.0   00.00   00.7     10.4    10:29     NNE
06    44.9    57.9   13:59    31.9   07:59     19.0     00.0   00.00   00.8     11.5    21:29      E 
07    40.5    52.4   15:29    28.5   00:00     23.8     00.0   00.00   00.9     12.7    15:59     NNW
08    40.1    54.1   13:59    26.0   07:29     24.2     00.0   00.00   00.9     09.2    21:44      E 
09    37.2    42.0   00:14    32.4   21:59     30.4     00.0   01.02   00.0     03.5    23:59      E 
10    50.8    66.1   13:59    35.4   00:29     12.7     00.0   00.20   01.9     16.1    23:59      E 
11    65.1    72.4   13:59    57.8   23:59     01.4     00.0   00.00   01.2     16.1    11:59      SE
12    60.6    67.7   15:29    53.5   03:59     03.5     00.0   00.09   00.7     10.4    11:29     SSE
13    60.1    65.0   13:59    55.1   01:59     05.8     00.0   00.04   00.5     09.2    13:59     SSE
14    61.1    69.6   14:29    52.6   07:59     04.1     00.0   00.01   00.3     04.6    20:29     SSW
15    64.5    71.2   13:29    57.8   08:29     02.8     00.0   00.00   01.1     11.5    16:29     SSW
16    65.9    70.9   11:29    60.8   00:29     00.2     00.0   00.00   01.5     11.5    02:29     SSW
17    56.2    67.5   13:59    44.9   00:00     05.0     00.0   00.01   02.3     25.3    13:29     SSW
18    34.3    44.9   00:29    23.7   00:00     30.3     00.0   00.00   01.3     16.1    04:29     NNW
19    38.6    53.6   15:29    23.5   00:59     23.5     00.0   00.00   01.4     11.5    13:59     ENE
20    56.2    69.4   15:29    42.9   01:59     04.1     00.0   00.00   02.1     17.3    11:59      S 
21    63.9    70.4   14:29    57.3   00:00     02.3     00.0   00.03   01.1     17.3    01:29      S 
22    56.9    64.4   15:59    49.3   00:00     09.6     00.0   00.01   00.7     09.2    08:29      NE
23    57.8    67.9   12:59    47.6   02:59     07.7     00.0   00.00   00.6     09.2    23:59      E 
24    64.9    70.4   13:29    59.3   08:59     00.3     00.0   00.07   01.2     15.0    23:59     SSW
25    51.7    63.0   00:29    40.3   00:00     09.2     00.0   00.26   00.4     09.2    09:59     WNW
26    52.1    64.8   13:59    39.3   00:59     15.3     00.0   00.00   00.4     10.4    23:59     SSW
27    50.3    64.0   14:29    36.5   00:00     11.9     00.0   00.00   02.4     18.4    16:00     WSW
----------------------------------------------------------------------------------------------------------------------------------------------------------
52.0 (51.7)   72.4  day 11     23.5  day 19   348.3    000.0   02.29   01.0     25.3   day 01      S 
Min <=  86: 27
Max Rain: 1.02 ON 9-12-09
Days of Rain: 13 (> .008in) 4 (> .08in) 1 (> 0.8in)