NOAA Reports


Report for 2009 Jan
MONTHLY CLIMATOLOGICAL SUMMARY for JAN. 2009

NAME: Sunset Beach   CITY: Sunset Beach STATE: North Carolina
ELEV: 52 Feet LAT: 033:54:59 LONG: 0078:29:50

                            TEMPERATURE ( F), RAIN (in.), WIND SPEED (mph)

                                                 HEAT     COOL           AVG
      MEAN                                       DEG      DEG            WIND                        DOM
DAY   TEMP    HIGH   TIME      LOW     TIME      DAYS     DAYS   RAIN    SPEED    HIGH    TIME       DIR
----------------------------------------------------------------------------------------------------------------------------------------------------------
01    36.7    45.9   15:59    27.4   00:00     30.4     00.0   00.00   00.7     15.0    09:59     SSE
02    45.3    63.2   13:59    27.4   00:29     17.7     00.0   00.00   01.3     17.3    13:59      SW
03    51.5    57.3   14:29    45.7   08:29     13.2     00.0   00.00   00.2     05.8    11:29     SSW
04    55.3    60.7   15:59    49.9   00:29     08.3     00.0   00.21   00.4     06.9    15:29     SSW
05    61.2    64.2   15:29    58.1   08:59     04.8     00.0   00.00   00.8     11.5    23:29      SW
06    62.7    66.2   11:29    59.2   22:59     03.8     00.0   00.00   02.8     18.4    14:59     NNW
07    57.0    64.4   09:29    49.6   00:00     04.8     00.0   00.08   03.5     26.5    18:59     SSW
08    52.5    61.5   15:59    43.5   00:00     12.7     00.0   00.00   02.0     21.9    15:29     SSW
09    40.5    53.0   15:29    27.9   08:29     25.8     00.0   00.00   00.6     10.4    14:59     NNE
10    48.7    66.8   14:29    30.5   03:29     14.9     00.0   00.00   01.8     15.0    11:59     ENE
11    57.4    63.5   16:29    51.3   00:00     05.8     00.0   00.07   01.3     16.1    08:29     SSE
12    44.3    51.9   14:59    36.8   23:29     21.3     00.0   00.00   01.2     12.7    11:59     SSW
13    38.7    43.7   14:59    33.7   00:00     24.3     00.0   00.58   00.9     09.2    01:59     NNW
14    39.7    49.1   14:59    30.3   07:29     27.4     00.0   00.00   00.6     10.4    15:59      N 
15    43.0    53.2   12:59    32.8   00:00     21.2     00.0   00.00   01.2     13.8    00:00      S 
16    26.7    32.8   00:29    20.5   00:00     37.5     00.0   00.00   02.7     19.6    09:29     WSW
17    26.0    37.0   15:29    15.1   08:29     37.2     00.0   00.00   01.0     11.5    15:59     WSW
18    39.1    49.5   16:59    28.7   00:29     21.1     00.0   00.58   00.7     18.4    16:29      N 
19    43.1    54.5   13:59    31.7   08:29     21.4     00.0   00.00   00.4     26.5    11:29     WNW
20    34.7    42.9   02:59    26.4   00:00     30.4     00.0   00.26   00.9     20.7    09:59      SW
21    28.3    36.0   16:29    20.5   08:29     37.4     00.0   00.01   00.2     15.0    15:29      SW
22    35.0    48.7   13:29    21.2   00:29     23.9     00.0   00.01   01.1     12.7    15:59     NNE
23    46.6    56.9   11:59    36.2   01:59     17.3     00.0   00.00   00.9     17.3    21:29      N 
24    52.4    56.6   13:59    48.2   00:00     11.5     00.0   00.16   00.4     12.7    01:59      N 
25    43.5    48.2   00:29    38.8   08:59     22.3     00.0   00.00   01.7     12.7    10:29     SSE
26    40.9    45.6   16:59    36.2   02:59     23.7     00.0   00.03   00.6     11.5    12:59     WSW
27    48.0    54.0   14:29    41.9   00:29     18.7     00.0   00.01   00.7     11.5    15:59     SSW
28    56.3    63.8   11:59    48.7   00:29     05.4     00.0   00.06   01.8     26.5    15:29      W 
29    47.4    56.5   00:29    38.2   00:00     15.5     00.0   00.48   00.0     06.9    09:59      W 
30    43.8    54.4   14:59    33.1   04:29     22.8     00.0   00.00   00.3     12.7    15:29     NNW
31    38.0    49.5   16:29    26.5   08:29     28.1     00.0   00.00   00.7     15.0    12:59     SSW
----------------------------------------------------------------------------------------------------------------------------------------------------------
45.2 (44.6)   66.8  day 10     15.1  day 17   610.6    000.0   02.54   01.1     26.5   day 07      SW
Min <=  86: 31
Min <=  23: 4
Max Rain: 0.58 ON 13-01-09
Days of Rain: 13 (> .008in) 6 (> .08in) 0 (> 0.8in)